000
CDUS43 KICT 220637
CLISLN


CLIMATE REPORT
NATIONAL WEATHER SERVICE WICHITA KS
136 AM CDT SUN OCT 22 2017


...................................

...THE SALINA KS CLIMATE SUMMARY FOR OCTOBER 21 2017...

CLIMATE NORMAL PERIOD 1981 TO 2010
CLIMATE RECORD PERIOD 1894 TO 2017


WEATHER ITEM   OBSERVED TIME   RECORD YEAR NORMAL DEPARTURE LAST
                VALUE   (LST)  VALUE       VALUE  FROM      YEAR
                                                  NORMAL
..................................................................
TEMPERATURE (F)
 YESTERDAY
  MAXIMUM         75   1128 AM  90    1940  67      8       70
  MINIMUM         52   1159 PM  24    1923  44      8       38
  AVERAGE         64                        56      8       54

PRECIPITATION (IN)
  YESTERDAY        0.00          1.51 1900   0.08  -0.08     0.00
  MONTH TO DATE    5.74                      1.70   4.04     1.56
  SINCE SEP 1      7.57                      4.40   3.17     2.76
  SINCE JAN 1     25.28                     28.74  -3.46    25.20

DEGREE DAYS
 HEATING
  YESTERDAY        1                        10     -9       11
  MONTH TO DATE   67                       151    -84       91
  SINCE SEP 1     75                       202   -127      107
  SINCE JUL 1     75                       203   -128      107

 COOLING
  YESTERDAY        0                         1     -1        0
  MONTH TO DATE   64                        32     32       50
  SINCE SEP 1    382                       237    145      316
  SINCE JAN 1   1963                      1644    319     1986
..................................................................


WIND (MPH)
  HIGHEST WIND SPEED    35   HIGHEST WIND DIRECTION     S (190)
  HIGHEST GUST SPEED    45   HIGHEST GUST DIRECTION     S (190)
  AVERAGE WIND SPEED    19.6


SKY COVER
  POSSIBLE SUNSHINE  MM
  AVERAGE SKY COVER 0.5


WEATHER CONDITIONS
 THE FOLLOWING WEATHER WAS RECORDED YESTERDAY.
  NO SIGNIFICANT WEATHER WAS OBSERVED.


RELATIVE HUMIDITY (PERCENT)
 HIGHEST    84           400 AM
 LOWEST     38           100 PM
 AVERAGE    61

..........................................................


THE SALINA KS CLIMATE NORMALS FOR TODAY
                         NORMAL    RECORD    YEAR
 MAXIMUM TEMPERATURE (F)   67        89      1927
 MINIMUM TEMPERATURE (F)   44        23      1898


SUNRISE AND SUNSET
OCTOBER 22 2017.......SUNRISE   747 AM CDT   SUNSET   642 PM CDT
OCTOBER 23 2017.......SUNRISE   748 AM CDT   SUNSET   641 PM CDT


-  INDICATES NEGATIVE NUMBERS.
R  INDICATES RECORD WAS SET OR TIED.
MM INDICATES DATA IS MISSING.
T  INDICATES TRACE AMOUNT.




$$
