000
CDUS43 KICT 230631
CLISLN


CLIMATE REPORT
NATIONAL WEATHER SERVICE WICHITA KS
130 AM CDT WED AUG 23 2017


...................................

...THE SALINA KS CLIMATE SUMMARY FOR AUGUST 22 2017...

CLIMATE NORMAL PERIOD 1981 TO 2010
CLIMATE RECORD PERIOD 1894 TO 2017


WEATHER ITEM   OBSERVED TIME   RECORD YEAR NORMAL DEPARTURE LAST
                VALUE   (LST)  VALUE       VALUE  FROM      YEAR
                                                  NORMAL
..................................................................
TEMPERATURE (F)
 YESTERDAY
  MAXIMUM         89    320 PM 105    2000  91     -2       88
  MINIMUM         68   1159 PM  50    1922  68      0       61
  AVERAGE         79                        79      0       75

PRECIPITATION (IN)
  YESTERDAY        0.00          2.77 1985   0.12  -0.12     0.00
  MONTH TO DATE    0.73                      2.86  -2.13     1.63
  SINCE JUN 1      4.11                     11.26  -7.15     4.41
  SINCE JAN 1     17.35                     23.25  -5.90    16.23

DEGREE DAYS
 HEATING
  YESTERDAY        0                         0      0        0
  MONTH TO DATE    0                         0      0        0
  SINCE JUN 1      0                         7     -7        0
  SINCE JUL 1      0                         0      0        0

 COOLING
  YESTERDAY       14                        14      0       10
  MONTH TO DATE  278                       338    -60      350
  SINCE JUN 1   1333                      1164    169     1430
  SINCE JAN 1   1493                      1292    201     1555
..................................................................


WIND (MPH)
  HIGHEST WIND SPEED    23   HIGHEST WIND DIRECTION    NE (30)
  HIGHEST GUST SPEED    29   HIGHEST GUST DIRECTION     N (20)
  AVERAGE WIND SPEED    11.8


SKY COVER
  POSSIBLE SUNSHINE  MM
  AVERAGE SKY COVER 0.3


WEATHER CONDITIONS
 THE FOLLOWING WEATHER WAS RECORDED YESTERDAY.
  NO SIGNIFICANT WEATHER WAS OBSERVED.


RELATIVE HUMIDITY (PERCENT)
 HIGHEST    87           500 AM
 LOWEST     24           400 PM
 AVERAGE    56

..........................................................


THE SALINA KS CLIMATE NORMALS FOR TODAY
                         NORMAL    RECORD    YEAR
 MAXIMUM TEMPERATURE (F)   90       108      1936
 MINIMUM TEMPERATURE (F)   67        44      1923


SUNRISE AND SUNSET
AUGUST 23 2017........SUNRISE   652 AM CDT   SUNSET   814 PM CDT
AUGUST 24 2017........SUNRISE   653 AM CDT   SUNSET   812 PM CDT


-  INDICATES NEGATIVE NUMBERS.
R  INDICATES RECORD WAS SET OR TIED.
MM INDICATES DATA IS MISSING.
T  INDICATES TRACE AMOUNT.




$$
