000
CDUS43 KICT 250630
CLISLN


CLIMATE REPORT
NATIONAL WEATHER SERVICE WICHITA KS
129 AM CDT WED MAY 25 2016


...................................

...THE SALINA KS CLIMATE SUMMARY FOR MAY 24 2016...

CLIMATE NORMAL PERIOD 1981 TO 2010
CLIMATE RECORD PERIOD 1894 TO 2016


WEATHER ITEM   OBSERVED TIME   RECORD YEAR NORMAL DEPARTURE LAST
                VALUE   (LST)  VALUE       VALUE  FROM      YEAR
                                                  NORMAL
..................................................................
TEMPERATURE (F)
 YESTERDAY
  MAXIMUM         83    535 PM  99    1967  79      4       71
  MINIMUM         62    729 AM  35    1924  57      5       57
  AVERAGE         73                        68      5       64

PRECIPITATION (IN)
  YESTERDAY        1.03          3.36 2007   0.17   0.86     0.00
  MONTH TO DATE    2.37                      3.55  -1.18     6.61
  SINCE MAR 1      7.44                      8.99  -1.55     8.49
  SINCE JAN 1      8.68                     10.79  -2.11     9.93

DEGREE DAYS
 HEATING
  YESTERDAY        0                         2     -2        1
  MONTH TO DATE  100                        88     12       92
  SINCE MAR 1    732                      1015   -283      824
  SINCE JUL 1   3718                      4856  -1138     4653

 COOLING
  YESTERDAY        8                         5      3        0
  MONTH TO DATE   45                        65    -20       55
  SINCE MAR 1     79                        90    -11       67
  SINCE JAN 1     79                        90    -11       67
..................................................................


WIND (MPH)
  HIGHEST WIND SPEED    47   HIGHEST WIND DIRECTION     W (270)
  HIGHEST GUST SPEED    62   HIGHEST GUST DIRECTION     W (260)
  AVERAGE WIND SPEED    15.0


SKY COVER
  POSSIBLE SUNSHINE  MM
  AVERAGE SKY COVER 0.6


WEATHER CONDITIONS
 THE FOLLOWING WEATHER WAS RECORDED YESTERDAY.
  THUNDERSTORM
  HEAVY RAIN
  RAIN
  LIGHT RAIN
  FOG


RELATIVE HUMIDITY (PERCENT)
 HIGHEST    90           100 AM
 LOWEST     47           100 PM
 AVERAGE    69

..........................................................


THE SALINA KS CLIMATE NORMALS FOR TODAY
                         NORMAL    RECORD    YEAR
 MAXIMUM TEMPERATURE (F)   79        98      1953
 MINIMUM TEMPERATURE (F)   57        34      1925


SUNRISE AND SUNSET
MAY 25 2016...........SUNRISE   611 AM CDT   SUNSET   845 PM CDT
MAY 26 2016...........SUNRISE   610 AM CDT   SUNSET   846 PM CDT


-  INDICATES NEGATIVE NUMBERS.
R  INDICATES RECORD WAS SET OR TIED.
MM INDICATES DATA IS MISSING.
T  INDICATES TRACE AMOUNT.




$$
