000
CDUS46 KLOX 060942
CLISMX


CLIMATE REPORT
NATIONAL WEATHER SERVICE LOS ANGELES/OXNARD CA
142 AM PST TUE DEC 6 2016


...................................

...THE SANTA MARIA AIRPORT CA CLIMATE SUMMARY FOR DECEMBER 5 2016...

CLIMATE NORMAL PERIOD 1981 TO 2010
CLIMATE RECORD PERIOD 1906 TO 2016


WEATHER ITEM   OBSERVED TIME   RECORD YEAR NORMAL DEPARTURE LAST
                VALUE   (LST)  VALUE       VALUE  FROM      YEAR
                                                  NORMAL
..................................................................
TEMPERATURE (F)
 YESTERDAY
  MAXIMUM         65   1235 PM  86    1938  64      1       72
  MINIMUM         43    510 AM  29    1921  40      3       36
  AVERAGE         54                        52      2       54

PRECIPITATION (IN)
  YESTERDAY        0.00          1.15 1997   0.06  -0.06     0.00
  MONTH TO DATE    0.00                      0.26  -0.26     0.03
  SINCE OCT 1      2.58                      2.19   0.39     0.79
  SINCE JAN 1      9.70                     12.09  -2.39     3.10

SNOWFALL (IN)
  YESTERDAY        0.0
  MONTH TO DATE    0.0
  SINCE DEC 1      0.0
  SINCE JUL 1      0.0

DEGREE DAYS
 HEATING
  YESTERDAY       11                        13     -2
  MONTH TO DATE   65                        64      1
  SINCE DEC 1     65                        64      1
  SINCE JUL 1    616                       710    -94

 COOLING
  YESTERDAY        0                         0      0
  MONTH TO DATE    0                         0      0
  SINCE DEC 1      0                         0      0
  SINCE JAN 1    142                       104     38
..................................................................


WIND (MPH)
  HIGHEST WIND SPEED    23   HIGHEST WIND DIRECTION     W (290)
  HIGHEST GUST SPEED    28   HIGHEST GUST DIRECTION     W (290)
  AVERAGE WIND SPEED     9.2


SKY COVER
  POSSIBLE SUNSHINE  MM
  AVERAGE SKY COVER 0.2


WEATHER CONDITIONS
 THE FOLLOWING WEATHER WAS RECORDED YESTERDAY.
  FOG


RELATIVE HUMIDITY (PERCENT)
 HIGHEST   100           200 AM
 LOWEST     52          1200 PM
 AVERAGE    76

..........................................................


THE SANTA MARIA AIRPORT CA CLIMATE NORMALS FOR TODAY
                         NORMAL    RECORD    YEAR
 MAXIMUM TEMPERATURE (F)   64        89      1925
 MINIMUM TEMPERATURE (F)   40        25      2013


SUNRISE AND SUNSET
DECEMBER  6 2016......SUNRISE   656 AM PST   SUNSET   450 PM PST
DECEMBER  7 2016......SUNRISE   657 AM PST   SUNSET   450 PM PST


-  INDICATES NEGATIVE NUMBERS.
R  INDICATES RECORD WAS SET OR TIED.
MM INDICATES DATA IS MISSING.
T  INDICATES TRACE AMOUNT.




$$
