000
CDUS46 KLOX 210924
CLISMX


CLIMATE REPORT
NATIONAL WEATHER SERVICE LOS ANGELES/OXNARD CA
224 AM PDT SAT OCT 21 2017


...................................

...THE SANTA MARIA AIRPORT CA CLIMATE SUMMARY FOR OCTOBER 20 2017...

CLIMATE NORMAL PERIOD 1981 TO 2010
CLIMATE RECORD PERIOD 1906 TO 2017


WEATHER ITEM   OBSERVED TIME   RECORD YEAR NORMAL DEPARTURE LAST
                VALUE   (LST)  VALUE       VALUE  FROM      YEAR
                                                  NORMAL
..................................................................
TEMPERATURE (F)
 YESTERDAY
  MAXIMUM         69    128 PM  96    1964  73     -4       92
                                      1942
  MINIMUM         50   1148 PM  32    1949  48      2       50
  AVERAGE         60                        60      0       71

PRECIPITATION (IN)
  YESTERDAY        0.03          0.50 1957   0.02   0.01     0.00
  MONTH TO DATE    0.03                      0.28  -0.25     0.21
  SINCE OCT 1      0.03                      0.28  -0.25     0.21
  SINCE JAN 1     14.14                     10.18   3.96     7.33

SNOWFALL (IN)
  YESTERDAY        0.0
  MONTH TO DATE    0.0
  SINCE SEP 1      0.0
  SINCE JUL 1      0.0

DEGREE DAYS
 HEATING
  YESTERDAY        5                         5      0
  MONTH TO DATE   44                        85    -41
  SINCE SEP 1     70                       166    -96
  SINCE JUL 1    111                       302   -191

 COOLING
  YESTERDAY        0                         1     -1
  MONTH TO DATE   30                        20     10
  SINCE SEP 1    156                        47    109
  SINCE JAN 1    256                       102    154
..................................................................


WIND (MPH)
  HIGHEST WIND SPEED    33   HIGHEST WIND DIRECTION    NW (300)
  HIGHEST GUST SPEED    42   HIGHEST GUST DIRECTION    NW (300)
  AVERAGE WIND SPEED    12.5


SKY COVER
  POSSIBLE SUNSHINE  MM
  AVERAGE SKY COVER 0.5


WEATHER CONDITIONS
 THE FOLLOWING WEATHER WAS RECORDED YESTERDAY.
  LIGHT RAIN
  FOG
  HAZE


RELATIVE HUMIDITY (PERCENT)
 HIGHEST   100           600 AM
 LOWEST     49           100 PM
 AVERAGE    75

..........................................................


THE SANTA MARIA AIRPORT CA CLIMATE NORMALS FOR TODAY
                         NORMAL    RECORD    YEAR
 MAXIMUM TEMPERATURE (F)   73        98      1929
 MINIMUM TEMPERATURE (F)   48        34      1949


SUNRISE AND SUNSET
OCTOBER 21 2017.......SUNRISE   713 AM PDT   SUNSET   619 PM PDT
OCTOBER 22 2017.......SUNRISE   714 AM PDT   SUNSET   618 PM PDT


-  INDICATES NEGATIVE NUMBERS.
R  INDICATES RECORD WAS SET OR TIED.
MM INDICATES DATA IS MISSING.
T  INDICATES TRACE AMOUNT.




$$
