000
CDUS46 KSGX 171233
CLISNA


CLIMATE REPORT
NATIONAL WEATHER SERVICE SAN DIEGO, CA
433 AM PST SAT FEB 17 2018


...................................

...THE JOHN WAYNE AIRPORT CA CLIMATE SUMMARY FOR FEBRUARY 16 2018...

CLIMATE NORMAL PERIOD 1981 TO 2010
CLIMATE RECORD PERIOD 1999 TO 2018


WEATHER ITEM   OBSERVED TIME   RECORD YEAR NORMAL DEPARTURE LAST
                VALUE   (LST)  VALUE       VALUE  FROM      YEAR
                                                  NORMAL
..................................................................
TEMPERATURE (F)
 YESTERDAY
  MAXIMUM         77    224 PM  88    2016  66     11       64
  MINIMUM         55   1159 PM  42    2012  49      6       51
  AVERAGE         66                        57      9       58

PRECIPITATION (IN)
  YESTERDAY        0.00          0.38 2009   0.13  -0.13     0.00
  MONTH TO DATE    T                         1.46  -1.46     1.75
  SINCE OCT 1      1.11                      8.45  -7.34    13.68
  SINCE JAN 1      1.10                      4.37  -3.27     7.49

DEGREE DAYS
 HEATING
  YESTERDAY        0                         8     -8        7
  MONTH TO DATE   42                       128    -86       81
  SINCE DEC 1    300                       667   -367      559
  SINCE JUL 1    333                       820   -487      637

 COOLING
  YESTERDAY        1                         0      1        0
  MONTH TO DATE    3                         0      3        0
  SINCE DEC 1     44                         6     38        0
  SINCE JAN 1     26                         5     21        0
..................................................................


WIND (MPH)
  RESULTANT WIND SPEED   3   RESULTANT WIND DIRECTION  NE (40)
  HIGHEST WIND SPEED    15   HIGHEST WIND DIRECTION    NE (40)
  HIGHEST GUST SPEED    20   HIGHEST GUST DIRECTION    NE (60)
  AVERAGE WIND SPEED     6.1


SKY COVER
  POSSIBLE SUNSHINE  MM
  AVERAGE SKY COVER 0.2


WEATHER CONDITIONS
 THE FOLLOWING WEATHER WAS RECORDED YESTERDAY.
  NO SIGNIFICANT WEATHER WAS OBSERVED.


RELATIVE HUMIDITY (PERCENT)
 HIGHEST    39          1100 PM
 LOWEST      8          1100 AM
 AVERAGE    24

..........................................................


THE JOHN WAYNE AIRPORT CA CLIMATE NORMALS FOR TODAY
                         NORMAL    RECORD    YEAR
 MAXIMUM TEMPERATURE (F)   66        89      2007
 MINIMUM TEMPERATURE (F)   49        45      2011


SUNRISE AND SUNSET
FEBRUARY 17 2018......SUNRISE   634 AM PST   SUNSET   538 PM PST
FEBRUARY 18 2018......SUNRISE   632 AM PST   SUNSET   539 PM PST


-  INDICATES NEGATIVE NUMBERS.
R  INDICATES RECORD WAS SET OR TIED.
MM INDICATES DATA IS MISSING.
T  INDICATES TRACE AMOUNT.




$$
