000
CDUS46 KSGX 022320
CLISNA


CLIMATE REPORT
NATIONAL WEATHER SERVICE SAN DIEGO, CA
420 PM PDT THU JUL 2 2015


...................................

...THE JOHN WAYNE AIRPORT CA CLIMATE SUMMARY FOR JULY 2 2015...
VALID TODAY AS OF 0400 PM LOCAL TIME.

CLIMATE NORMAL PERIOD 1981 TO 2010
CLIMATE RECORD PERIOD 1999 TO 2015


WEATHER ITEM   OBSERVED TIME   RECORD YEAR NORMAL DEPARTURE LAST
                VALUE   (LST)  VALUE       VALUE  FROM      YEAR
                                                  NORMAL
..................................................................
TEMPERATURE (F)
 TODAY
  MAXIMUM         80    159 PM  85    2011  76      4       78
  MINIMUM         69    649 AM  61    2005  63      6       69
  AVERAGE         75                        70      5       74

PRECIPITATION (IN)
  TODAY            T   R         0.00 2006   0.00   0.00     0.00
                                      2005
  MONTH TO DATE    T                         0.00   0.00     0.00
  SINCE OCT 1      6.85                     13.04  -6.19     3.52
  SINCE JAN 1      3.05                      8.96  -5.91     2.59

SNOWFALL (IN)
  TODAY            0.0
  MONTH TO DATE    0.0
  SINCE JUN 1      0.0
  SINCE JUL 1      0.0
  SNOW DEPTH      MM

DEGREE DAYS
 HEATING
  TODAY            0                         0      0        0
  MONTH TO DATE    0                         0      0        0
  SINCE JUN 1      0                         7     -7        0
  SINCE JUL 1      0                         0      0        0

 COOLING
  TODAY           10                         5      5        9
  MONTH TO DATE   20                         9     11       18
  SINCE JUN 1    169                        85     84      208
  SINCE JAN 1    410                       152    258      545
..................................................................


WIND (MPH)
  RESULTANT WIND SPEED   4   RESULTANT WIND DIRECTION  SW (220)
  HIGHEST WIND SPEED    14   HIGHEST WIND DIRECTION     S (200)
  HIGHEST GUST SPEED    18   HIGHEST GUST DIRECTION    SW (210)
  AVERAGE WIND SPEED     5.3


SKY COVER
  POSSIBLE SUNSHINE  MM
  AVERAGE SKY COVER 0.4


WEATHER CONDITIONS
 THE FOLLOWING WEATHER WAS RECORDED TODAY.
  NO SIGNIFICANT WEATHER WAS OBSERVED.


RELATIVE HUMIDITY (PERCENT)
 HIGHEST    84          1200 AM
 LOWEST     54           200 PM
 AVERAGE    69

..........................................................


THE JOHN WAYNE AIRPORT CA CLIMATE NORMALS FOR TOMORROW
                         NORMAL    RECORD    YEAR
 MAXIMUM TEMPERATURE (F)   76        84      2003
 MINIMUM TEMPERATURE (F)   63        61      2005
                                             1999


SUNRISE AND SUNSET
JULY  2 2015..........SUNRISE   545 AM PDT   SUNSET   806 PM PDT
JULY  3 2015..........SUNRISE   546 AM PDT   SUNSET   806 PM PDT


-  INDICATES NEGATIVE NUMBERS.
R  INDICATES RECORD WAS SET OR TIED.
MM INDICATES DATA IS MISSING.
T  INDICATES TRACE AMOUNT.




$$
