980
CDUS46 KSGX 241136
CLISNA


CLIMATE REPORT
NATIONAL WEATHER SERVICE SAN DIEGO, CA
436 AM PDT MON APR 24 2017


...................................

...THE JOHN WAYNE AIRPORT CA CLIMATE SUMMARY FOR APRIL 23 2017...

CLIMATE NORMAL PERIOD 1981 TO 2010
CLIMATE RECORD PERIOD 1999 TO 2017


WEATHER ITEM   OBSERVED TIME   RECORD YEAR NORMAL DEPARTURE LAST
                VALUE   (LST)  VALUE       VALUE  FROM      YEAR
                                                  NORMAL
..................................................................
TEMPERATURE (F)
 YESTERDAY
  MAXIMUM         79   1122 AM  86    2004  70      9       73
  MINIMUM         61   1159 PM  48    2010  55      6       56
  AVERAGE         70                        62      8       65

PRECIPITATION (IN)
  YESTERDAY        0.00          0.21 2006   0.03  -0.03     0.00
  MONTH TO DATE    0.04                      0.68  -0.64     0.18
  SINCE OCT 1     15.80                     12.52   3.28     4.87
  SINCE JAN 1      9.61                      8.44   1.17     3.65

DEGREE DAYS
 HEATING
  YESTERDAY        0                         3     -3        0
  MONTH TO DATE   30                       100    -70       26
  SINCE MAR 1    114                       281   -167      146
  SINCE JUL 1    855                      1187   -332      918

 COOLING
  YESTERDAY        5                         1      4        0
  MONTH TO DATE   28                         5     23       44
  SINCE MAR 1     36                        12     24       47
  SINCE JAN 1     36                        20     16       85
..................................................................


WIND (MPH)
  RESULTANT WIND SPEED   5   RESULTANT WIND DIRECTION   S (190)
  HIGHEST WIND SPEED    22   HIGHEST WIND DIRECTION    SW (210)
  HIGHEST GUST SPEED    25   HIGHEST GUST DIRECTION    SW (210)
  AVERAGE WIND SPEED     6.7


SKY COVER
  POSSIBLE SUNSHINE  MM
  AVERAGE SKY COVER 0.3


WEATHER CONDITIONS
 THE FOLLOWING WEATHER WAS RECORDED YESTERDAY.
  NO SIGNIFICANT WEATHER WAS OBSERVED.


RELATIVE HUMIDITY (PERCENT)
 HIGHEST    84           300 AM
 LOWEST     45          1200 PM
 AVERAGE    65

..........................................................


THE JOHN WAYNE AIRPORT CA CLIMATE NORMALS FOR TODAY
                         NORMAL    RECORD    YEAR
 MAXIMUM TEMPERATURE (F)   70        91      2001
 MINIMUM TEMPERATURE (F)   55        51      2008
                                             2006


SUNRISE AND SUNSET
APRIL 24 2017.........SUNRISE   610 AM PDT   SUNSET   730 PM PDT
APRIL 25 2017.........SUNRISE   609 AM PDT   SUNSET   730 PM PDT


-  INDICATES NEGATIVE NUMBERS.
R  INDICATES RECORD WAS SET OR TIED.
MM INDICATES DATA IS MISSING.
T  INDICATES TRACE AMOUNT.




$$
