000
CDAK48 PASN 201144
CLISNP

CLIMATE REPORT
NATIONAL WEATHER SERVICE ST PAUL, AK
345 AM AKDT MON OCT 20 2014

...................................
...THE ST PAUL AIRPORT CLIMATE SUMMARY FOR OCTOBER 19 2014...

CLIMATE NORMAL PERIOD  1981 TO  2010
CLIMATE RECORD PERIOD  1892 TO  2014

WEATHER ITEM   OBSERVED TIME    RECORD YEAR NORMAL DEPARTURE LAST
               VALUE    (LST)   VALUE       VALUE  FROM      YEAR
                                                   NORMAL
...................................................................
TEMPERATURE
YESTERDAY
 MAXIMUM            41  0122 PM    48  1996     42      -1     43
 MINIMUM            27  0921 AM    22  1980     34      -7     34
 AVERAGE            34                          38      -4     39

PRECIPITATION
(INCHES)
 YESTERDAY           T           1.01  1985   0.10   -0.10   0.02
 MONTH TO DATE    0.45                        1.90   -1.45   2.07
 SINCE SEP 1      4.02                        4.89   -0.87   5.08
 SINCE JAN 1     17.25                       17.32   -0.07  19.11

SNOWFALL
(INCHES)
 YESTERDAY           T            1.0  1954    0.1    -0.1    0.0
 MONTH TO DATE       T                         0.7    -0.7      T
 SINCE SEP 1       0.0                         0.7    -0.7    0.0
 SINCE JUL 1         T                         0.7    -0.7      T
 SNOW DEPTH (IN)     T                                          0

DEGREE DAYS
 HEATING
  YESTERDAY         31                          27       4     26
  MONTH TO DATE    475                         478      -3    431
  SINCE SEP 1      934                        1069    -135   1023
  SINCE JUL 1     1751                        2121    -370   2066

 COOLING
  YESTERDAY          0                           0       0      0
  MONTH TO DATE      0                           0       0      0
  SINCE SEP 1        0                           0       0      0
  SINCE JAN 1        0                           0       0      0
...................................................................

WIND (MPH)
 HIGHEST WIND SPEED    25     HIGHEST WIND DIRECTION    340
 HIGHEST GUST SPEED    31     HIGHEST GUST DIRECTION    340
 AVERAGE WIND SPEED  11.8

SKY COVER
  POSSIBLE SUNSHINE    MM          AVERAGE SKY COVER     MM

WEATHER CONDITIONS
 THE FOLLOWING WEATHER WAS RECORDED YESTERDAY.
FOG
HAIL
RAIN
SNOW


RELATIVE HUMIDITY
 HIGHEST RH     MM PERCENT       MM
 LOWEST  RH     MM PERCENT       MM
 AVERAGE RH     MM PERCENT       MM
...................................................................

THE ST PAUL CLIMATE NORMALS FOR TODAY
                           NORMAL    RECORD   YEAR
 MAXIMUM TEMPERATURE (F)     42        47     1995
 MINIMUM TEMPERATURE (F)     34        21     1977

SUNRISE AND SUNSET
 OCT 20 2014..........SUNRISE 10:06 AM      SUNSET  8:05 PM
 OCT 21 2014..........SUNRISE 10:09 AM      SUNSET  8:02 PM

-  INDICATES NEGATIVE NUMBERS.
R  INDICATES RECORD HAS BEEN SET OR TIED.
MM INDICATES DATA IS MISSING.
T  INDICATES TRACE OF PRECIPITATION.

&&
-------------------------------------------------------------------

AMOUNT OF DAYLIGHT TODAY  (HOUR:MIN)........9 HOURS 59 MINUTES
GAIN/LOSS SINCE YESTERDAY (HOUR:MIN:SEC)....-0:04:43

$$
WIW OCT 14
