000
CDAK48 PAFC 230139
CLISNP


CLIMATE REPORT
NATIONAL WEATHER SERVICE ANCHORAGE, AK
438 PM AKST THU FEB 22 2018


...................................

...THE SAINT PAUL ISLAND CLIMATE SUMMARY FOR FEBRUARY 22 2018...
VALID TODAY AS OF 0400 PM LOCAL TIME.

CLIMATE NORMAL PERIOD 1981 TO 2010
CLIMATE RECORD PERIOD 1892 TO 2018


WEATHER ITEM   OBSERVED TIME   RECORD YEAR NORMAL DEPARTURE LAST
                VALUE   (LST)  VALUE       VALUE  FROM      YEAR
                                                  NORMAL
..................................................................
TEMPERATURE (F)
 TODAY
  MAXIMUM         37    259 PM  39    2017  29      8       39
                                      1979
  MINIMUM         31    920 AM -15    1971  20     11       30
  AVERAGE         34                        24     10       35

PRECIPITATION (IN)
  TODAY            T             0.30 1987   0.04  -0.04     0.26
  MONTH TO DATE    1.19                      1.06   0.13     0.94
  SINCE SEP 1     17.01                     13.88   3.13    18.98
  SINCE JAN 1      2.15                      2.64  -0.49     2.45

SNOWFALL (IN)
  TODAY           MM            MM      MM   0.4   MM        0.2
  MONTH TO DATE    1.3                       8.2   -6.9     10.0
  SINCE SEP 1      8.4                      43.2  -34.8     48.1
  SINCE JUL 1      8.4                      43.2  -34.8     48.1
  SNOW DEPTH       0

DEGREE DAYS
 HEATING
  TODAY           31                        40     -9       30
  MONTH TO DATE  655                       900   -245      931
  SINCE DEC 1   2734                      3258   -524     3106
  SINCE JUL 1   5812                      6679   -867     5675

 COOLING
  TODAY            0                         0      0        0
  MONTH TO DATE    0                         0      0        0
  SINCE DEC 1      0                         0      0        0
  SINCE JAN 1      0                         0      0        0
..................................................................


WIND (MPH)
  RESULTANT WIND SPEED   9   RESULTANT WIND DIRECTION   W (290)
  HIGHEST WIND SPEED    25   HIGHEST WIND DIRECTION    NW (310)
  HIGHEST GUST SPEED    32   HIGHEST GUST DIRECTION    NW (310)
  AVERAGE WIND SPEED    10.6



WEATHER CONDITIONS
 THE FOLLOWING WEATHER WAS RECORDED TODAY.
  LIGHT RAIN
  LIGHT SNOW


..........................................................


THE SAINT PAUL ISLAND CLIMATE NORMALS FOR TOMORROW
                         NORMAL    RECORD    YEAR
 MAXIMUM TEMPERATURE (F)   29        39      1989
 MINIMUM TEMPERATURE (F)   20       -10      1991


SUNRISE AND SUNSET
FEBRUARY 22 2018......SUNRISE   931 AM AKST  SUNSET   738 PM AKST
FEBRUARY 23 2018......SUNRISE   929 AM AKST  SUNSET   741 PM AKST


-  INDICATES NEGATIVE NUMBERS.
R  INDICATES RECORD WAS SET OR TIED.
MM INDICATES DATA IS MISSING.
T  INDICATES TRACE AMOUNT.




$$
