000
CDAK48 PASN 291255
CLISNP


CLIMATE REPORT
NATIONAL WEATHER SERVICE ANCHORAGE, AK
454 AM AKDT MON MAY 29 2017


...................................

...THE SAINT PAUL ISLAND CLIMATE SUMMARY FOR MAY 28 2017...

CLIMATE NORMAL PERIOD 1981 TO 2010
CLIMATE RECORD PERIOD 1892 TO 2017


WEATHER ITEM   OBSERVED TIME   RECORD YEAR NORMAL DEPARTURE LAST
                VALUE   (LST)  VALUE       VALUE  FROM      YEAR
                                                  NORMAL
..................................................................
TEMPERATURE (F)
 YESTERDAY
  MAXIMUM         45    300 PM  59    1997  43      2       51
  MINIMUM         36    616 AM  28    1987  34      2       39
                                      1971
  AVERAGE         41                        38      3       45

PRECIPITATION (IN)
  YESTERDAY        0.01          0.60 1893   0.04  -0.03     0.00
  MONTH TO DATE    1.50                      1.02   0.48     0.76
  SINCE MAR 1      2.67                      3.17  -0.50     2.92
  SINCE JAN 1      5.76                      6.05  -0.29     5.68

SNOWFALL (IN)
  YESTERDAY        0.0          MM      MM   0.0    0.0      0.0
  MONTH TO DATE    T                         1.1   -1.1      0.0
  SINCE MAR 1      0.6                      14.8  -14.2      0.0
  SINCE JUL 1     48.8                      59.8  -11.0     23.7
  SNOW DEPTH       0

DEGREE DAYS
 HEATING
  YESTERDAY       24                        27     -3       20
  MONTH TO DATE  737                       816    -79      658
  SINCE MAR 1   2924                      3134   -210     2274
  SINCE JUL 1   8799                     10051  -1252     7459

 COOLING
  YESTERDAY        0                         0      0        0
  MONTH TO DATE    0                         0      0        0
  SINCE MAR 1      0                         0      0        0
  SINCE JAN 1      0                         0      0        0
..................................................................


WIND (MPH)
  RESULTANT WIND SPEED   8   RESULTANT WIND DIRECTION   E (100)
  HIGHEST WIND SPEED    16   HIGHEST WIND DIRECTION     E (100)
  HIGHEST GUST SPEED    20   HIGHEST GUST DIRECTION     E (90)
  AVERAGE WIND SPEED     8.1



WEATHER CONDITIONS
 THE FOLLOWING WEATHER WAS RECORDED YESTERDAY.
  LIGHT RAIN


..........................................................


THE SAINT PAUL ISLAND CLIMATE NORMALS FOR TODAY
                         NORMAL    RECORD    YEAR
 MAXIMUM TEMPERATURE (F)   43        55      1979
 MINIMUM TEMPERATURE (F)   34        28      1971
                                             1970
                                             1969


SUNRISE AND SUNSET
MAY 29 2017...........SUNRISE   638 AM AKDT  SUNSET  ----    AKDT
MAY 30 2017...........SUNRISE   636 AM AKDT  SUNSET  1200 AM AKDT


-  INDICATES NEGATIVE NUMBERS.
R  INDICATES RECORD WAS SET OR TIED.
MM INDICATES DATA IS MISSING.
T  INDICATES TRACE AMOUNT.




$$
