000
CDAK48 PASN 301121
CLISNP

CLIMATE REPORT
NATIONAL WEATHER SERVICE ST PAUL, AK
321 AM AKDT TUE JUN 30 2015

...................................
...THE ST PAUL AIRPORT CLIMATE SUMMARY FOR JUNE 29 2015...

CLIMATE NORMAL PERIOD  1981 TO  2010
CLIMATE RECORD PERIOD  1892 TO  2015

WEATHER ITEM   OBSERVED TIME    RECORD YEAR NORMAL DEPARTURE LAST
               VALUE    (LST)   VALUE       VALUE  FROM      YEAR
                                                   NORMAL
...................................................................
TEMPERATURE
YESTERDAY
 MAXIMUM            52  0448 PM    57  1988     49       3     49
 MINIMUM            38  0537 AM    29  2008     41      -3     43
 AVERAGE            45                          45       0     46

PRECIPITATION
(INCHES)
 YESTERDAY        0.00           0.60  1952   0.05   -0.05   0.00
 MONTH TO DATE    0.92                        1.30   -0.38   1.02
 SINCE JUN 1      0.92                        1.30   -0.38   1.02
 SINCE JAN 1      7.20                        7.46   -0.26   8.16

SNOWFALL
(INCHES)
 YESTERDAY         0.0            0.0  2015    0.0     0.0    0.0
 MONTH TO DATE     0.0                         0.0     0.0    0.0
 SINCE JUN 1       0.0                         0.0     0.0    0.0
 SINCE JUL 1      48.6                        59.8   -11.2   43.7
 SNOW DEPTH (IN)     0                                          0

DEGREE DAYS
 HEATING
  YESTERDAY         20                          20       0     19
  MONTH TO DATE    600                         659     -59    607
  SINCE JUN 1      600                         659     -59    607
  SINCE JUL 1     9554                       10780   -1226  10031

 COOLING
  YESTERDAY          0                           0       0      0
  MONTH TO DATE      0                           0       0      0
  SINCE JUN 1        0                           0       0      0
  SINCE JAN 1        0                           0       0      0
...................................................................

WIND (MPH)
 HIGHEST WIND SPEED    12     HIGHEST WIND DIRECTION    350
 HIGHEST GUST SPEED    16     HIGHEST GUST DIRECTION    340
 AVERAGE WIND SPEED   5.8

SKY COVER
  POSSIBLE SUNSHINE    MM          AVERAGE SKY COVER     MM

WEATHER CONDITIONS
 THE FOLLOWING WEATHER WAS RECORDED YESTERDAY.
  DENSE FOG

RELATIVE HUMIDITY
 HIGHEST RH     MM PERCENT       MM
 LOWEST  RH     MM PERCENT       MM
 AVERAGE RH     MM PERCENT       MM
...................................................................

THE ST PAUL CLIMATE NORMALS FOR TODAY
                           NORMAL    RECORD   YEAR
 MAXIMUM TEMPERATURE (F)     49        54     1988
 MINIMUM TEMPERATURE (F)     41        33     1971

SUNRISE AND SUNSET
 JUN 30 2015..........SUNRISE  6:30 AM      SUNSET 12:20 AM
 JUL 1 2015..........SUNRISE  6:31 AM      SUNSET 12:19 AM

-  INDICATES NEGATIVE NUMBERS.
R  INDICATES RECORD HAS BEEN SET OR TIED.
MM INDICATES DATA IS MISSING.
T  INDICATES TRACE OF PRECIPITATION.

&&
-------------------------------------------------------------------

AMOUNT OF DAYLIGHT TODAY  (HOUR:MIN)........17 HOURS 50 MINUTES
GAIN/LOSS SINCE YESTERDAY (HOUR:MIN:SEC)....-0:01:09

$$
HCH JUN 15
