402
CDAK48 PASN 081118
CLISNP

CLIMATE REPORT
NATIONAL WEATHER SERVICE ST PAUL, AK
218 AM AKST MON FEB 8 2016

...................................
...THE ST PAUL AIRPORT CLIMATE SUMMARY FOR FEBRUARY 7 2016...

CLIMATE NORMAL PERIOD  1981 TO  2010
CLIMATE RECORD PERIOD  1892 TO  2016

WEATHER ITEM   OBSERVED TIME    RECORD YEAR NORMAL DEPARTURE LAST
               VALUE    (LST)   VALUE       VALUE  FROM      YEAR
                                                   NORMAL
...................................................................
TEMPERATURE
YESTERDAY
 MAXIMUM            36  0232 PM    41  1981     28       8     23
 MINIMUM            28  1220 AM    -9  1976     20       8     14
 AVERAGE            32                          24       8     19

PRECIPITATION
(INCHES)
 YESTERDAY           T           0.64  1992   0.05   -0.05      T
 MONTH TO DATE    0.28                        0.35   -0.07      T
 SINCE DEC 1      6.52                        4.18    2.34   4.16
 SINCE JAN 1      1.89                        1.93   -0.04   1.20

SNOWFALL
(INCHES)
 YESTERDAY           T            3.2  1993    0.4    -0.4      T
 MONTH TO DATE     2.6                         2.7    -0.1      T
 SINCE DEC 1      26.7                        27.4    -0.7   18.5
 SINCE JUL 1      38.7                        37.7     1.0   19.2
 SNOW DEPTH (IN)     T                                          2

DEGREE DAYS
 HEATING
  YESTERDAY         33                          41      -8     46
  MONTH TO DATE    222                         287     -65    259
  SINCE DEC 1     2295                        2646    -351   2295
  SINCE JUL 1     5325                        6066    -741   5200

 COOLING
  YESTERDAY          0                           0       0      0
  MONTH TO DATE      0                           0       0      0
  SINCE DEC 1        0                           0       0      0
  SINCE JAN 1        0                           0       0      0
...................................................................

WIND (MPH)
 HIGHEST WIND SPEED    18     HIGHEST WIND DIRECTION    190
 HIGHEST GUST SPEED    21     HIGHEST GUST DIRECTION    190
 AVERAGE WIND SPEED   9.6

SKY COVER
  POSSIBLE SUNSHINE    MM          AVERAGE SKY COVER     MM

WEATHER CONDITIONS
 THE FOLLOWING WEATHER WAS RECORDED YESTERDAY.
  FOG
  RAIN
  SNOW


RELATIVE HUMIDITY
 HIGHEST RH     MM PERCENT       MM
 LOWEST  RH     MM PERCENT       MM
 AVERAGE RH     MM PERCENT       MM
...................................................................

THE ST PAUL CLIMATE NORMALS FOR TODAY
                           NORMAL    RECORD   YEAR
 MAXIMUM TEMPERATURE (F)     28        40     1981
 MINIMUM TEMPERATURE (F)     20        -8     1956

SUNRISE AND SUNSET
 FEB 8 2016..........SUNRISE 10:07 AM      SUNSET  7:05 PM
 FEB 9 2016..........SUNRISE 10:04 AM      SUNSET  7:08 PM

-  INDICATES NEGATIVE NUMBERS.
R  INDICATES RECORD HAS BEEN SET OR TIED.
MM INDICATES DATA IS MISSING.
T  INDICATES TRACE OF PRECIPITATION.

&&
-------------------------------------------------------------------

AMOUNT OF DAYLIGHT TODAY  (HOUR:MIN)........8 HOURS 58 MINUTES
GAIN/LOSS SINCE YESTERDAY (HOUR:MIN:SEC)....+0:04:31

$$
HCH FEB 16
