909
CDAK48 PAFC 241310
CLISNP

CLIMATE REPORT
NATIONAL WEATHER SERVICE ANCHORAGE, AK
407 AM AKST TUE JAN 24 2017


...................................

...THE SAINT PAUL ISLAND CLIMATE SUMMARY FOR JANUARY 23 2017...

CLIMATE NORMAL PERIOD 1981 TO 2010
CLIMATE RECORD PERIOD 1892 TO 2017


WEATHER ITEM   OBSERVED TIME   RECORD YEAR NORMAL DEPARTURE LAST
                VALUE   (LST)  VALUE       VALUE  FROM      YEAR
                                                  NORMAL
..................................................................
TEMPERATURE (F)
 YESTERDAY
  MAXIMUM         24    707 PM  40    1980  28     -4       32
  MINIMUM         22   1159 PM  -6    2007  20      2       25
                                      1894
  AVERAGE         23                        24     -1       29

PRECIPITATION (IN)
  YESTERDAY        3.48R         0.66 1963   0.04   3.44     0.03
  MONTH TO DATE    5.89                      1.20   4.69     1.29
  SINCE DEC 1      9.09                      3.45   5.64     6.02
  SINCE JAN 1      5.89                      1.20   4.69     1.29

SNOWFALL (IN)
  YESTERDAY        4.7          MM      MM   0.4    4.3     MM
  MONTH TO DATE   22.1                       9.5   12.6      0.2
  SINCE DEC 1     25.7                      21.6    4.1     11.7
  SINCE JUL 1     32.3                      31.9    0.4     23.7
  SNOW DEPTH      18

DEGREE DAYS
 HEATING
  YESTERDAY       42                        41      1       36
  MONTH TO DATE  906                       910     -4      704
  SINCE DEC 1   1862                      2031   -169     1607
  SINCE JUL 1   4431                      5452  -1021     4155

 COOLING
  YESTERDAY        0                         0      0        0
  MONTH TO DATE    0                         0      0        0
  SINCE DEC 1      0                         0      0        0
  SINCE JAN 1      0                         0      0        0
..................................................................


WIND (MPH)
  RESULTANT WIND SPEED  36   RESULTANT WIND DIRECTION  NE (40)
  HIGHEST WIND SPEED    52   HIGHEST WIND DIRECTION     E (80)
  HIGHEST GUST SPEED    63   HIGHEST GUST DIRECTION     E (80)
  AVERAGE WIND SPEED    35.3



WEATHER CONDITIONS
 THE FOLLOWING WEATHER WAS RECORDED YESTERDAY.
  HEAVY SNOW
  SNOW
  LIGHT SNOW
  FOG
  BLOWING SNOW


..........................................................


THE SAINT PAUL ISLAND CLIMATE NORMALS FOR TODAY
                         NORMAL    RECORD    YEAR
 MAXIMUM TEMPERATURE (F)   28        40      1991
                                             1980
                                             1968
 MINIMUM TEMPERATURE (F)   20        -4      1956


SUNRISE AND SUNSET
JANUARY 24 2017.......SUNRISE  1034 AM AKST  SUNSET   632 PM AKST
JANUARY 25 2017.......SUNRISE  1033 AM AKST  SUNSET   635 PM AKST

CIVIL TWILIGHT
JANUARY 24 2017         START    951 AM GMT     END    717 PM GMT
JANUARY 25 2017         START    949 AM GMT     END    719 PM GMT



-  INDICATES NEGATIVE NUMBERS.
R  INDICATES RECORD WAS SET OR TIED.
MM INDICATES DATA IS MISSING.
T  INDICATES TRACE AMOUNT.




$$
&&
------------------------------------------------------
AMOUNT OF DAYLIGHT TODAY  (HOUR:MIN)........ 7:58
GAIN/LOSS SINCE YESTERDAY (HOUR:MIN:SEC)....+0:03:54

$$
