226
CDAK48 PASN 030909
CLISNP

CLIMATE REPORT
NATIONAL WEATHER SERVICE ST PAUL, AK
110 AM AKDT TUE MAY 3 2016

...................................
...THE ST PAUL AIRPORT CLIMATE SUMMARY FOR MAY 2 2016...

CLIMATE NORMAL PERIOD  1981 TO  2010
CLIMATE RECORD PERIOD  1892 TO  2016

WEATHER ITEM   OBSERVED TIME    RECORD YEAR NORMAL DEPARTURE LAST
               VALUE    (LST)   VALUE       VALUE  FROM      YEAR
                                                   NORMAL
...................................................................
TEMPERATURE
YESTERDAY
 MAXIMUM            42  0636 PM    47  2009     37       5     43
 MINIMUM            33  0246 AM    16  1973     29       4     28
 AVERAGE            38                          33       5     36

PRECIPITATION
(INCHES)
 YESTERDAY        0.03           0.31  1952   0.04   -0.01   0.00
 MONTH TO DATE    0.12                        0.07    0.05   0.01
 SINCE MAR 1      2.43                        2.22    0.21   1.94
 SINCE JAN 1      5.24                        5.10    0.14   4.26

SNOWFALL
(INCHES)
 YESTERDAY         0.0            0.8  2012    0.1    -0.1    0.0
 MONTH TO DATE       T                         0.2    -0.2      T
 SINCE MAR 1      11.8                        13.9    -2.1   18.6
 SINCE JUL 1      52.6                        58.9    -6.3   48.3
 SNOW DEPTH (IN)     0                                          0

DEGREE DAYS
 HEATING
  YESTERDAY         27                          32      -5     29
  MONTH TO DATE     58                          64      -6     57
  SINCE MAR 1     2042                        2372    -330   2286
  SINCE JUL 1     8067                        9291   -1224   8243

 COOLING
  YESTERDAY          0                           0       0      0
  MONTH TO DATE      0                           0       0      0
  SINCE MAR 1        0                           0       0      0
  SINCE JAN 1        0                           0       0      0
...................................................................

WIND (MPH)
 HIGHEST WIND SPEED    16     HIGHEST WIND DIRECTION    110
 HIGHEST GUST SPEED    20     HIGHEST GUST DIRECTION    110
 AVERAGE WIND SPEED   9.7

SKY COVER
  POSSIBLE SUNSHINE    MM          AVERAGE SKY COVER     MM

WEATHER CONDITIONS
 THE FOLLOWING WEATHER WAS RECORDED YESTERDAY.
  RAIN


RELATIVE HUMIDITY
 HIGHEST RH     MM PERCENT       MM
 LOWEST  RH     MM PERCENT       MM
 AVERAGE RH     MM PERCENT       MM
...................................................................

THE ST PAUL CLIMATE NORMALS FOR TODAY
                           NORMAL    RECORD   YEAR
 MAXIMUM TEMPERATURE (F)     37        45     2014
 MINIMUM TEMPERATURE (F)     30        17     1971

SUNRISE AND SUNSET
 MAY 3 2016..........SUNRISE  7:26 AM      SUNSET 11:12 PM
 MAY 4 2016..........SUNRISE  7:24 AM      SUNSET 11:14 PM

-  INDICATES NEGATIVE NUMBERS.
R  INDICATES RECORD HAS BEEN SET OR TIED.
MM INDICATES DATA IS MISSING.
T  INDICATES TRACE OF PRECIPITATION.

&&
-------------------------------------------------------------------

AMOUNT OF DAYLIGHT TODAY  (HOUR:MIN)........15 HOURS 46 MINUTES
GAIN/LOSS SINCE YESTERDAY (HOUR:MIN:SEC)....+0:04:26

$$
*** MAY 16
