000
CDAK48 PASN 031205
CLISNP

CLIMATE REPORT
NATIONAL WEATHER SERVICE ST PAUL, AK
405 AM AKDT MON AUG 3 2015

...................................
...THE ST PAUL AIRPORT CLIMATE SUMMARY FOR AUGUST 2 2015...

CLIMATE NORMAL PERIOD  1981 TO  2010
CLIMATE RECORD PERIOD  1892 TO  2015

WEATHER ITEM   OBSERVED TIME    RECORD YEAR NORMAL DEPARTURE LAST
               VALUE    (LST)   VALUE       VALUE  FROM      YEAR
                                                   NORMAL
...................................................................
TEMPERATURE
YESTERDAY
 MAXIMUM            55  0454 PM    59  2005     52       3     57
 MINIMUM            49  1159 PM    37  1971     45       4     51
 AVERAGE            52                          49       3     54

PRECIPITATION
(INCHES)
 YESTERDAY        0.01           1.20  1953   0.09   -0.08   0.00
 MONTH TO DATE    0.01                        0.17   -0.16   0.01
 SINCE JUN 1      2.77                        3.37   -0.60   2.10
 SINCE JAN 1      9.05                        9.53   -0.48   9.24

SNOWFALL
(INCHES)
 YESTERDAY         0.0            0.0  2015    0.0     0.0    0.0
 MONTH TO DATE     0.0                         0.0     0.0    0.0
 SINCE JUN 1       0.0                         0.0     0.0    0.0
 SINCE JUL 1       0.0                         0.0     0.0    0.0
 SNOW DEPTH (IN)     0                                          0

DEGREE DAYS
 HEATING
  YESTERDAY         13                          16      -3     11
  MONTH TO DATE     25                          33      -8     20
  SINCE JUN 1     1123                        1265    -142   1094
  SINCE JUL 1      503                         586     -83    466

 COOLING
  YESTERDAY          0                           0       0      0
  MONTH TO DATE      0                           0       0      0
  SINCE JUN 1        0                           0       0      0
  SINCE JAN 1        0                           0       0      0
...................................................................

WIND (MPH)
 HIGHEST WIND SPEED    18     HIGHEST WIND DIRECTION     10
 HIGHEST GUST SPEED    23     HIGHEST GUST DIRECTION     10
 AVERAGE WIND SPEED  10.1

SKY COVER
  POSSIBLE SUNSHINE    MM          AVERAGE SKY COVER     MM

WEATHER CONDITIONS
 THE FOLLOWING WEATHER WAS RECORDED YESTERDAY.
  FOG
  RAIN


RELATIVE HUMIDITY
 HIGHEST RH     MM PERCENT       MM
 LOWEST  RH     MM PERCENT       MM
 AVERAGE RH     MM PERCENT       MM
...................................................................

THE ST PAUL CLIMATE NORMALS FOR TODAY
                           NORMAL    RECORD   YEAR
 MAXIMUM TEMPERATURE (F)     52        58     1993
 MINIMUM TEMPERATURE (F)     45        39     1971

SUNRISE AND SUNSET
 AUG 3 2015..........SUNRISE  7:23 AM      SUNSET 11:30 PM
 AUG 4 2015..........SUNRISE  7:25 AM      SUNSET 11:28 PM

-  INDICATES NEGATIVE NUMBERS.
R  INDICATES RECORD HAS BEEN SET OR TIED.
MM INDICATES DATA IS MISSING.
T  INDICATES TRACE OF PRECIPITATION.

&&
-------------------------------------------------------------------

AMOUNT OF DAYLIGHT TODAY  (HOUR:MIN)........16 HOURS 7 MINUTES
GAIN/LOSS SINCE YESTERDAY (HOUR:MIN:SEC)....-0:04:10

$$
SAH AUG 15
