000
CDUS46 KMTR 300026
CLISNS


CLIMATE REPORT
NATIONAL WEATHER SERVICE SAN FRANCISCO BAY AREA
525 PM PDT SUN MAY 29 2016


...................................

...THE SALINAS AIRPORT CLIMATE SUMMARY FOR MAY 29 2016...
VALID TODAY AS OF 0500 PM LOCAL TIME.

CLIMATE NORMAL PERIOD 1981 TO 2010
CLIMATE RECORD PERIOD 1930 TO 2016


WEATHER ITEM   OBSERVED TIME   RECORD YEAR NORMAL DEPARTURE LAST
                VALUE   (LST)  VALUE       VALUE  FROM      YEAR
                                                  NORMAL
..................................................................
TEMPERATURE (F)
 TODAY
  MAXIMUM         66    237 PM  87    1984  69     -3       65
  MINIMUM         54    731 AM  39    1940  52      2       51
  AVERAGE         60                        60      0       58

PRECIPITATION (IN)
  TODAY            0.00          0.14 1948   0.01  -0.01     0.00
  MONTH TO DATE    0.10                      0.34  -0.24     0.20
  SINCE OCT 1     13.44                     12.53   0.91     9.66
  SINCE JAN 1      8.54                      8.62  -0.08     1.67

DEGREE DAYS
 HEATING
  TODAY            5                         5      0        7
  MONTH TO DATE  146                       173    -27      158
  SINCE MAR 1    550                       748   -198      448
  SINCE JUL 1   1941                      2562   -621     1297

 COOLING
  TODAY            0                         0      0        0
  MONTH TO DATE    2                         0      2        0
  SINCE MAR 1     20                         7     13       23
  SINCE JAN 1     23                         7     16       31
..................................................................


WIND (MPH)
  RESULTANT WIND SPEED   9   RESULTANT WIND DIRECTION  NW (300)
  HIGHEST WIND SPEED    20   HIGHEST WIND DIRECTION    NW (300)
  HIGHEST GUST SPEED    23   HIGHEST GUST DIRECTION    NW (300)
  AVERAGE WIND SPEED     9.0


SKY COVER
  POSSIBLE SUNSHINE  MM
  AVERAGE SKY COVER 0.8


WEATHER CONDITIONS
 THE FOLLOWING WEATHER WAS RECORDED TODAY.
  NO SIGNIFICANT WEATHER WAS OBSERVED.


RELATIVE HUMIDITY (PERCENT)
 HIGHEST    83          1200 AM
 LOWEST     63          1200 PM
 AVERAGE    73

..........................................................


THE SALINAS AIRPORT CLIMATE NORMALS FOR TOMORROW
                         NORMAL    RECORD    YEAR
 MAXIMUM TEMPERATURE (F)   69        95      2001
 MINIMUM TEMPERATURE (F)   52        41      1937


SUNRISE AND SUNSET
MAY 29 2016...........SUNRISE   450 AM PST   SUNSET   718 PM PST
MAY 30 2016...........SUNRISE   450 AM PST   SUNSET   719 PM PST


-  INDICATES NEGATIVE NUMBERS.
R  INDICATES RECORD WAS SET OR TIED.
MM INDICATES DATA IS MISSING.
T  INDICATES TRACE AMOUNT.




$$
