856
CDUS46 KMTR 180832
CLISNS


CLIMATE REPORT
NATIONAL WEATHER SERVICE SAN FRANCISCO BAY AREA
1232 AM PST WED JAN 18 2017


...................................

...THE SALINAS AIRPORT CLIMATE SUMMARY FOR JANUARY 17 2017...

CLIMATE NORMAL PERIOD 1981 TO 2010
CLIMATE RECORD PERIOD 1930 TO 2017


WEATHER ITEM   OBSERVED TIME   RECORD YEAR NORMAL DEPARTURE LAST
                VALUE   (LST)  VALUE       VALUE  FROM      YEAR
                                                  NORMAL
..................................................................
TEMPERATURE (F)
 YESTERDAY
  MAXIMUM         60    245 PM  86    2014  61     -1       60
  MINIMUM         40    741 AM  27    2012  41     -1       51
                                      1987
  AVERAGE         50                        51     -1       56

PRECIPITATION (IN)
  YESTERDAY        0.00          1.70 1950   0.09  -0.09     0.12
  MONTH TO DATE    3.60                      1.41   2.19     1.30
  SINCE OCT 1      7.60                      5.32   2.28     6.20
  SINCE JAN 1      3.60                      1.41   2.19     1.30

DEGREE DAYS
 HEATING
  YESTERDAY       15                        14      1        9
  MONTH TO DATE  247                       238      9      220
  SINCE DEC 1    692                       673     19      703
  SINCE JUL 1   1262                      1291    -29     1063

 COOLING
  YESTERDAY        0                         0      0        0
  MONTH TO DATE    0                         0      0        0
  SINCE DEC 1      0                         0      0        0
  SINCE JAN 1      0                         0      0        0
..................................................................


WIND (MPH)
  RESULTANT WIND SPEED   6   RESULTANT WIND DIRECTION   E (90)
  HIGHEST WIND SPEED    25   HIGHEST WIND DIRECTION     E (90)
  HIGHEST GUST SPEED    29   HIGHEST GUST DIRECTION     E (90)
  AVERAGE WIND SPEED     7.8


SKY COVER
  POSSIBLE SUNSHINE  MM
  AVERAGE SKY COVER 0.0


WEATHER CONDITIONS
 THE FOLLOWING WEATHER WAS RECORDED YESTERDAY.
  FOG


RELATIVE HUMIDITY (PERCENT)
 HIGHEST    93          1000 PM
 LOWEST     47           300 PM
 AVERAGE    70

..........................................................


THE SALINAS AIRPORT CLIMATE NORMALS FOR TODAY
                         NORMAL    RECORD    YEAR
 MAXIMUM TEMPERATURE (F)   61        81      1994
 MINIMUM TEMPERATURE (F)   41        22      1943


SUNRISE AND SUNSET
JANUARY 18 2017.......SUNRISE   717 AM PST   SUNSET   518 PM PST
JANUARY 19 2017.......SUNRISE   716 AM PST   SUNSET   519 PM PST


-  INDICATES NEGATIVE NUMBERS.
R  INDICATES RECORD WAS SET OR TIED.
MM INDICATES DATA IS MISSING.
T  INDICATES TRACE AMOUNT.




$$
