112
CDUS46 KMTR 250826
CLISNS


CLIMATE REPORT
NATIONAL WEATHER SERVICE SAN FRANCISCO BAY AREA
126 AM PDT SAT MAR 25 2017


...................................

...THE SALINAS AIRPORT CLIMATE SUMMARY FOR MARCH 24 2017...

CLIMATE NORMAL PERIOD 1981 TO 2010
CLIMATE RECORD PERIOD 1930 TO 2017


WEATHER ITEM   OBSERVED TIME   RECORD YEAR NORMAL DEPARTURE LAST
                VALUE   (LST)  VALUE       VALUE  FROM      YEAR
                                                  NORMAL
..................................................................
TEMPERATURE (F)
 YESTERDAY
  MAXIMUM         62   1205 PM  84    1951  65     -3       70
  MINIMUM         48   1233 AM  32    1935  45      3       43
  AVERAGE         55                        55      0       57

PRECIPITATION (IN)
  YESTERDAY        0.09          1.70 1950   0.07   0.02     0.00
  MONTH TO DATE    1.13                      1.86  -0.73     3.45
  SINCE OCT 1     15.42                     10.86   4.56    12.84
  SINCE JAN 1     11.42                      6.95   4.47     7.94

DEGREE DAYS
 HEATING
  YESTERDAY       10                        10      0        8
  MONTH TO DATE  187                       252    -65      171
  SINCE MAR 1    187                       252    -65      171
  SINCE JUL 1   1949                      2066   -117     1562

 COOLING
  YESTERDAY        0                         0      0        0
  MONTH TO DATE    1                         0      1        0
  SINCE MAR 1      1                         0      1        0
  SINCE JAN 1      1                         0      1        3
..................................................................


WIND (MPH)
  RESULTANT WIND SPEED   9   RESULTANT WIND DIRECTION   E (110)
  HIGHEST WIND SPEED    21   HIGHEST WIND DIRECTION     E (110)
  HIGHEST GUST SPEED    25   HIGHEST GUST DIRECTION     E (110)
  AVERAGE WIND SPEED     8.4


SKY COVER
  POSSIBLE SUNSHINE  MM
  AVERAGE SKY COVER 0.9


WEATHER CONDITIONS
 THE FOLLOWING WEATHER WAS RECORDED YESTERDAY.
  RAIN
  LIGHT RAIN
  FOG


RELATIVE HUMIDITY (PERCENT)
 HIGHEST    93          1100 PM
 LOWEST     55          1200 PM
 AVERAGE    74

..........................................................


THE SALINAS AIRPORT CLIMATE NORMALS FOR TODAY
                         NORMAL    RECORD    YEAR
 MAXIMUM TEMPERATURE (F)   65        85      1988
 MINIMUM TEMPERATURE (F)   45        29      1936


SUNRISE AND SUNSET
MARCH 25 2017.........SUNRISE   702 AM PDT   SUNSET   723 PM PDT
MARCH 26 2017.........SUNRISE   701 AM PDT   SUNSET   724 PM PDT


-  INDICATES NEGATIVE NUMBERS.
R  INDICATES RECORD WAS SET OR TIED.
MM INDICATES DATA IS MISSING.
T  INDICATES TRACE AMOUNT.




$$
