000
CDUS46 KMTR 120027
CLISNS


CLIMATE REPORT
NATIONAL WEATHER SERVICE SAN FRANCISCO BAY AREA
427 PM PST MON DEC 11 2017


...................................

...THE SALINAS AIRPORT CLIMATE SUMMARY FOR DECEMBER 11 2017...
VALID TODAY AS OF 0400 PM LOCAL TIME.

CLIMATE NORMAL PERIOD 1981 TO 2010
CLIMATE RECORD PERIOD 1930 TO 2017


WEATHER ITEM   OBSERVED TIME   RECORD YEAR NORMAL DEPARTURE LAST
                VALUE   (LST)  VALUE       VALUE  FROM      YEAR
                                                  NORMAL
..................................................................
TEMPERATURE (F)
 TODAY
  MAXIMUM         77    330 PM  80    1934  61     16       59
  MINIMUM         44    544 AM  25    1972  41      3       49
  AVERAGE         61                        51     10       54

PRECIPITATION (IN)
  TODAY            0.00          3.22 2014   0.06  -0.06     0.00
  MONTH TO DATE    T                         0.62  -0.62     0.44
  SINCE OCT 1      0.75                      2.60  -1.85     3.00
  SINCE JAN 1     13.24                     11.52   1.72    11.57

DEGREE DAYS
 HEATING
  TODAY            4                        14    -10       11
  MONTH TO DATE  106                       148    -42      140
  SINCE DEC 1    106                       148    -42      140
  SINCE JUL 1    542                       766   -224      710

 COOLING
  TODAY            0                         0      0        0
  MONTH TO DATE    0                         0      0        0
  SINCE DEC 1      0                         0      0        0
  SINCE JAN 1    283                       130    153      113
..................................................................


WIND (MPH)
  RESULTANT WIND SPEED  10   RESULTANT WIND DIRECTION   E (90)
  HIGHEST WIND SPEED    22   HIGHEST WIND DIRECTION     E (100)
  HIGHEST GUST SPEED    25   HIGHEST GUST DIRECTION     E (100)
  AVERAGE WIND SPEED    10.7


SKY COVER
  POSSIBLE SUNSHINE  MM
  AVERAGE SKY COVER 0.0


WEATHER CONDITIONS
 THE FOLLOWING WEATHER WAS RECORDED TODAY.
  NO SIGNIFICANT WEATHER WAS OBSERVED.


RELATIVE HUMIDITY (PERCENT)
 HIGHEST    33           600 AM
 LOWEST     13           300 PM
 AVERAGE    23

..........................................................


THE SALINAS AIRPORT CLIMATE NORMALS FOR TOMORROW
                         NORMAL    RECORD    YEAR
 MAXIMUM TEMPERATURE (F)   61        77      1988
 MINIMUM TEMPERATURE (F)   41        27      1932


SUNRISE AND SUNSET
DECEMBER 11 2017......SUNRISE   709 AM PST   SUNSET   451 PM PST
DECEMBER 12 2017......SUNRISE   710 AM PST   SUNSET   451 PM PST


-  INDICATES NEGATIVE NUMBERS.
R  INDICATES RECORD WAS SET OR TIED.
MM INDICATES DATA IS MISSING.
T  INDICATES TRACE AMOUNT.




$$
