000
CDUS46 KMTR 260845
CLISNS


CLIMATE REPORT
NATIONAL WEATHER SERVICE SAN FRANCISCO BAY AREA
145 AM PDT TUE MAY 26 2015


...................................

...THE SALINAS AIRPORT CLIMATE SUMMARY FOR MAY 25 2015...

CLIMATE NORMAL PERIOD 1981 TO 2010
CLIMATE RECORD PERIOD 1930 TO 2015


WEATHER ITEM   OBSERVED TIME   RECORD YEAR NORMAL DEPARTURE LAST
                VALUE   (LST)  VALUE       VALUE  FROM      YEAR
                                                  NORMAL
..................................................................
TEMPERATURE (F)
 YESTERDAY
  MAXIMUM         65    238 PM  96    1951  69     -4       71
  MINIMUM         55    608 AM  37    1935  51      4       52
  AVERAGE         60                        60      0       62

PRECIPITATION (IN)
  YESTERDAY        T             0.37 1942   0.01  -0.01     0.00
  MONTH TO DATE    0.20                      0.30  -0.10      T
  SINCE OCT 1      9.66                     12.49  -2.83     5.78
  SINCE JAN 1      1.67                      8.58  -6.91     4.95

DEGREE DAYS
 HEATING
  YESTERDAY        5                         5      0        3
  MONTH TO DATE  136                       153    -17      101
  SINCE MAR 1    426                       728   -302      483
  SINCE JUL 1   1275                      2542  -1267     1915

 COOLING
  YESTERDAY        0                         0      0        0
  MONTH TO DATE    0                         0      0       34
  SINCE MAR 1     23                         7     16       48
  SINCE JAN 1     31                         7     24       50
..................................................................


WIND (MPH)
  RESULTANT WIND SPEED   6   RESULTANT WIND DIRECTION   W (260)
  HIGHEST WIND SPEED    17   HIGHEST WIND DIRECTION     W (290)
  HIGHEST GUST SPEED    21   HIGHEST GUST DIRECTION     W (280)
  AVERAGE WIND SPEED     7.5


SKY COVER
  POSSIBLE SUNSHINE  MM
  AVERAGE SKY COVER 0.8


WEATHER CONDITIONS
 THE FOLLOWING WEATHER WAS RECORDED YESTERDAY.
  FOG
  HAZE


RELATIVE HUMIDITY (PERCENT)
 HIGHEST    86           100 AM
 LOWEST     56          1200 PM
 AVERAGE    71

..........................................................


THE SALINAS AIRPORT CLIMATE NORMALS FOR TODAY
                         NORMAL    RECORD    YEAR
 MAXIMUM TEMPERATURE (F)   69        94      1974
 MINIMUM TEMPERATURE (F)   52        43      1953


SUNRISE AND SUNSET
MAY 26 2015...........SUNRISE   452 AM PST   SUNSET   715 PM PST
MAY 27 2015...........SUNRISE   451 AM PST   SUNSET   716 PM PST


-  INDICATES NEGATIVE NUMBERS.
R  INDICATES RECORD WAS SET OR TIED.
MM INDICATES DATA IS MISSING.
T  INDICATES TRACE AMOUNT.




$$
