000
CDUS46 KMTR 250829
CLISNS


CLIMATE REPORT
NATIONAL WEATHER SERVICE SAN FRANCISCO BAY AREA
129 AM PDT SUN JUN 25 2017


...................................

...THE SALINAS AIRPORT CLIMATE SUMMARY FOR JUNE 24 2017...

CLIMATE NORMAL PERIOD 1981 TO 2010
CLIMATE RECORD PERIOD 1930 TO 2017


WEATHER ITEM   OBSERVED TIME   RECORD YEAR NORMAL DEPARTURE LAST
                VALUE   (LST)  VALUE       VALUE  FROM      YEAR
                                                  NORMAL
..................................................................
TEMPERATURE (F)
 YESTERDAY
  MAXIMUM         70   1152 AM 100    1976  71     -1       71
  MINIMUM         56   1159 PM  44    1931  54      2       54
  AVERAGE         63                        62      1       63

PRECIPITATION (IN)
  YESTERDAY        0.00          0.04 2013   0.00   0.00     0.00
  MONTH TO DATE    0.07                      0.08  -0.01     0.03
  SINCE OCT 1     16.45                     12.62   3.83    13.47
  SINCE JAN 1     12.45                      8.71   3.74     8.57

DEGREE DAYS
 HEATING
  YESTERDAY        2                         3     -1        2
  MONTH TO DATE   55                        95    -40       51
  SINCE JUN 1     55                        95    -40       51
  SINCE JUL 1   2389                      2668   -279     2000

 COOLING
  YESTERDAY        0                         0      0        0
  MONTH TO DATE    9                         0      9        8
  SINCE JUN 1      9                         0      9        8
  SINCE JAN 1     27                        16     11       31
..................................................................


WIND (MPH)
  RESULTANT WIND SPEED   8   RESULTANT WIND DIRECTION   W (290)
  HIGHEST WIND SPEED    18   HIGHEST WIND DIRECTION     W (290)
  HIGHEST GUST SPEED    24   HIGHEST GUST DIRECTION     W (260)
  AVERAGE WIND SPEED     8.5


SKY COVER
  POSSIBLE SUNSHINE  MM
  AVERAGE SKY COVER 0.7


WEATHER CONDITIONS
 THE FOLLOWING WEATHER WAS RECORDED YESTERDAY.
  FOG


RELATIVE HUMIDITY (PERCENT)
 HIGHEST   100           100 AM
 LOWEST     61          1100 AM
 AVERAGE    81

..........................................................


THE SALINAS AIRPORT CLIMATE NORMALS FOR TODAY
                         NORMAL    RECORD    YEAR
 MAXIMUM TEMPERATURE (F)   71        99      1976
 MINIMUM TEMPERATURE (F)   54        43      1975


SUNRISE AND SUNSET
JUNE 25 2017..........SUNRISE   549 AM PDT   SUNSET   829 PM PDT
JUNE 26 2017..........SUNRISE   550 AM PDT   SUNSET   829 PM PDT


-  INDICATES NEGATIVE NUMBERS.
R  INDICATES RECORD WAS SET OR TIED.
MM INDICATES DATA IS MISSING.
T  INDICATES TRACE AMOUNT.




$$
