000
CDUS45 KPIH 310734
CLISNT


CLIMATE REPORT
NATIONAL WEATHER SERVICE POCATELLO ID
130 AM MDT FRI JUL 31 2015


...................................

...THE STANLEY ID CLIMATE SUMMARY FOR JULY 30 2015...

CLIMATE NORMAL PERIOD 1981 TO 2010
CLIMATE RECORD PERIOD 1916 TO 2015


WEATHER ITEM   OBSERVED TIME   RECORD YEAR NORMAL DEPARTURE LAST
                VALUE   (LST)  VALUE       VALUE  FROM      YEAR
                                                  NORMAL
..................................................................
TEMPERATURE (F)
 YESTERDAY
  MAXIMUM         83    554 PM  92    2000  80      3       87
  MINIMUM         33    601 AM  26    1963  38     -5       45
                                      1916
  AVERAGE         58                        59     -1       66

PRECIPITATION (IN)
  YESTERDAY        0.00          0.77 2001   0.02  -0.02     0.17
  MONTH TO DATE    1.14                      0.67   0.47     0.36
  SINCE OCT 1     16.66                     15.44   1.22    17.23
  SINCE JAN 1      9.95                     10.59  -0.64    13.62

SNOWFALL (IN)
  YESTERDAY       MM
  MONTH TO DATE   MM
  SINCE JUN 1     MM
  SINCE JUL 1     MM
  SNOW DEPTH      MM

DEGREE DAYS
 HEATING
  YESTERDAY        7                         6      1        0
  MONTH TO DATE  213                       233    -20      110
  SINCE JUN 1    447                       687   -240      580
  SINCE JUL 1    213                       233    -20      110

 COOLING
  YESTERDAY        0                         0      0        1
  MONTH TO DATE    1                         0      1       12
  SINCE JUN 1     18                         0     18       12
  SINCE JAN 1     18                         0     18       12
..................................................................


WIND (MPH)
  HIGHEST WIND SPEED    12   HIGHEST WIND DIRECTION     N (350)
  HIGHEST GUST SPEED    17   HIGHEST GUST DIRECTION    NW (320)
  AVERAGE WIND SPEED     4.1


SKY COVER
  POSSIBLE SUNSHINE  MM
  AVERAGE SKY COVER 0.0


WEATHER CONDITIONS
 THE FOLLOWING WEATHER WAS RECORDED YESTERDAY.
  NO SIGNIFICANT WEATHER WAS OBSERVED.


RELATIVE HUMIDITY (PERCENT)
 HIGHEST    82           400 AM
 LOWEST     10           600 PM
 AVERAGE    46

..........................................................


THE STANLEY ID CLIMATE NORMALS FOR TODAY
                         NORMAL    RECORD    YEAR
 MAXIMUM TEMPERATURE (F)   80        92      2000
 MINIMUM TEMPERATURE (F)   38        24      1981


SUNRISE AND SUNSET
JULY 31 2015..........SUNRISE   626 AM MDT   SUNSET   905 PM MDT
AUGUST  1 2015........SUNRISE   627 AM MDT   SUNSET   904 PM MDT


-  INDICATES NEGATIVE NUMBERS.
R  INDICATES RECORD WAS SET OR TIED.
MM INDICATES DATA IS MISSING.
T  INDICATES TRACE AMOUNT.




$$
