000
CDUS45 KPIH 190731
CLISNT


CLIMATE REPORT
NATIONAL WEATHER SERVICE POCATELLO ID
1229 AM MST THU JAN 19 2017


...................................

...THE STANLEY ID CLIMATE SUMMARY FOR JANUARY 18 2017...

CLIMATE NORMAL PERIOD 1981 TO 2010
CLIMATE RECORD PERIOD 1916 TO 2017


WEATHER ITEM   OBSERVED TIME   RECORD YEAR NORMAL DEPARTURE LAST
                VALUE   (LST)  VALUE       VALUE  FROM      YEAR
                                                  NORMAL
..................................................................
TEMPERATURE (F)
 YESTERDAY
  MAXIMUM         34   1037 PM  45    2015  27      7       37
                                      1977
  MINIMUM          0    209 AM -41    1984   2     -2        4
  AVERAGE         17                        14      3       21

PRECIPITATION (IN)
  YESTERDAY       MM             0.51 2012   0.05  MM        0.12
  MONTH TO DATE    0.05                      0.95  -0.90     1.22
  SINCE OCT 1     11.38                      5.80   5.58     8.79
  SINCE JAN 1      0.05                      0.95  -0.90     1.22

SNOWFALL (IN)
  YESTERDAY       MM
  MONTH TO DATE   MM
  SINCE DEC 1     MM
  SINCE JUL 1     MM
  SNOW DEPTH      MM

DEGREE DAYS
 HEATING
  YESTERDAY       48                        51     -3       44
  MONTH TO DATE 1122                       918    204      884
  SINCE DEC 1   2867                      2483    384     2387
  SINCE JUL 1   5484                      5580    -96     5159

 COOLING
  YESTERDAY        0                         0      0        0
  MONTH TO DATE    0                         0      0        0
  SINCE DEC 1      0                         0      0        0
  SINCE JAN 1      0                         0      0        0
..................................................................


WIND (MPH)
  HIGHEST WIND SPEED    16   HIGHEST WIND DIRECTION    SE (150)
  HIGHEST GUST SPEED    26   HIGHEST GUST DIRECTION    SE (150)
  AVERAGE WIND SPEED     4.0


SKY COVER
  POSSIBLE SUNSHINE  MM
  AVERAGE SKY COVER 0.0


WEATHER CONDITIONS
 THE FOLLOWING WEATHER WAS RECORDED YESTERDAY.
  NO SIGNIFICANT WEATHER WAS OBSERVED.


RELATIVE HUMIDITY (PERCENT)
 HIGHEST    96           500 PM
 LOWEST     80          1100 AM
 AVERAGE    88

..........................................................


THE STANLEY ID CLIMATE NORMALS FOR TODAY
                         NORMAL    RECORD    YEAR
 MAXIMUM TEMPERATURE (F)   27        52      1971
 MINIMUM TEMPERATURE (F)    2       -42      1922


SUNRISE AND SUNSET
JANUARY 19 2017.......SUNRISE   809 AM MST   SUNSET   533 PM MST
JANUARY 20 2017.......SUNRISE   808 AM MST   SUNSET   534 PM MST


-  INDICATES NEGATIVE NUMBERS.
R  INDICATES RECORD WAS SET OR TIED.
MM INDICATES DATA IS MISSING.
T  INDICATES TRACE AMOUNT.




$$
