000
CDUS45 KPIH 300736
CLISNT


CLIMATE REPORT
NATIONAL WEATHER SERVICE POCATELLO ID
134 AM MDT SUN AUG 30 2015


...................................

...THE STANLEY ID CLIMATE SUMMARY FOR AUGUST 29 2015...

CLIMATE NORMAL PERIOD 1981 TO 2010
CLIMATE RECORD PERIOD 1916 TO 2015


WEATHER ITEM   OBSERVED TIME   RECORD YEAR NORMAL DEPARTURE LAST
                VALUE   (LST)  VALUE       VALUE  FROM      YEAR
                                                  NORMAL
..................................................................
TEMPERATURE (F)
 YESTERDAY
  MAXIMUM         80    139 PM  88    1998  74      6       80
  MINIMUM         52    635 AM  18    1928  32     20       34
  AVERAGE         66                        53     13       57

PRECIPITATION (IN)
  YESTERDAY        0.00          0.45 1916   0.03  -0.03     0.02
  MONTH TO DATE    0.42                      0.62  -0.20     1.00
  SINCE OCT 1     17.08                     16.08   1.00    18.23
  SINCE JAN 1     10.37                     11.23  -0.86    14.62

SNOWFALL (IN)
  YESTERDAY       MM
  MONTH TO DATE   MM
  SINCE JUN 1     MM
  SINCE JUL 1     MM
  SNOW DEPTH      MM

DEGREE DAYS
 HEATING
  YESTERDAY        0                        12    -12        8
  MONTH TO DATE  173                       253    -80      205
  SINCE JUN 1    623                       948   -325      787
  SINCE JUL 1    389                       494   -105      317

 COOLING
  YESTERDAY        1                         0      1        0
  MONTH TO DATE    7                         0      7        4
  SINCE JUN 1     25                         3     22       16
  SINCE JAN 1     25                         3     22       16
..................................................................


WIND (MPH)
  HIGHEST WIND SPEED    18   HIGHEST WIND DIRECTION     S (180)
  HIGHEST GUST SPEED    26   HIGHEST GUST DIRECTION    SE (140)
  AVERAGE WIND SPEED     5.7


SKY COVER
  POSSIBLE SUNSHINE  MM
  AVERAGE SKY COVER 0.0


WEATHER CONDITIONS
 THE FOLLOWING WEATHER WAS RECORDED YESTERDAY.
  NO SIGNIFICANT WEATHER WAS OBSERVED.


RELATIVE HUMIDITY (PERCENT)
 HIGHEST    59           700 AM
 LOWEST     17           400 PM
 AVERAGE    38

..........................................................


THE STANLEY ID CLIMATE NORMALS FOR TODAY
                         NORMAL    RECORD    YEAR
 MAXIMUM TEMPERATURE (F)   73        89      1970
 MINIMUM TEMPERATURE (F)   31        17      1969


SUNRISE AND SUNSET
AUGUST 30 2015........SUNRISE   700 AM MDT   SUNSET   820 PM MDT
AUGUST 31 2015........SUNRISE   701 AM MDT   SUNSET   818 PM MDT


-  INDICATES NEGATIVE NUMBERS.
R  INDICATES RECORD WAS SET OR TIED.
MM INDICATES DATA IS MISSING.
T  INDICATES TRACE AMOUNT.




$$
