000
CDUS45 KPIH 170736
CLISNT


CLIMATE REPORT
NATIONAL WEATHER SERVICE POCATELLO ID
135 AM MDT THU AUG 17 2017


...................................

...THE STANLEY ID CLIMATE SUMMARY FOR AUGUST 16 2017...

CLIMATE NORMAL PERIOD 1981 TO 2010
CLIMATE RECORD PERIOD 1916 TO 2017


WEATHER ITEM   OBSERVED TIME   RECORD YEAR NORMAL DEPARTURE LAST
                VALUE   (LST)  VALUE       VALUE  FROM      YEAR
                                                  NORMAL
..................................................................
TEMPERATURE (F)
 YESTERDAY
  MAXIMUM         79    303 PM  89    1967  78      1       88
  MINIMUM         32    600 AM  21    1928  35     -3       36
  AVERAGE         56                        56      0       62

PRECIPITATION (IN)
  YESTERDAY        0.00          0.57 1983   0.01  -0.01     0.00
  MONTH TO DATE    0.43                      0.31   0.12     0.02
  SINCE OCT 1     28.98                     15.77  13.21    17.15
  SINCE JAN 1     17.65                     10.92   6.73     9.58

SNOWFALL (IN)
  YESTERDAY       MM
  MONTH TO DATE   MM
  SINCE JUN 1     MM
  SINCE JUL 1     MM
  SNOW DEPTH      MM

DEGREE DAYS
 HEATING
  YESTERDAY        9                         9      0        3
  MONTH TO DATE   70                       115    -45      123
  SINCE JUN 1    487                       810   -323      663
  SINCE JUL 1    143                       356   -213      359

 COOLING
  YESTERDAY        0                         0      0        0
  MONTH TO DATE    0                         0      0        0
  SINCE JUN 1     21                         3     18        3
  SINCE JAN 1     21                         3     18        3
..................................................................


WIND (MPH)
  HIGHEST WIND SPEED    15   HIGHEST WIND DIRECTION    NW (330)
  HIGHEST GUST SPEED    21   HIGHEST GUST DIRECTION     N (340)
  AVERAGE WIND SPEED     3.8


SKY COVER
  POSSIBLE SUNSHINE  MM
  AVERAGE SKY COVER 0.0


WEATHER CONDITIONS
 THE FOLLOWING WEATHER WAS RECORDED YESTERDAY.
  NO SIGNIFICANT WEATHER WAS OBSERVED.


RELATIVE HUMIDITY (PERCENT)
 HIGHEST    82           500 AM
 LOWEST     19           300 PM
 AVERAGE    51

..........................................................


THE STANLEY ID CLIMATE NORMALS FOR TODAY
                         NORMAL    RECORD    YEAR
 MAXIMUM TEMPERATURE (F)   77        90      1967
 MINIMUM TEMPERATURE (F)   35        21      1987


SUNRISE AND SUNSET
AUGUST 17 2017........SUNRISE   646 AM MDT   SUNSET   841 PM MDT
AUGUST 18 2017........SUNRISE   647 AM MDT   SUNSET   839 PM MDT


-  INDICATES NEGATIVE NUMBERS.
R  INDICATES RECORD WAS SET OR TIED.
MM INDICATES DATA IS MISSING.
T  INDICATES TRACE AMOUNT.




$$
