666
CDUS45 KPIH 190729
CLISNT


CLIMATE REPORT
NATIONAL WEATHER SERVICE POCATELLO ID
1228 AM MST SUN FEB 19 2017


...................................

...THE STANLEY ID CLIMATE SUMMARY FOR FEBRUARY 18 2017...

CLIMATE NORMAL PERIOD 1981 TO 2010
CLIMATE RECORD PERIOD 1916 TO 2017


WEATHER ITEM   OBSERVED TIME   RECORD YEAR NORMAL DEPARTURE LAST
                VALUE   (LST)  VALUE       VALUE  FROM      YEAR
                                                  NORMAL
..................................................................
TEMPERATURE (F)
 YESTERDAY
  MAXIMUM         37   1133 AM  52    2015  34      3       41
  MINIMUM         30    158 AM -31    2006   4     26       28
  AVERAGE         34                        19     15       35

PRECIPITATION (IN)
  YESTERDAY        0.12          2.00 1986   0.05   0.07     0.63
  MONTH TO DATE    4.95                      1.19   3.76     0.83
  SINCE OCT 1     16.54                      7.56   8.98    10.85
  SINCE JAN 1      5.21                      2.71   2.50     3.28

SNOWFALL (IN)
  YESTERDAY       MM
  MONTH TO DATE   MM
  SINCE DEC 1     MM
  SINCE JUL 1     MM
  SNOW DEPTH      MM

DEGREE DAYS
 HEATING
  YESTERDAY       31                        46    -15       30
  MONTH TO DATE  679                       864   -185      730
  SINCE DEC 1   4205                      3996    209     3723
  SINCE JUL 1   6822                      7093   -271     6495

 COOLING
  YESTERDAY        0                         0      0        0
  MONTH TO DATE    0                         0      0        0
  SINCE DEC 1      0                         0      0        0
  SINCE JAN 1      0                         0      0        0
..................................................................


WIND (MPH)
  HIGHEST WIND SPEED    15   HIGHEST WIND DIRECTION    SE (140)
  HIGHEST GUST SPEED    22   HIGHEST GUST DIRECTION    SE (140)
  AVERAGE WIND SPEED     8.1


SKY COVER
  POSSIBLE SUNSHINE  MM
  AVERAGE SKY COVER 0.0


WEATHER CONDITIONS
 THE FOLLOWING WEATHER WAS RECORDED YESTERDAY.
  NO SIGNIFICANT WEATHER WAS OBSERVED.


RELATIVE HUMIDITY (PERCENT)
 HIGHEST   100          1000 PM
 LOWEST     82           500 AM
 AVERAGE    91

..........................................................


THE STANLEY ID CLIMATE NORMALS FOR TODAY
                         NORMAL    RECORD    YEAR
 MAXIMUM TEMPERATURE (F)   35        56      1923
 MINIMUM TEMPERATURE (F)    4       -27      1990


SUNRISE AND SUNSET
FEBRUARY 19 2017......SUNRISE   733 AM MST   SUNSET   615 PM MST
FEBRUARY 20 2017......SUNRISE   731 AM MST   SUNSET   616 PM MST


-  INDICATES NEGATIVE NUMBERS.
R  INDICATES RECORD WAS SET OR TIED.
MM INDICATES DATA IS MISSING.
T  INDICATES TRACE AMOUNT.




$$
