000
CDUS45 KPIH 232331
CLISNT


CLIMATE REPORT
NATIONAL WEATHER SERVICE POCATELLO ID
529 PM MDT SAT JUL 23 2016


...................................

...THE STANLEY ID CLIMATE SUMMARY FOR JULY 23 2016...
VALID TODAY AS OF 0500 PM LOCAL TIME.

CLIMATE NORMAL PERIOD 1981 TO 2010
CLIMATE RECORD PERIOD 1916 TO 2016


WEATHER ITEM   OBSERVED TIME   RECORD YEAR NORMAL DEPARTURE LAST
                VALUE   (LST)  VALUE       VALUE  FROM      YEAR
                                                  NORMAL
..................................................................
TEMPERATURE (F)
 TODAY
  MAXIMUM         78    204 PM  92    2003  80     -2       74
                                      1994
  MINIMUM         34    554 AM  25    1964  38     -4       50
  AVERAGE         56                        59     -3       62

PRECIPITATION (IN)
  TODAY            0.00          0.93 1984   0.03  -0.03     0.04
  MONTH TO DATE    0.10                      0.54  -0.44     0.79
  SINCE OCT 1     17.13                     15.31   1.82    16.31
  SINCE JAN 1      9.56                     10.46  -0.90     9.60

SNOWFALL (IN)
  TODAY           MM
  MONTH TO DATE   MM
  SINCE JUN 1     MM
  SINCE JUL 1     MM
  SNOW DEPTH      MM

DEGREE DAYS
 HEATING
  TODAY            9                         6      3        3
  MONTH TO DATE  208                       191     17      138
  SINCE JUN 1    512                       645   -133      372
  SINCE JUL 1    208                       191     17      138

 COOLING
  TODAY            0                         0      0        0
  MONTH TO DATE    0                         0      0        1
  SINCE JUN 1      3                         0      3       18
  SINCE JAN 1      3                         0      3       18
..................................................................


WIND (MPH)
  HIGHEST WIND SPEED    15   HIGHEST WIND DIRECTION    NW (330)
  HIGHEST GUST SPEED    23   HIGHEST GUST DIRECTION     N (340)
  AVERAGE WIND SPEED     4.8


SKY COVER
  POSSIBLE SUNSHINE  MM
  AVERAGE SKY COVER 0.0


WEATHER CONDITIONS
 THE FOLLOWING WEATHER WAS RECORDED TODAY.
  NO SIGNIFICANT WEATHER WAS OBSERVED.


RELATIVE HUMIDITY (PERCENT)
 HIGHEST    89           600 AM
 LOWEST     12          1200 PM
 AVERAGE    51

..........................................................


THE STANLEY ID CLIMATE NORMALS FOR TOMORROW
                         NORMAL    RECORD    YEAR
 MAXIMUM TEMPERATURE (F)   80        90      1976
 MINIMUM TEMPERATURE (F)   38        22      1968


SUNRISE AND SUNSET
JULY 23 2016..........SUNRISE   618 AM MDT   SUNSET   913 PM MDT
JULY 24 2016..........SUNRISE   620 AM MDT   SUNSET   912 PM MDT


-  INDICATES NEGATIVE NUMBERS.
R  INDICATES RECORD WAS SET OR TIED.
MM INDICATES DATA IS MISSING.
T  INDICATES TRACE AMOUNT.




$$
