000
CDUS45 KPIH 240731
CLISNT


CLIMATE REPORT
NATIONAL WEATHER SERVICE POCATELLO ID
129 AM MDT THU APR 24 2014


...................................

...THE STANLEY ID CLIMATE SUMMARY FOR APRIL 23 2014...

CLIMATE NORMAL PERIOD 1981 TO 2010
CLIMATE RECORD PERIOD 1916 TO 2014


WEATHER ITEM   OBSERVED TIME   RECORD YEAR NORMAL DEPARTURE LAST
                VALUE   (LST)  VALUE       VALUE  FROM      YEAR
                                                  NORMAL
..................................................................
TEMPERATURE (F)
 YESTERDAY
  MAXIMUM         37    532 PM  73    2012  50    -13       43
  MINIMUM         14    538 AM   5    2011  22     -8       10
  AVERAGE         26                        36    -10       27

PRECIPITATION (IN)
  YESTERDAY        0.02          0.40 1996   0.06  -0.04     0.00
  MONTH TO DATE    1.55                      1.32   0.23     1.41
  SINCE OCT 1     14.69                     11.29   3.40    12.43
  SINCE JAN 1     11.08                      6.44   4.64     4.24

SNOWFALL (IN)
  YESTERDAY       MM
  MONTH TO DATE   MM
  SINCE MAR 1     MM
  SINCE JUL 1     MM
  SNOW DEPTH      MM

DEGREE DAYS
 HEATING
  YESTERDAY       39                        29     10       38
  MONTH TO DATE  742                       747     -5      747
  SINCE MAR 1   1889                      1931    -42     1946
  SINCE JUL 1   9057                      9465   -408     9031

 COOLING
  YESTERDAY        0                         0      0        0
  MONTH TO DATE    0                         0      0        0
  SINCE MAR 1      0                         0      0        0
  SINCE JAN 1      0                         0      0        0
..................................................................


WIND (MPH)
  HIGHEST WIND SPEED    13   HIGHEST WIND DIRECTION     S (170)
  HIGHEST GUST SPEED    20   HIGHEST GUST DIRECTION     S (170)
  AVERAGE WIND SPEED     4.9


SKY COVER
  POSSIBLE SUNSHINE  MM
  AVERAGE SKY COVER 0.0


WEATHER CONDITIONS
 THE FOLLOWING WEATHER WAS RECORDED YESTERDAY.
  NO SIGNIFICANT WEATHER WAS OBSERVED.


RELATIVE HUMIDITY (PERCENT)
 HIGHEST    88           600 AM
 LOWEST     52           600 PM
 AVERAGE    70

..........................................................


THE STANLEY ID CLIMATE NORMALS FOR TODAY
                         NORMAL    RECORD    YEAR
 MAXIMUM TEMPERATURE (F)   50        73      1977
 MINIMUM TEMPERATURE (F)   22         6      2011


SUNRISE AND SUNSET
APRIL 24 2014.........SUNRISE   641 AM MDT   SUNSET   835 PM MDT
APRIL 25 2014.........SUNRISE   640 AM MDT   SUNSET   836 PM MDT


-  INDICATES NEGATIVE NUMBERS.
R  INDICATES RECORD WAS SET OR TIED.
MM INDICATES DATA IS MISSING.
T  INDICATES TRACE AMOUNT.




$$
