000
CDUS45 KPIH 312323
CLISNT


CLIMATE REPORT
NATIONAL WEATHER SERVICE POCATELLO ID
520 PM MDT WED AUG 31 2016


...................................

...THE STANLEY ID CLIMATE SUMMARY FOR AUGUST 31 2016...
VALID TODAY AS OF 0500 PM LOCAL TIME.

CLIMATE NORMAL PERIOD 1981 TO 2010
CLIMATE RECORD PERIOD 1916 TO 2016


WEATHER ITEM   OBSERVED TIME   RECORD YEAR NORMAL DEPARTURE LAST
                VALUE   (LST)  VALUE       VALUE  FROM      YEAR
                                                  NORMAL
..................................................................
TEMPERATURE (F)
 TODAY
  MAXIMUM         85    212 PM  86    1991  73     12       72
  MINIMUM         46    605 AM  18    2006  31     15       29
                                      1969
  AVERAGE         66                        52     14       51

PRECIPITATION (IN)
  TODAY            0.00          0.44 1963   0.03  -0.03     0.00
  MONTH TO DATE    0.02                      0.68  -0.66     0.57
  SINCE OCT 1     17.15                     16.14   1.01    17.23
  SINCE JAN 1      9.58                     11.29  -1.71    10.52

SNOWFALL (IN)
  TODAY           MM
  MONTH TO DATE   MM
  SINCE JUN 1     MM
  SINCE JUL 1     MM
  SNOW DEPTH      MM

DEGREE DAYS
 HEATING
  TODAY            0                        13    -13       14
  MONTH TO DATE  242                       279    -37      199
  SINCE JUN 1    782                       974   -192      649
  SINCE JUL 1    478                       520    -42      415

 COOLING
  TODAY            1                         0      1        0
  MONTH TO DATE    1                         0      1        7
  SINCE JUN 1      4                         3      1       25
  SINCE JAN 1      4                         3      1       25
..................................................................


WIND (MPH)
  HIGHEST WIND SPEED    16   HIGHEST WIND DIRECTION    NE (30)
  HIGHEST GUST SPEED    21   HIGHEST GUST DIRECTION    SW (220)
  AVERAGE WIND SPEED     4.1


SKY COVER
  POSSIBLE SUNSHINE  MM
  AVERAGE SKY COVER 0.0


WEATHER CONDITIONS
 THE FOLLOWING WEATHER WAS RECORDED TODAY.
  NO SIGNIFICANT WEATHER WAS OBSERVED.


RELATIVE HUMIDITY (PERCENT)
 HIGHEST    50           300 AM
 LOWEST     13           200 PM
 AVERAGE    32

..........................................................


THE STANLEY ID CLIMATE NORMALS FOR TOMORROW
                         NORMAL    RECORD    YEAR
 MAXIMUM TEMPERATURE (F)   73        88      1967
 MINIMUM TEMPERATURE (F)   31        18      1965


SUNRISE AND SUNSET
AUGUST 31 2016........SUNRISE   702 AM MDT   SUNSET   817 PM MDT
SEPTEMBER  1 2016.....SUNRISE   703 AM MDT   SUNSET   815 PM MDT


-  INDICATES NEGATIVE NUMBERS.
R  INDICATES RECORD WAS SET OR TIED.
MM INDICATES DATA IS MISSING.
T  INDICATES TRACE AMOUNT.




$$
