000
CDUS45 KCYS 022126
CLISNY


CLIMATE REPORT
NATIONAL WEATHER SERVICE CHEYENNE WY
326 PM MDT WED SEP 2 2015


...................................

...THE SIDNEY NE AIRPORT CLIMATE SUMMARY FOR SEPTEMBER 2 2015...
VALID AS OF 0300 PM LOCAL TIME.

CLIMATE NORMAL PERIOD 1981 TO 2010
CLIMATE RECORD PERIOD 1948 TO 2015


WEATHER ITEM   OBSERVED TIME   RECORD YEAR NORMAL DEPARTURE LAST
                VALUE   (LST)  VALUE       VALUE  FROM      YEAR
                                                  NORMAL
..................................................................
TEMPERATURE (F)
 TODAY
  MAXIMUM         95    112 PM  99    1983  85     10       87
  MINIMUM         54    450 AM  32    2006  54      0       42
  AVERAGE         75                        70      5       65

PRECIPITATION (IN)
  TODAY            0.00          0.83 1966   0.06  -0.06     0.00
  MONTH TO DATE    0.00                      0.12  -0.12     0.00
  SINCE JAN 1     19.27                     15.28   3.99    11.68

DEGREE DAYS
 HEATING
  TODAY            0                         1     -1        0
  MONTH TO DATE    0                         2     -2        1
  SINCE SEP 1      0                         2     -2        1
  SINCE JUL 1     38                        13     25       13

 COOLING
  TODAY           10                         6      4        0
  MONTH TO DATE   20                        12      8        0
  SINCE SEP 1     20                        12      8        0
  SINCE JAN 1    588                       754   -166      558
..................................................................


WIND (MPH)
  HIGHEST WIND SPEED    15   HIGHEST WIND DIRECTION     S (180)
  HIGHEST GUST SPEED    20   HIGHEST GUST DIRECTION     S (180)
  AVERAGE WIND SPEED     9.6


SKY COVER
  AVERAGE SKY COVER 0.0


WEATHER CONDITIONS
 THE FOLLOWING WEATHER WAS RECORDED TODAY.
  NO SIGNIFICANT WEATHER WAS OBSERVED.


RELATIVE HUMIDITY (PERCENT)
 HIGHEST    57           500 AM
 LOWEST     17           100 PM
 AVERAGE    37

..........................................................


THE SIDNEY NE AIRPORT CLIMATE NORMALS FOR TOMORROW
                         NORMAL    RECORD    YEAR
 MAXIMUM TEMPERATURE (F)   85        99      2014
 MINIMUM TEMPERATURE (F)   54        33      1974


SUNRISE AND SUNSET
SEPTEMBER  2 2015.....SUNRISE   619 AM MDT   SUNSET   723 PM MDT
SEPTEMBER  3 2015.....SUNRISE   620 AM MDT   SUNSET   722 PM MDT


-  INDICATES NEGATIVE NUMBERS.
R  INDICATES RECORD WAS SET OR TIED.
MM INDICATES DATA IS MISSING.
T  INDICATES TRACE AMOUNT.




$$
