000
CDUS45 KCYS 230727
CLISNY


CLIMATE REPORT
NATIONAL WEATHER SERVICE CHEYENNE WY
127 AM MDT WED JUL 23 2014


...................................

...THE SIDNEY NE AIRPORT CLIMATE SUMMARY FOR JULY 22 2014...

CLIMATE NORMAL PERIOD 1981 TO 2010
CLIMATE RECORD PERIOD 1948 TO 2014


WEATHER ITEM   OBSERVED TIME   RECORD YEAR NORMAL DEPARTURE LAST
                VALUE   (LST)  VALUE       VALUE  FROM      YEAR
                                                  NORMAL
..................................................................
TEMPERATURE (F)
 YESTERDAY
  MAXIMUM         96    307 PM 103    2012  91      5       95
                                      2005
  MINIMUM         60    452 AM  43    1990  61     -1       65
  AVERAGE         78                        76      2       80

PRECIPITATION (IN)
  YESTERDAY        0.00          1.25 1950   0.09  -0.09     0.00
  MONTH TO DATE    0.21                      2.14  -1.93     0.86
  SINCE JAN 1      8.63                     12.08  -3.45     6.89

DEGREE DAYS
 HEATING
  YESTERDAY        0                         0      0        0
  MONTH TO DATE    9                         0      9        0
  SINCE JUN 1     64                        59      5       37
  SINCE JUL 1      9                         0      9        0

 COOLING
  YESTERDAY       13                        11      2       15
  MONTH TO DATE  167                       222    -55      219
  SINCE JUN 1    235                       359   -124      387
  SINCE JAN 1    251                       381   -130      420
..................................................................


WIND (MPH)
  HIGHEST WIND SPEED    18   HIGHEST WIND DIRECTION     N (340)
  HIGHEST GUST SPEED    26   HIGHEST GUST DIRECTION    NW (330)
  AVERAGE WIND SPEED    10.2


SKY COVER
  AVERAGE SKY COVER 0.0


WEATHER CONDITIONS
 THE FOLLOWING WEATHER WAS RECORDED YESTERDAY.
  NO SIGNIFICANT WEATHER WAS OBSERVED.


RELATIVE HUMIDITY (PERCENT)
 HIGHEST    72           500 AM
 LOWEST     20           200 PM
 AVERAGE    46

..........................................................


THE SIDNEY NE AIRPORT CLIMATE NORMALS FOR TODAY
                         NORMAL    RECORD    YEAR
 MAXIMUM TEMPERATURE (F)   91       104      2005
 MINIMUM TEMPERATURE (F)   61        43      1990


SUNRISE AND SUNSET
JULY 23 2014..........SUNRISE   539 AM MDT   SUNSET   817 PM MDT
JULY 24 2014..........SUNRISE   540 AM MDT   SUNSET   816 PM MDT


-  INDICATES NEGATIVE NUMBERS.
R  INDICATES RECORD WAS SET OR TIED.
MM INDICATES DATA IS MISSING.
T  INDICATES TRACE AMOUNT.




$$
