000
CDUS45 KPUB 081145
CLISPD


CLIMATE REPORT
NATIONAL WEATHER SERVICE PUEBLO
445 AM MST MON FEB 8 2016


...................................

...THE SPRINGFIELD CO CLIMATE SUMMARY FOR FEBRUARY 7 2016...

CLIMATE NORMAL PERIOD 1981 TO 2010
CLIMATE RECORD PERIOD 9999 TO 9999


WEATHER ITEM   OBSERVED TIME   NORMAL DEPARTURE LAST
                VALUE   (LST)  VALUE  FROM      YEAR
                                      NORMAL
......................................................
TEMPERATURE (F)
 YESTERDAY
  MAXIMUM         47   1124 AM  49     -2       81
  MINIMUM         20    738 PM  19      1       36
  AVERAGE         34                            59

PRECIPITATION (IN)
  YESTERDAY        0.00          0.02  -0.02     0.00
  MONTH TO DATE    0.14          0.13   0.01     0.00
  SINCE DEC 1      0.39          1.01  -0.62     1.81
  SINCE JAN 1      0.30          0.50  -0.20     1.04

DEGREE DAYS
 HEATING
  YESTERDAY       31            31      0        6
  MONTH TO DATE  258           220     38      162
  SINCE DEC 1   2207          2250    -43     2085
  SINCE JUL 1   3212          3396   -184     3217

 COOLING
  YESTERDAY        0             0      0        0
  MONTH TO DATE    0             0      0        0
  SINCE DEC 1      0             0      0        0
  SINCE JAN 1      0             0      0        0
......................................................


WIND (MPH)
  HIGHEST WIND SPEED    25   HIGHEST WIND DIRECTION     N (360)
  HIGHEST GUST SPEED    32   HIGHEST GUST DIRECTION     N (360)
  AVERAGE WIND SPEED    13.2


SKY COVER
  POSSIBLE SUNSHINE  MM



RELATIVE HUMIDITY (PERCENT)
 HIGHEST    81           600 AM
 LOWEST     31          1100 AM
 AVERAGE    56

..........................................................


THE SPRINGFIELD CO CLIMATE NORMALS FOR TODAY
                         NORMAL    RECORD    YEAR
 MAXIMUM TEMPERATURE (F)   49        MM        MM
 MINIMUM TEMPERATURE (F)   19        MM        MM


SUNRISE AND SUNSET
FEBRUARY  8 2016......SUNRISE   647 AM MST   SUNSET   522 PM MST
FEBRUARY  9 2016......SUNRISE   646 AM MST   SUNSET   523 PM MST


-  INDICATES NEGATIVE NUMBERS.
R  INDICATES RECORD WAS SET OR TIED.
MM INDICATES DATA IS MISSING.
T  INDICATES TRACE AMOUNT.




$$
