000
CDUS45 KPUB 271126
CLISPD


CLIMATE REPORT
NATIONAL WEATHER SERVICE PUEBLO
426 AM MST TUE JAN 27 2015


...................................

...THE SPRINGFIELD CO CLIMATE SUMMARY FOR JANUARY 26 2015...

CLIMATE NORMAL PERIOD 1981 TO 2010
CLIMATE RECORD PERIOD 9999 TO 9999


WEATHER ITEM   OBSERVED TIME   NORMAL DEPARTURE LAST
                VALUE   (LST)  VALUE  FROM      YEAR
                                      NORMAL
......................................................
TEMPERATURE (F)
 YESTERDAY
  MAXIMUM         68    217 PM  47     21       59
  MINIMUM         31    205 AM  18     13       25
  AVERAGE         50                            42

PRECIPITATION (IN)
  YESTERDAY        0.00          0.01  -0.01     0.00
  MONTH TO DATE    0.32          0.28   0.04     0.20
  SINCE DEC 1      1.09          0.79   0.30     0.20
  SINCE JAN 1      0.32          0.28   0.04     0.20

DEGREE DAYS
 HEATING
  YESTERDAY       15            32    -17       23
  MONTH TO DATE  839           859    -20      801
  SINCE DEC 1   1820          1871    -51     1813
  SINCE JUL 1   2952          3017    -65     2925

 COOLING
  YESTERDAY        0             0      0        0
  MONTH TO DATE    0             0      0        0
  SINCE DEC 1      0             0      0        0
  SINCE JAN 1      0             0      0        0
......................................................


WIND (MPH)
  HIGHEST WIND SPEED    22   HIGHEST WIND DIRECTION     N (350)
  HIGHEST GUST SPEED    29   HIGHEST GUST DIRECTION     N (10)
  AVERAGE WIND SPEED    10.1


SKY COVER
  POSSIBLE SUNSHINE  MM



RELATIVE HUMIDITY (PERCENT)
 HIGHEST    78           200 AM
 LOWEST     22           200 PM
 AVERAGE    50

..........................................................


THE SPRINGFIELD CO CLIMATE NORMALS FOR TODAY
                         NORMAL    RECORD    YEAR
 MAXIMUM TEMPERATURE (F)   48        MM        MM
 MINIMUM TEMPERATURE (F)   18        MM        MM


SUNRISE AND SUNSET
JANUARY 27 2015.......SUNRISE   657 AM MST   SUNSET   509 PM MST
JANUARY 28 2015.......SUNRISE   657 AM MST   SUNSET   510 PM MST


-  INDICATES NEGATIVE NUMBERS.
R  INDICATES RECORD WAS SET OR TIED.
MM INDICATES DATA IS MISSING.
T  INDICATES TRACE AMOUNT.




$$
