000
CDUS45 KPUB 041055
CLISPD


CLIMATE REPORT
NATIONAL WEATHER SERVICE PUEBLO
455 AM MDT TUE AUG 4 2015


...................................

...THE SPRINGFIELD CO CLIMATE SUMMARY FOR AUGUST 3 2015...

CLIMATE NORMAL PERIOD 1981 TO 2010
CLIMATE RECORD PERIOD 9999 TO 9999


WEATHER ITEM   OBSERVED TIME   NORMAL DEPARTURE LAST
                VALUE   (LST)  VALUE  FROM      YEAR
                                      NORMAL
......................................................
TEMPERATURE (F)
 YESTERDAY
  MAXIMUM         89   1229 PM  89      0       86
  MINIMUM         63   1159 PM  62      1       53
  AVERAGE         76                            70

PRECIPITATION (IN)
  YESTERDAY        0.01          0.10  -0.09     0.00
  MONTH TO DATE    0.01          0.30  -0.29     0.00
  SINCE JUN 1      4.09          5.63  -1.54     5.52
  SINCE JAN 1     11.66         11.20   0.46     9.41

DEGREE DAYS
 HEATING
  YESTERDAY        0             0      0        0
  MONTH TO DATE    0             0      0        0
  SINCE JUN 1      0            23    -23       28
  SINCE JUL 1      0             2     -2        6

 COOLING
  YESTERDAY       11            11      0        5
  MONTH TO DATE   36            33      3       15
  SINCE JUN 1    616           590     26      552
  SINCE JAN 1    617           644    -27      610
......................................................


WIND (MPH)
  HIGHEST WIND SPEED    25   HIGHEST WIND DIRECTION    NW (320)
  HIGHEST GUST SPEED    35   HIGHEST GUST DIRECTION    NE (50)
  AVERAGE WIND SPEED     9.0


SKY COVER
  POSSIBLE SUNSHINE  MM



RELATIVE HUMIDITY (PERCENT)
 HIGHEST    93           100 AM
 LOWEST     34          1200 PM
 AVERAGE    64

..........................................................


THE SPRINGFIELD CO CLIMATE NORMALS FOR TODAY
                         NORMAL    RECORD    YEAR
 MAXIMUM TEMPERATURE (F)   89        MM        MM
 MINIMUM TEMPERATURE (F)   62        MM        MM


SUNRISE AND SUNSET
AUGUST  4 2015........SUNRISE   557 AM MDT   SUNSET   755 PM MDT
AUGUST  5 2015........SUNRISE   558 AM MDT   SUNSET   754 PM MDT


-  INDICATES NEGATIVE NUMBERS.
R  INDICATES RECORD WAS SET OR TIED.
MM INDICATES DATA IS MISSING.
T  INDICATES TRACE AMOUNT.




$$
