000
CDUS45 KPUB 221126
CLISPD


CLIMATE REPORT
NATIONAL WEATHER SERVICE PUEBLO
426 AM MST MON DEC 22 2014


...................................

...THE SPRINGFIELD CO CLIMATE SUMMARY FOR DECEMBER 21 2014...

CLIMATE NORMAL PERIOD 1981 TO 2010
CLIMATE RECORD PERIOD 9999 TO 9999


WEATHER ITEM   OBSERVED TIME   NORMAL DEPARTURE LAST
                VALUE   (LST)  VALUE  FROM      YEAR
                                      NORMAL
......................................................
TEMPERATURE (F)
 YESTERDAY
  MAXIMUM         59   1210 PM  45     14       31
  MINIMUM         28    350 AM  18     10       10
  AVERAGE         44                            21

PRECIPITATION (IN)
  YESTERDAY        0.00          0.02  -0.02     0.00
  MONTH TO DATE    0.55          0.38   0.17     0.00
  SINCE DEC 1      0.55          0.38   0.17     0.00
  SINCE JAN 1     13.91         17.42  -3.51    14.25

DEGREE DAYS
 HEATING
  YESTERDAY       21            34    -13       44
  MONTH TO DATE  563           674   -111      712
  SINCE DEC 1    563           674   -111      712
  SINCE JUL 1   1695          1820   -125     1824

 COOLING
  YESTERDAY        0             0      0        0
  MONTH TO DATE    0             0      0        0
  SINCE DEC 1      0             0      0        0
  SINCE JAN 1   1042          1028     14     1358
......................................................


WIND (MPH)
  HIGHEST WIND SPEED    18   HIGHEST WIND DIRECTION     W (290)
  HIGHEST GUST SPEED    22   HIGHEST GUST DIRECTION     W (250)
  AVERAGE WIND SPEED    10.4


SKY COVER
  POSSIBLE SUNSHINE  MM



RELATIVE HUMIDITY (PERCENT)
 HIGHEST    85          1200 AM
 LOWEST     23          1200 PM
 AVERAGE    54

..........................................................


THE SPRINGFIELD CO CLIMATE NORMALS FOR TODAY
                         NORMAL    RECORD    YEAR
 MAXIMUM TEMPERATURE (F)   45        MM        MM
 MINIMUM TEMPERATURE (F)   18        MM        MM


SUNRISE AND SUNSET
DECEMBER 22 2014......SUNRISE   701 AM MST   SUNSET   437 PM MST
DECEMBER 23 2014......SUNRISE   702 AM MST   SUNSET   438 PM MST


-  INDICATES NEGATIVE NUMBERS.
R  INDICATES RECORD WAS SET OR TIED.
MM INDICATES DATA IS MISSING.
T  INDICATES TRACE AMOUNT.




$$
