000
CDUS43 KILX 290638
CLISPI


CLIMATE REPORT
NATIONAL WEATHER SERVICE LINCOLN IL
137 AM CDT SUN MAY 29 2016


...................................

...THE SPRINGFIELD IL CLIMATE SUMMARY FOR MAY 28 2016...

CLIMATE NORMAL PERIOD 1981 TO 2010
CLIMATE RECORD PERIOD 1879 TO 2016


WEATHER ITEM   OBSERVED TIME   RECORD YEAR NORMAL DEPARTURE LAST
                VALUE   (LST)  VALUE       VALUE  FROM      YEAR
                                                  NORMAL
..................................................................
TEMPERATURE (F)
 YESTERDAY
  MAXIMUM         86    335 PM  94    2006  78      8       86
  MINIMUM         70    710 AM  40    1992  57     13       57
  AVERAGE         78                        67     11       72

PRECIPITATION (IN)
  YESTERDAY        0.00          1.24 1955   0.14  -0.14     0.48
  MONTH TO DATE    2.40                      3.81  -1.41     4.15
  SINCE MAR 1     10.76                      9.95   0.81     7.83
  SINCE JAN 1     13.09                     13.58  -0.49    11.11

SNOWFALL (IN)
  YESTERDAY        0.0           0.0    MM   0.0    0.0      0.0
  MONTH TO DATE    0.0                       0.0    0.0      0.0
  SINCE MAR 1      0.1                       2.8   -2.7      3.7
  SINCE JUL 1     15.7                      20.9   -5.2     33.9
  SNOW DEPTH       0

DEGREE DAYS
 HEATING
  YESTERDAY        0                         2     -2        0
  MONTH TO DATE  119                       120     -1       70
  SINCE MAR 1    891                      1194   -303     1085
  SINCE JUL 1   4317                      5465  -1148     5654

 COOLING
  YESTERDAY       13                         4      9        7
  MONTH TO DATE   74                        70      4      144
  SINCE MAR 1     94                        90      4      154
  SINCE JAN 1     94                        90      4      154
..................................................................


WIND (MPH)
  HIGHEST WIND SPEED    23   HIGHEST WIND DIRECTION     S (170)
  HIGHEST GUST SPEED    29   HIGHEST GUST DIRECTION     S (170)
  AVERAGE WIND SPEED    13.9


SKY COVER
  POSSIBLE SUNSHINE  MM
  AVERAGE SKY COVER 0.4


WEATHER CONDITIONS
 THE FOLLOWING WEATHER WAS RECORDED YESTERDAY.
  THUNDERSTORM


RELATIVE HUMIDITY (PERCENT)
 HIGHEST    84          1200 AM
 LOWEST     51           300 PM
 AVERAGE    68

..........................................................


THE SPRINGFIELD IL CLIMATE NORMALS FOR TODAY
                         NORMAL    RECORD    YEAR
 MAXIMUM TEMPERATURE (F)   79        95      1934
 MINIMUM TEMPERATURE (F)   57        39      1965


SUNRISE AND SUNSET
MAY 29 2016...........SUNRISE   534 AM CDT   SUNSET   819 PM CDT
MAY 30 2016...........SUNRISE   533 AM CDT   SUNSET   820 PM CDT


-  INDICATES NEGATIVE NUMBERS.
R  INDICATES RECORD WAS SET OR TIED.
MM INDICATES DATA IS MISSING.
T  INDICATES TRACE AMOUNT.




$$
