000
CDUS43 KILX 030633
CLISPI


CLIMATE REPORT
NATIONAL WEATHER SERVICE LINCOLN IL
133 AM CDT WED JUN 3 2015


...................................

...THE SPRINGFIELD IL CLIMATE SUMMARY FOR JUNE 2 2015...

CLIMATE NORMAL PERIOD 1981 TO 2010
CLIMATE RECORD PERIOD 1879 TO 2015


WEATHER ITEM   OBSERVED TIME   RECORD YEAR NORMAL DEPARTURE LAST
                VALUE   (LST)  VALUE       VALUE  FROM      YEAR
                                                  NORMAL
..................................................................
TEMPERATURE (F)
 YESTERDAY
  MAXIMUM         76    422 PM  99    1934  80     -4       84
  MINIMUM         54    349 AM  43    1956  58     -4       73
                                      1888
  AVERAGE         65                        69     -4       79

PRECIPITATION (IN)
  YESTERDAY        0.00          2.51 1882   0.15  -0.15      T
  MONTH TO DATE    0.00                      0.31  -0.31      T
  SINCE JUN 1      0.00                      0.31  -0.31      T
  SINCE JAN 1     12.91                     14.32  -1.41    14.29

SNOWFALL (IN)
  YESTERDAY        0.0           0.0    MM   0.0    0.0      0.0
  MONTH TO DATE    0.0                       0.0    0.0      0.0
  SINCE JUN 1      0.0                       0.0    0.0      0.0
  SINCE JUL 1     33.9                      20.9   13.0     45.7
  SNOW DEPTH       0

DEGREE DAYS
 HEATING
  YESTERDAY        0                         1     -1        0
  MONTH TO DATE    3                         2      1        0
  SINCE JUN 1      3                         2      1        0
  SINCE JUL 1   5669                      5472    197     6206

 COOLING
  YESTERDAY        0                         5     -5       14
  MONTH TO DATE    0                        10    -10       30
  SINCE JUN 1      0                        10    -10       30
  SINCE JAN 1    166                       114     52      206
..................................................................


WIND (MPH)
  HIGHEST WIND SPEED    15   HIGHEST WIND DIRECTION     E (90)
  HIGHEST GUST SPEED    19   HIGHEST GUST DIRECTION     E (100)
  AVERAGE WIND SPEED     5.2


SKY COVER
  POSSIBLE SUNSHINE  MM
  AVERAGE SKY COVER 0.2


WEATHER CONDITIONS
 THE FOLLOWING WEATHER WAS RECORDED YESTERDAY.
  FOG


RELATIVE HUMIDITY (PERCENT)
 HIGHEST    93           100 AM
 LOWEST     47          1200 PM
 AVERAGE    70

..........................................................


THE SPRINGFIELD IL CLIMATE NORMALS FOR TODAY
                         NORMAL    RECORD    YEAR
 MAXIMUM TEMPERATURE (F)   80       100      1911
 MINIMUM TEMPERATURE (F)   58        41      1929


SUNRISE AND SUNSET
JUNE  3 2015..........SUNRISE   532 AM CDT   SUNSET   822 PM CDT
JUNE  4 2015..........SUNRISE   531 AM CDT   SUNSET   823 PM CDT


-  INDICATES NEGATIVE NUMBERS.
R  INDICATES RECORD WAS SET OR TIED.
MM INDICATES DATA IS MISSING.
T  INDICATES TRACE AMOUNT.




$$
