000
CDUS43 KILX 300701
CLISPI


CLIMATE REPORT
NATIONAL WEATHER SERVICE LINCOLN IL
101 AM CST FRI JAN 30 2015


...................................

...THE SPRINGFIELD IL CLIMATE SUMMARY FOR JANUARY 29 2015...

CLIMATE NORMAL PERIOD 1981 TO 2010
CLIMATE RECORD PERIOD 1879 TO 2015


WEATHER ITEM   OBSERVED TIME   RECORD YEAR NORMAL DEPARTURE LAST
                VALUE   (LST)  VALUE       VALUE  FROM      YEAR
                                                  NORMAL
..................................................................
TEMPERATURE (F)
 YESTERDAY
  MAXIMUM         46    419 AM  64    2013  36     10       32
                                      2008
  MINIMUM         34   1159 PM -11    1966  19     15        5
  AVERAGE         40                        27     13       19

PRECIPITATION (IN)
  YESTERDAY        T             1.32 2013   0.05  -0.05     0.00
  MONTH TO DATE    1.19                      1.71  -0.52     2.11
  SINCE DEC 1      3.14                      4.23  -1.09     3.71
  SINCE JAN 1      1.19                      1.71  -0.52     2.11

SNOWFALL (IN)
  YESTERDAY        0.0           4.8  2000   0.2   -0.2      0.0
  MONTH TO DATE    3.4                       6.0   -2.6     15.9
  SINCE DEC 1      3.9                      11.6   -7.7     24.1
  SINCE JUL 1      7.6                      12.2   -4.6     24.8
  SNOW DEPTH       0

DEGREE DAYS
 HEATING
  YESTERDAY       25                        38    -13       46
  MONTH TO DATE 1090                      1109    -19     1277
  SINCE DEC 1   2026                      2181   -155     2441
  SINCE JUL 1   3262                      3249     13     3623

 COOLING
  YESTERDAY        0                         0      0        0
  MONTH TO DATE    0                         0      0        0
  SINCE DEC 1      0                         0      0        0
  SINCE JAN 1      0                         0      0        0
..................................................................


WIND (MPH)
  HIGHEST WIND SPEED    26   HIGHEST WIND DIRECTION    NW (310)
  HIGHEST GUST SPEED    36   HIGHEST GUST DIRECTION     W (290)
  AVERAGE WIND SPEED    18.4


SKY COVER
  POSSIBLE SUNSHINE  MM
  AVERAGE SKY COVER 0.8


WEATHER CONDITIONS
 THE FOLLOWING WEATHER WAS RECORDED YESTERDAY.
  HAZE


RELATIVE HUMIDITY (PERCENT)
 HIGHEST    82           800 AM
 LOWEST     69          1100 PM
 AVERAGE    76

..........................................................


THE SPRINGFIELD IL CLIMATE NORMALS FOR TODAY
                         NORMAL    RECORD    YEAR
 MAXIMUM TEMPERATURE (F)   36        62      1884
 MINIMUM TEMPERATURE (F)   19       -14      2004


SUNRISE AND SUNSET
JANUARY 30 2015.......SUNRISE   709 AM CST   SUNSET   516 PM CST
JANUARY 31 2015.......SUNRISE   708 AM CST   SUNSET   517 PM CST


-  INDICATES NEGATIVE NUMBERS.
R  INDICATES RECORD WAS SET OR TIED.
MM INDICATES DATA IS MISSING.
T  INDICATES TRACE AMOUNT.




$$
