000
CDUS43 KILX 272143
CLISPI


CLIMATE REPORT
NATIONAL WEATHER SERVICE LINCOLN IL
443 PM CDT THU APR 27 2017


...................................

...THE SPRINGFIELD IL CLIMATE SUMMARY FOR APRIL 27 2017...
VALID TODAY AS OF 0400 PM LOCAL TIME.

CLIMATE NORMAL PERIOD 1981 TO 2010
CLIMATE RECORD PERIOD 1879 TO 2017


WEATHER ITEM   OBSERVED TIME   RECORD YEAR NORMAL DEPARTURE LAST
                VALUE   (LST)  VALUE       VALUE  FROM      YEAR
                                                  NORMAL
..................................................................
TEMPERATURE (F)
 TODAY
  MAXIMUM         61   1218 AM  87    1984  69     -8       64
                                      1981
  MINIMUM         45    902 AM  33    1968  46     -1       50
                                      1946
                                      1928
  AVERAGE         53                        58     -5       57

PRECIPITATION (IN)
  TODAY            0.40          1.93 2002   0.13   0.27     0.39
  MONTH TO DATE    3.74                      3.12   0.62     2.15
  SINCE MAR 1      8.00                      5.75   2.25     7.74
  SINCE JAN 1      9.47                      9.38   0.09    10.07

SNOWFALL (IN)
  TODAY            0.0           0.0    MM   0.0    0.0      0.0
  MONTH TO DATE    0.0                       0.3   -0.3      0.0
  SINCE MAR 1      4.6                       2.8    1.8      0.1
  SINCE JUL 1     10.3                      20.9  -10.6     15.7
  SNOW DEPTH       0

DEGREE DAYS
 HEATING
  TODAY           12                         8      4        8
  MONTH TO DATE  173                       342   -169      288
  SINCE MAR 1    770                      1053   -283      752
  SINCE JUL 1   4025                      5324  -1299     4178

 COOLING
  TODAY            0                         1     -1        0
  MONTH TO DATE   37                        16     21       20
  SINCE MAR 1     37                        18     19       20
  SINCE JAN 1     37                        18     19       20
..................................................................


WIND (MPH)
  HIGHEST WIND SPEED    25   HIGHEST WIND DIRECTION    NW (300)
  HIGHEST GUST SPEED    32   HIGHEST GUST DIRECTION     W (290)
  AVERAGE WIND SPEED    15.6


SKY COVER
  POSSIBLE SUNSHINE  MM
  AVERAGE SKY COVER 0.9


WEATHER CONDITIONS
 THE FOLLOWING WEATHER WAS RECORDED TODAY.
  HEAVY RAIN
  RAIN
  LIGHT RAIN
  FOG


RELATIVE HUMIDITY (PERCENT)
 HIGHEST   100           500 AM
 LOWEST     66           300 PM
 AVERAGE    83

..........................................................


THE SPRINGFIELD IL CLIMATE NORMALS FOR TOMORROW
                         NORMAL    RECORD    YEAR
 MAXIMUM TEMPERATURE (F)   69        87      1951
 MINIMUM TEMPERATURE (F)   47        31      1992


SUNRISE AND SUNSET
APRIL 27 2017.........SUNRISE   604 AM CDT   SUNSET   749 PM CDT
APRIL 28 2017.........SUNRISE   603 AM CDT   SUNSET   750 PM CDT


-  INDICATES NEGATIVE NUMBERS.
R  INDICATES RECORD WAS SET OR TIED.
MM INDICATES DATA IS MISSING.
T  INDICATES TRACE AMOUNT.




$$
