000
CDUS43 KILX 200647
CLISPI


CLIMATE REPORT
NATIONAL WEATHER SERVICE LINCOLN IL
147 AM CDT FRI OCT 20 2017


...................................

...THE SPRINGFIELD IL CLIMATE SUMMARY FOR OCTOBER 19 2017...

CLIMATE NORMAL PERIOD 1981 TO 2010
CLIMATE RECORD PERIOD 1879 TO 2017


WEATHER ITEM   OBSERVED TIME   RECORD YEAR NORMAL DEPARTURE LAST
                VALUE   (LST)  VALUE       VALUE  FROM      YEAR
                                                  NORMAL
..................................................................
TEMPERATURE (F)
 YESTERDAY
  MAXIMUM         80    250 PM  85    1953  65     15       71
                                      1950
  MINIMUM         53    216 AM  19    1992  43     10       50
  AVERAGE         67                        54     13       61

PRECIPITATION (IN)
  YESTERDAY        0.00          1.64 1885   0.11  -0.11     0.15
  MONTH TO DATE    5.01                      1.90   3.11     1.76
  SINCE SEP 1      5.02                      4.80   0.22     3.61
  SINCE JAN 1     30.06                     30.45  -0.39    39.46

SNOWFALL (IN)
  YESTERDAY        0.0           0.3  1989   0.0    0.0      0.0
  MONTH TO DATE    0.0                       0.0    0.0      0.0
  SINCE SEP 1      0.0                       0.0    0.0      0.0
  SINCE JUL 1      0.0                       0.0    0.0      0.0
  SNOW DEPTH       0

DEGREE DAYS
 HEATING
  YESTERDAY        0                        11    -11        4
  MONTH TO DATE   47                       169   -122       58
  SINCE SEP 1     83                       245   -162       70
  SINCE JUL 1     83                       250   -167       71

 COOLING
  YESTERDAY        2                         0      2        0
  MONTH TO DATE   72                        19     53       65
  SINCE SEP 1    281                       148    133      323
  SINCE JAN 1   1393                      1118    275     1599
..................................................................


WIND (MPH)
  HIGHEST WIND SPEED    12   HIGHEST WIND DIRECTION     S (180)
  HIGHEST GUST SPEED    16   HIGHEST GUST DIRECTION     S (190)
  AVERAGE WIND SPEED     6.0


SKY COVER
  POSSIBLE SUNSHINE  MM
  AVERAGE SKY COVER 0.0


WEATHER CONDITIONS
 THE FOLLOWING WEATHER WAS RECORDED YESTERDAY.
  NO SIGNIFICANT WEATHER WAS OBSERVED.


RELATIVE HUMIDITY (PERCENT)
 HIGHEST    83           200 AM
 LOWEST     39           400 PM
 AVERAGE    61

..........................................................


THE SPRINGFIELD IL CLIMATE NORMALS FOR TODAY
                         NORMAL    RECORD    YEAR
 MAXIMUM TEMPERATURE (F)   65        87      2003
 MINIMUM TEMPERATURE (F)   43        24      1964


SUNRISE AND SUNSET
OCTOBER 20 2017.......SUNRISE   715 AM CDT   SUNSET   612 PM CDT
OCTOBER 21 2017.......SUNRISE   716 AM CDT   SUNSET   610 PM CDT


-  INDICATES NEGATIVE NUMBERS.
R  INDICATES RECORD WAS SET OR TIED.
MM INDICATES DATA IS MISSING.
T  INDICATES TRACE AMOUNT.




$$
