000
CDUS44 KOUN 290645
CLISPS

CLIMATE REPORT
NATIONAL WEATHER SERVICE NORMAN OK
144 AM CDT FRI AUG 29 2014

...................................

...THE WICHITA FALLS CLIMATE SUMMARY FOR AUGUST 28 2014...

CLIMATE NORMAL PERIOD 1981 TO 2010
CLIMATE RECORD PERIOD 1897 TO 2014


WEATHER ITEM   OBSERVED TIME   RECORD YEAR NORMAL DEPARTURE LAST
                VALUE   (LST)  VALUE       VALUE  FROM      YEAR
                                                  NORMAL
..................................................................
TEMPERATURE (F)
 YESTERDAY
  MAXIMUM         99    256 PM 110    2011  95      4       98
  MINIMUM         68   1052 PM  53    1992  70     -2       71
  AVERAGE         84                        82      2       85

PRECIPITATION (IN)
  YESTERDAY        0.87          3.40 1914   0.09   0.78     0.00
  MONTH TO DATE    1.99                      2.21  -0.22     1.49
  SINCE JAN 1     15.76                     19.44  -3.68    15.48

DEGREE DAYS
 COOLING
  YESTERDAY       19                        17      2       20
  MONTH TO DATE  552                       538     14      542
  SINCE JAN 1   1942                      1894     48     1988
..................................................................


WIND (MPH)
  HIGHEST WIND SPEED    32   HIGHEST WIND DIRECTION    NW (320)
  HIGHEST GUST SPEED    40   HIGHEST GUST DIRECTION    NW (310)
  AVERAGE WIND SPEED    11.7


SKY COVER
  AVERAGE SKY COVER 0.4


WEATHER CONDITIONS
 THE FOLLOWING WEATHER WAS RECORDED YESTERDAY.
  THUNDERSTORM
  HEAVY RAIN
  RAIN
  LIGHT RAIN
  FOG


RELATIVE HUMIDITY (PERCENT)
 HIGHEST    93          1000 PM
 LOWEST     29           200 PM
 AVERAGE    61

..........................................................


THE WICHITA FALLS CLIMATE NORMALS FOR TODAY
                         NORMAL    RECORD    YEAR
 MAXIMUM TEMPERATURE (F)   94       108      2011
 MINIMUM TEMPERATURE (F)   69        57      1986


SUNRISE AND SUNSET
AUGUST 29 2014........SUNRISE   705 AM CDT   SUNSET   804 PM CDT
AUGUST 30 2014........SUNRISE   706 AM CDT   SUNSET   802 PM CDT


-  INDICATES NEGATIVE NUMBERS.
R  INDICATES RECORD WAS SET OR TIED.
MM INDICATES DATA IS MISSING.
T  INDICATES TRACE AMOUNT.




$$
