000
CDUS44 KOUN 300646
CLISPS

CLIMATE REPORT
NATIONAL WEATHER SERVICE NORMAN OK
142 AM CDT WED JUL 30 2014


...................................

...THE WICHITA FALLS CLIMATE SUMMARY FOR JULY 29 2014...

CLIMATE NORMAL PERIOD 1981 TO 2010
CLIMATE RECORD PERIOD 1897 TO 2014


WEATHER ITEM   OBSERVED TIME   RECORD YEAR NORMAL DEPARTURE LAST
                VALUE   (LST)  VALUE       VALUE  FROM      YEAR
                                                  NORMAL
..................................................................
TEMPERATURE (F)
 YESTERDAY
  MAXIMUM         80    527 PM 108    1986  98    -18       94
                                      1980
  MINIMUM         72   1159 PM  63    1969  73     -1       74
  AVERAGE         76                        85     -9       84

PRECIPITATION (IN)
  YESTERDAY        0.02          1.92 1973   0.04  -0.02     0.68
  MONTH TO DATE    5.11                      1.48   3.63     3.87
  SINCE JAN 1     13.35                     17.12  -3.77    13.99

DEGREE DAYS
 COOLING
  YESTERDAY       11                        20     -9       19
  MONTH TO DATE  478                       560    -82      517
  SINCE JAN 1   1368                      1315     53     1404
..................................................................


WIND (MPH)
  HIGHEST WIND SPEED    14   HIGHEST WIND DIRECTION     S (170)
  HIGHEST GUST SPEED    17   HIGHEST GUST DIRECTION     S (170)
  AVERAGE WIND SPEED     4.6


SKY COVER
  AVERAGE SKY COVER 0.7


WEATHER CONDITIONS
 THE FOLLOWING WEATHER WAS RECORDED YESTERDAY.
  LIGHT RAIN


RELATIVE HUMIDITY (PERCENT)
 HIGHEST    93           100 AM
 LOWEST     54           400 PM
 AVERAGE    74

..........................................................


THE WICHITA FALLS CLIMATE NORMALS FOR TODAY
                         NORMAL    RECORD    YEAR
 MAXIMUM TEMPERATURE (F)   98       110      1986
                                             1980
 MINIMUM TEMPERATURE (F)   73        58      1965


SUNRISE AND SUNSET
JULY 30 2014..........SUNRISE   644 AM CDT   SUNSET   836 PM CDT
JULY 31 2014..........SUNRISE   645 AM CDT   SUNSET   835 PM CDT


-  INDICATES NEGATIVE NUMBERS.
R  INDICATES RECORD WAS SET OR TIED.
MM INDICATES DATA IS MISSING.
T  INDICATES TRACE AMOUNT.




$$
