000
CDUS44 KOUN 260632
CLISPS

CLIMATE REPORT
NATIONAL WEATHER SERVICE NORMAN OK
130 AM CDT MON JUN 26 2017


...................................

...THE WICHITA FALLS CLIMATE SUMMARY FOR JUNE 25 2017...

CLIMATE NORMAL PERIOD 1981 TO 2010
CLIMATE RECORD PERIOD 1897 TO 2017


WEATHER ITEM   OBSERVED TIME   RECORD YEAR NORMAL DEPARTURE LAST
                VALUE   (LST)  VALUE       VALUE  FROM      YEAR
                                                  NORMAL
..................................................................
TEMPERATURE (F)
 YESTERDAY
  MAXIMUM         85    446 PM 114    1980  94     -9       94
  MINIMUM         64    548 AM  54    1974  70     -6       72
  AVERAGE         75                        82     -7       83

PRECIPITATION (IN)
  YESTERDAY        0.00          1.23 1993   0.09  -0.09     0.00
  MONTH TO DATE    2.40                      3.71  -1.31     3.29
  SINCE JUN 1      2.40                      3.71  -1.31     3.29
  SINCE JAN 1     12.72                     15.20  -2.48    19.78

SNOWFALL (IN)
  YESTERDAY        0.0

DEGREE DAYS
 HEATING
  YESTERDAY        0                         0      0        0
  MONTH TO DATE    0                         0      0        0
  SINCE JUN 1      0                         0      0        0
  SINCE JUL 1   2162                      2968   -806     2312

 COOLING
  YESTERDAY       10                        17     -7       18
  MONTH TO DATE  336                       349    -13      373
  SINCE JUN 1    336                       349    -13      373
  SINCE JAN 1    685                       668     17      626
..................................................................


WIND (MPH)
  HIGHEST WIND SPEED    15   HIGHEST WIND DIRECTION    SE (140)
  HIGHEST GUST SPEED    23   HIGHEST GUST DIRECTION    SE (140)
  AVERAGE WIND SPEED     8.1


SKY COVER
  AVERAGE SKY COVER 0.2


WEATHER CONDITIONS
 THE FOLLOWING WEATHER WAS RECORDED YESTERDAY.
  NO SIGNIFICANT WEATHER WAS OBSERVED.


RELATIVE HUMIDITY (PERCENT)
 HIGHEST    87           500 AM
 LOWEST     43           600 PM
 AVERAGE    65

..........................................................


THE WICHITA FALLS CLIMATE NORMALS FOR TODAY
                         NORMAL    RECORD    YEAR
 MAXIMUM TEMPERATURE (F)   94       113      1980
 MINIMUM TEMPERATURE (F)   70        53      1974


SUNRISE AND SUNSET
JUNE 26 2017..........SUNRISE   625 AM CDT   SUNSET   849 PM CDT
JUNE 27 2017..........SUNRISE   625 AM CDT   SUNSET   849 PM CDT


-  INDICATES NEGATIVE NUMBERS.
R  INDICATES RECORD WAS SET OR TIED.
MM INDICATES DATA IS MISSING.
T  INDICATES TRACE AMOUNT.




$$
