000
CDUS44 KOUN 180657
CLISPS

CLIMATE REPORT
NATIONAL WEATHER SERVICE NORMAN OK
146 AM CDT FRI APR 18 2014


...................................

...THE WICHITA FALLS CLIMATE SUMMARY FOR APRIL 17 2014...

CLIMATE NORMAL PERIOD 1981 TO 2010
CLIMATE RECORD PERIOD 1897 TO 2014


WEATHER ITEM   OBSERVED TIME   RECORD YEAR NORMAL DEPARTURE LAST
                VALUE   (LST)  VALUE       VALUE  FROM      YEAR
                                                  NORMAL
..................................................................
TEMPERATURE (F)
 YESTERDAY
  MAXIMUM         67   1201 PM 101    2006  76     -9       84
  MINIMUM         44    621 AM  34    1999  50     -6       54
  AVERAGE         56                        63     -7       69

PRECIPITATION (IN)
  YESTERDAY        0.06          3.45 2010   0.08  -0.02     0.18
  MONTH TO DATE    0.68                      1.20  -0.52     2.42
  SINCE JAN 1      3.21                      6.29  -3.08     5.63

SNOWFALL (IN)
  YESTERDAY        0.0                       0.0    0.0      0.0
  MONTH TO DATE    0.0                       0.0    0.0       T
  SINCE JUL 1      5.0                       3.9    1.1      3.5
  SNOW DEPTH       0

DEGREE DAYS
 HEATING
  YESTERDAY        9                         4      5        0
  MONTH TO DATE  107                       103      4      135
  SINCE JUL 1   3325                      2906    419     2712

 COOLING
  YESTERDAY        0                         2     -2        4
  MONTH TO DATE   45                        29     16       29
  SINCE JAN 1     61                        51     10       49
..................................................................


WIND (MPH)
  HIGHEST WIND SPEED    18   HIGHEST WIND DIRECTION    SE (120)
  HIGHEST GUST SPEED    22   HIGHEST GUST DIRECTION    SE (140)
  AVERAGE WIND SPEED     9.0


SKY COVER
  AVERAGE SKY COVER 0.7


WEATHER CONDITIONS
 THE FOLLOWING WEATHER WAS RECORDED YESTERDAY.
  RAIN
  LIGHT RAIN
  FOG


RELATIVE HUMIDITY (PERCENT)
 HIGHEST    93           700 PM
 LOWEST     58          1200 PM
 AVERAGE    76

..........................................................


THE WICHITA FALLS CLIMATE NORMALS FOR TODAY
                         NORMAL    RECORD    YEAR
 MAXIMUM TEMPERATURE (F)   77       103      2011
 MINIMUM TEMPERATURE (F)   50        36      1944


SUNRISE AND SUNSET
APRIL 18 2014.........SUNRISE   659 AM CDT   SUNSET   808 PM CDT
APRIL 19 2014.........SUNRISE   658 AM CDT   SUNSET   808 PM CDT


-  INDICATES NEGATIVE NUMBERS.
R  INDICATES RECORD WAS SET OR TIED.
MM INDICATES DATA IS MISSING.
T  INDICATES TRACE AMOUNT.




$$
