000
CDUS42 KTBW 032117
CLISRQ


CLIMATE REPORT
NATIONAL WEATHER SERVICE TAMPA BAY FL
514 PM EDT MON AUG 3 2015


...................................

...THE SARASOTA BRADENTON CLIMATE SUMMARY FOR AUGUST 3 2015...
VALID TODAY AS OF 0500 PM LOCAL TIME.

CLIMATE NORMAL PERIOD 1981 TO 2010
CLIMATE RECORD PERIOD 1911 TO 2015


WEATHER ITEM   OBSERVED TIME   RECORD YEAR NORMAL DEPARTURE LAST
                VALUE   (LST)  VALUE       VALUE  FROM      YEAR
                                                  NORMAL
..................................................................
TEMPERATURE (F)
 TODAY
  MAXIMUM         84    359 PM  98    1925  90     -6       95
  MINIMUM         72    632 AM  65    1976  75     -3       77
  AVERAGE         78                        82     -4       86

PRECIPITATION (IN)
  TODAY            1.06          4.05 1940   0.28   0.78     0.00
  MONTH TO DATE    1.60                      0.85   0.75      T
  SINCE JUN 1     12.14                     16.34  -4.20     9.13
  SINCE JAN 1     24.46                     30.04  -5.58    27.51

DEGREE DAYS
 HEATING
  TODAY            0                         0      0        0
  MONTH TO DATE    0                         0      0        0
  SINCE JUN 1      0                         0      0        0
  SINCE JUL 1      0                         0      0        0

 COOLING
  TODAY           13                        17     -4       21
  MONTH TO DATE   43                        51     -8       61
  SINCE JUN 1   1091                      1062     29     1168
  SINCE JAN 1   2131                      1813    318     1980
..................................................................


WIND (MPH)
  RESULTANT WIND SPEED  10   RESULTANT WIND DIRECTION  SW (240)
  HIGHEST WIND SPEED    22   HIGHEST WIND DIRECTION    NW (310)
  HIGHEST GUST SPEED    29   HIGHEST GUST DIRECTION    NW (310)
  AVERAGE WIND SPEED    11.6


SKY COVER
  POSSIBLE SUNSHINE  MM
  AVERAGE SKY COVER 0.6


WEATHER CONDITIONS
 THE FOLLOWING WEATHER WAS RECORDED TODAY.
  THUNDERSTORM
  HEAVY RAIN
  RAIN
  LIGHT RAIN
  FOG


RELATIVE HUMIDITY (PERCENT)
 HIGHEST    94           900 AM
 LOWEST     61           300 PM

..........................................................


THE SARASOTA BRADENTON CLIMATE NORMALS FOR TOMORROW
                         NORMAL    RECORD    YEAR
 MAXIMUM TEMPERATURE (F)   90        97      1989
 MINIMUM TEMPERATURE (F)   75        66      1971


SUNRISE AND SUNSET
AUGUST  3 2015........SUNRISE   655 AM EDT   SUNSET   818 PM EDT
AUGUST  4 2015........SUNRISE   655 AM EDT   SUNSET   817 PM EDT


-  INDICATES NEGATIVE NUMBERS.
R  INDICATES RECORD WAS SET OR TIED.
MM INDICATES DATA IS MISSING.
T  INDICATES TRACE AMOUNT.




$$


&&
------------------------------------------------------------------
******************** SUPPLEMENTAL DATA ***************************

...GULF WATER TEMPERATURE AT VENICE PIER 84
