000
CDUS42 KTBW 292115
CLISRQ


CLIMATE REPORT
NATIONAL WEATHER SERVICE TAMPA BAY FL
513 PM EDT TUE JUL 29 2014


...................................

...THE SARASOTA BRADENTON CLIMATE SUMMARY FOR JULY 29 2014...
VALID TODAY AS OF 0500 PM LOCAL TIME.

CLIMATE NORMAL PERIOD 1981 TO 2010
CLIMATE RECORD PERIOD 1911 TO 2014


WEATHER ITEM   OBSERVED TIME   RECORD YEAR NORMAL DEPARTURE LAST
                VALUE   (LST)  VALUE       VALUE  FROM      YEAR
                                                  NORMAL
..................................................................
TEMPERATURE (F)
 TODAY
  MAXIMUM         92    348 PM  96    2011  90      2       92
                                      1998
                                      1996
  MINIMUM         85    600 AM  64    1976  75     10       75
  AVERAGE         89                        82      7       84

PRECIPITATION (IN)
  TODAY            0.00          3.58 1960   0.25  -0.25     0.19
  MONTH TO DATE    2.11                      7.44  -5.33    10.22
  SINCE JUN 1      9.09                     14.95  -5.86    18.96
  SINCE JAN 1     27.47                     28.65  -1.18    27.10

DEGREE DAYS
 HEATING
  TODAY            0                         0      0        0
  MONTH TO DATE    0                         0      0        0
  SINCE JUN 1      0                         0      0        0
  SINCE JUL 1      0                         0      0        0

 COOLING
  TODAY           24                        18      6       19
  MONTH TO DATE  563                       506     57      509
  SINCE JUN 1   1073                       978     95     1022
  SINCE JAN 1   1885                      1729    156     1890
..................................................................


WIND (MPH)
  RESULTANT WIND SPEED  14   RESULTANT WIND DIRECTION   W (280)
  HIGHEST WIND SPEED    22   HIGHEST WIND DIRECTION     W (290)
  HIGHEST GUST SPEED    26   HIGHEST GUST DIRECTION     W (280)
  AVERAGE WIND SPEED    14.4


SKY COVER
  POSSIBLE SUNSHINE  MM
  AVERAGE SKY COVER 0.2


WEATHER CONDITIONS
 THE FOLLOWING WEATHER WAS RECORDED TODAY.
  NO SIGNIFICANT WEATHER WAS OBSERVED.


RELATIVE HUMIDITY (PERCENT)
 HIGHEST    72           300 PM
 LOWEST     52           400 PM

..........................................................


THE SARASOTA BRADENTON CLIMATE NORMALS FOR TOMORROW
                         NORMAL    RECORD    YEAR
 MAXIMUM TEMPERATURE (F)   90        96      1998
                                             1990
                                             1927
 MINIMUM TEMPERATURE (F)   75        65      1976


SUNRISE AND SUNSET
JULY 29 2014..........SUNRISE   652 AM EDT   SUNSET   821 PM EDT
JULY 30 2014..........SUNRISE   653 AM EDT   SUNSET   820 PM EDT


-  INDICATES NEGATIVE NUMBERS.
R  INDICATES RECORD WAS SET OR TIED.
MM INDICATES DATA IS MISSING.
T  INDICATES TRACE AMOUNT.




$$


&&
------------------------------------------------------------------
******************** SUPPLEMENTAL DATA ***************************

...GULF WATER TEMPERATURE AT NEW PASS 89
