000
CDUS42 KTBW 220832
CLISRQ


CLIMATE REPORT
NATIONAL WEATHER SERVICE TAMPA BAY FL
429 AM EDT TUE JUL 22 2014


...................................

...THE SARASOTA BRADENTON CLIMATE SUMMARY FOR JULY 21 2014...

CLIMATE NORMAL PERIOD 1981 TO 2010
CLIMATE RECORD PERIOD 1911 TO 2014


WEATHER ITEM   OBSERVED TIME   RECORD YEAR NORMAL DEPARTURE LAST
                VALUE   (LST)  VALUE       VALUE  FROM      YEAR
                                                  NORMAL
..................................................................
TEMPERATURE (F)
 YESTERDAY
  MAXIMUM         93    245 PM  98    1918  90      3       89
  MINIMUM         75   1159 PM  65    1948  75      0       74
  AVERAGE         84                        82      2       82

PRECIPITATION (IN)
  YESTERDAY        0.00          4.00 1919   0.24  -0.24     0.00
  MONTH TO DATE    2.07                      5.39  -3.32     9.85
  SINCE JUN 1      9.05                     12.90  -3.85    18.59
  SINCE JAN 1     27.43                     26.60   0.83    26.73

DEGREE DAYS
 HEATING
  YESTERDAY        0                         0      0        0
  MONTH TO DATE    0                         0      0        0
  SINCE JUN 1      0                         0      0        0
  SINCE JUL 1      0                         0      0        0

 COOLING
  YESTERDAY       19                        18      1       17
  MONTH TO DATE  399                       362     37      352
  SINCE JUN 1    909                       834     75      865
  SINCE JAN 1   1721                      1585    136     1733
..................................................................


WIND (MPH)
  HIGHEST WIND SPEED    17   HIGHEST WIND DIRECTION    SE (120)
  HIGHEST GUST SPEED    23   HIGHEST GUST DIRECTION     N (10)
  AVERAGE WIND SPEED     5.8


SKY COVER
  POSSIBLE SUNSHINE  MM
  AVERAGE SKY COVER 0.0


WEATHER CONDITIONS
 THE FOLLOWING WEATHER WAS RECORDED YESTERDAY.
  THUNDERSTORM


RELATIVE HUMIDITY (PERCENT)
 HIGHEST    94           400 AM
 LOWEST     60           200 PM

..........................................................


THE SARASOTA BRADENTON CLIMATE NORMALS FOR TODAY
                         NORMAL    RECORD    YEAR
 MAXIMUM TEMPERATURE (F)   90        98      1984
 MINIMUM TEMPERATURE (F)   75        64      1976


SUNRISE AND SUNSET
JULY 22 2014..........SUNRISE   649 AM EDT   SUNSET   825 PM EDT
JULY 23 2014..........SUNRISE   649 AM EDT   SUNSET   824 PM EDT


-  INDICATES NEGATIVE NUMBERS.
R  INDICATES RECORD WAS SET OR TIED.
MM INDICATES DATA IS MISSING.
T  INDICATES TRACE AMOUNT.




$$


&&
------------------------------------------------------------------
******************** SUPPLEMENTAL DATA ***************************

...GULF WATER TEMPERATURE AT NEW PASS 87 DEGREES.
