000
CDUS42 KTBW 200832
CLISRQ


CLIMATE REPORT
NATIONAL WEATHER SERVICE TAMPA BAY FL
430 AM EDT SUN APR 20 2014


...................................

...THE SARASOTA BRADENTON CLIMATE SUMMARY FOR APRIL 19 2014...

CLIMATE NORMAL PERIOD 1981 TO 2010
CLIMATE RECORD PERIOD 1911 TO 2014


WEATHER ITEM   OBSERVED TIME   RECORD YEAR NORMAL DEPARTURE LAST
                VALUE   (LST)  VALUE       VALUE  FROM      YEAR
                                                  NORMAL
..................................................................
TEMPERATURE (F)
 YESTERDAY
  MAXIMUM         74   1250 PM  93    1927  81     -7       87
  MINIMUM         64   1159 PM  38    1923  62      2       71
  AVERAGE         69                        72     -3       79

PRECIPITATION (IN)
  YESTERDAY        T             2.33 1957   0.09  -0.09     0.00
  MONTH TO DATE    1.24                      1.63  -0.39     3.48
  SINCE MAR 1      7.71                      5.49   2.22     4.53
  SINCE JAN 1     11.33                     10.68   0.65     5.67

DEGREE DAYS
 HEATING
  YESTERDAY        0                         0      0        0
  MONTH TO DATE    0                         8     -8        0
  SINCE MAR 1     37                        57    -20      152
  SINCE JUL 1    345                       475   -130      397

 COOLING
  YESTERDAY        4                         7     -3       14
  MONTH TO DATE  121                       109     12      177
  SINCE MAR 1    207                       209     -2      210
  SINCE JAN 1    323                       313     10      412
..................................................................


WIND (MPH)
  HIGHEST WIND SPEED    22   HIGHEST WIND DIRECTION     W (290)
  HIGHEST GUST SPEED    27   HIGHEST GUST DIRECTION     W (280)
  AVERAGE WIND SPEED    13.9


SKY COVER
  POSSIBLE SUNSHINE  MM
  AVERAGE SKY COVER 0.8


WEATHER CONDITIONS
 THE FOLLOWING WEATHER WAS RECORDED YESTERDAY.
  LIGHT RAIN


RELATIVE HUMIDITY (PERCENT)
 HIGHEST    87          1200 AM
 LOWEST     61          1100 AM

..........................................................


THE SARASOTA BRADENTON CLIMATE NORMALS FOR TODAY
                         NORMAL    RECORD    YEAR
 MAXIMUM TEMPERATURE (F)   81        92      1990
                                             1965
 MINIMUM TEMPERATURE (F)   62        42      1936


SUNRISE AND SUNSET
APRIL 20 2014.........SUNRISE   701 AM EDT   SUNSET   758 PM EDT
APRIL 21 2014.........SUNRISE   700 AM EDT   SUNSET   758 PM EDT


-  INDICATES NEGATIVE NUMBERS.
R  INDICATES RECORD WAS SET OR TIED.
MM INDICATES DATA IS MISSING.
T  INDICATES TRACE AMOUNT.




$$


&&
------------------------------------------------------------------
******************** SUPPLEMENTAL DATA ***************************

...GULF WATER TEMPERATURE AT NEW PASS 73 DEGREES.
