536
CDUS42 KTBW 102218
CLISRQ


CLIMATE REPORT
NATIONAL WEATHER SERVICE TAMPA BAY FL
516 PM EST WED FEB 10 2016


...................................

...THE SARASOTA BRADENTON CLIMATE SUMMARY FOR FEBRUARY 10 2016...
VALID TODAY AS OF 0500 PM LOCAL TIME.

CLIMATE NORMAL PERIOD 1981 TO 2010
CLIMATE RECORD PERIOD 1911 TO 2016


WEATHER ITEM   OBSERVED TIME   RECORD YEAR NORMAL DEPARTURE LAST
                VALUE   (LST)  VALUE       VALUE  FROM      YEAR
                                                  NORMAL
..................................................................
TEMPERATURE (F)
 TODAY
  MAXIMUM         61    152 PM  84    1986  73    -12       65
  MINIMUM         50    806 AM  32    1995  53     -3       53
  AVERAGE         56                        63     -7       59

PRECIPITATION (IN)
  TODAY            0.00          1.66 1980   0.05  -0.05     0.00
  MONTH TO DATE    0.40                      0.44  -0.04     2.96
  SINCE DEC 1      6.10                      5.46   0.64     4.50
  SINCE JAN 1      4.81                      2.93   1.88     4.03

DEGREE DAYS
 HEATING
  TODAY            9                         4      5        6
  MONTH TO DATE   59                        40     19       40
  SINCE DEC 1    229                       327    -98      261
  SINCE JUL 1    233                       360   -127      346

 COOLING
  TODAY            0                         2     -2        0
  MONTH TO DATE   27                        16     11        0
  SINCE DEC 1    311                       142    169      148
  SINCE JAN 1     52                        68    -16       59
..................................................................


WIND (MPH)
  RESULTANT WIND SPEED   9   RESULTANT WIND DIRECTION  NW (330)
  HIGHEST WIND SPEED    21   HIGHEST WIND DIRECTION    NW (310)
  HIGHEST GUST SPEED    28   HIGHEST GUST DIRECTION    NW (310)
  AVERAGE WIND SPEED    10.6


SKY COVER
  POSSIBLE SUNSHINE  MM
  AVERAGE SKY COVER 0.6


WEATHER CONDITIONS
 THE FOLLOWING WEATHER WAS RECORDED TODAY.
  NO SIGNIFICANT WEATHER WAS OBSERVED.


RELATIVE HUMIDITY (PERCENT)
 HIGHEST    66           200 AM
 LOWEST     46           200 PM

..........................................................


THE SARASOTA BRADENTON CLIMATE NORMALS FOR TOMORROW
                         NORMAL    RECORD    YEAR
 MAXIMUM TEMPERATURE (F)   73        86      1994
 MINIMUM TEMPERATURE (F)   53        31      1919


SUNRISE AND SUNSET
FEBRUARY 10 2016......SUNRISE   711 AM EST   SUNSET   618 PM EST
FEBRUARY 11 2016......SUNRISE   710 AM EST   SUNSET   619 PM EST


-  INDICATES NEGATIVE NUMBERS.
R  INDICATES RECORD WAS SET OR TIED.
MM INDICATES DATA IS MISSING.
T  INDICATES TRACE AMOUNT.




$$
