000
CDUS42 KJAX 270533
CLISSI


CLIMATE REPORT
NATIONAL WEATHER SERVICE JACKSONVILLE FL
133 AM EDT WED MAY 27 2015


...................................

...THE ST SIMONS ISLAND CLIMATE SUMMARY FOR MAY 26 2015...

CLIMATE NORMAL PERIOD 1981 TO 2010
CLIMATE RECORD PERIOD 1948 TO 2015


WEATHER ITEM   OBSERVED TIME   RECORD YEAR NORMAL DEPARTURE LAST
                VALUE   (LST)  VALUE       VALUE  FROM      YEAR
                                                  NORMAL
..................................................................
TEMPERATURE (F)
 YESTERDAY
  MAXIMUM         84    313 PM 100    1953  84      0       82
  MINIMUM         75    608 AM  55    1979  70      5       71
  AVERAGE         80                        77      3       77

PRECIPITATION (IN)
  YESTERDAY        0.00          1.44 1981   0.07  -0.07     0.08
  MONTH TO DATE    1.22                      1.41  -0.19     1.55
  SINCE MAR 1      7.02                      7.78  -0.76    12.01
  SINCE JAN 1     12.74                     14.47  -1.73    18.49

SNOWFALL (IN)
  YESTERDAY        0.0           0.0    MM                   0.0
  MONTH TO DATE    0.0                                       0.0
  SINCE MAR 1      0.0                                       0.0
  SINCE JUL 1      0.0                                        T
  SNOW DEPTH       0

DEGREE DAYS
 HEATING
  YESTERDAY        0                         0      0        0
  MONTH TO DATE    1                         2     -1        1
  SINCE MAR 1    115                       235   -120      266
  SINCE JUL 1   1495                      1486      9     1494

 COOLING
  YESTERDAY       15                        12      3       12
  MONTH TO DATE  272                       235     37      238
  SINCE MAR 1    477                       369    108      368
  SINCE JAN 1    483                       378    105      376
..................................................................


WIND (MPH)
  HIGHEST WIND SPEED    16   HIGHEST WIND DIRECTION    SE (130)
  HIGHEST GUST SPEED    21   HIGHEST GUST DIRECTION    SE (120)
  AVERAGE WIND SPEED    MM


SKY COVER
  POSSIBLE SUNSHINE  MM
  AVERAGE SKY COVER  MM


WEATHER CONDITIONS
 THE FOLLOWING WEATHER WAS RECORDED YESTERDAY.
  NO SIGNIFICANT WEATHER WAS OBSERVED.


RELATIVE HUMIDITY (PERCENT)
 HIGHEST    MM
 LOWEST     MM
 AVERAGE    MM

..........................................................


THE ST SIMONS ISLAND CLIMATE NORMALS FOR TODAY
                         NORMAL    RECORD    YEAR
 MAXIMUM TEMPERATURE (F)   85        96      2006
                                             1962
 MINIMUM TEMPERATURE (F)   70        56      1961


SUNRISE AND SUNSET
MAY 27 2015...........SUNRISE   624 AM EDT   SUNSET   822 PM EDT
MAY 28 2015...........SUNRISE   624 AM EDT   SUNSET   822 PM EDT


-  INDICATES NEGATIVE NUMBERS.
R  INDICATES RECORD WAS SET OR TIED.
MM INDICATES DATA IS MISSING.
T  INDICATES TRACE AMOUNT.




$$
