000
CDUS42 KJAX 260526
CLISSI


CLIMATE REPORT
NATIONAL WEATHER SERVICE JACKSONVILLE FL
126 AM EDT SUN MAR 26 2017


...................................

...THE ST SIMONS ISLAND CLIMATE SUMMARY FOR MARCH 25 2017...

CLIMATE NORMAL PERIOD 1981 TO 2010
CLIMATE RECORD PERIOD 1948 TO 2017


WEATHER ITEM   OBSERVED TIME   RECORD YEAR NORMAL DEPARTURE LAST
                VALUE   (LST)  VALUE       VALUE  FROM      YEAR
                                                  NORMAL
..................................................................
TEMPERATURE (F)
 YESTERDAY
  MAXIMUM         77    127 PM  84    1984  71      6       77
  MINIMUM         63    645 AM  34    1968  54      9       61
  AVERAGE         70                        62      8       69

PRECIPITATION (IN)
  YESTERDAY        0.00          2.25 1992   0.12  -0.12     0.02
  MONTH TO DATE    0.66                      3.15  -2.49     0.80
  SINCE MAR 1      0.66                      3.15  -2.49     0.80
  SINCE JAN 1      6.52                      9.84  -3.32     7.94

SNOWFALL (IN)
  YESTERDAY        0.0           0.0    MM                   0.0
  MONTH TO DATE    0.0                                       0.0
  SINCE MAR 1      0.0                                       0.0
  SINCE JUL 1      0.0                                       0.0
  SNOW DEPTH       0

DEGREE DAYS
 HEATING
  YESTERDAY        0                         4     -4        0
  MONTH TO DATE  154                       155     -1       81
  SINCE MAR 1    154                       155     -1       81
  SINCE JUL 1    769                      1406   -637      987

 COOLING
  YESTERDAY        5                         1      4        4
  MONTH TO DATE   39                        24     15       58
  SINCE MAR 1     39                        24     15       58
  SINCE JAN 1     91                        33     58       62
..................................................................


WIND (MPH)
  HIGHEST WIND SPEED    14   HIGHEST WIND DIRECTION     E (100)
  HIGHEST GUST SPEED    19   HIGHEST GUST DIRECTION     E (100)
  AVERAGE WIND SPEED     8.2


SKY COVER
  POSSIBLE SUNSHINE  MM
  AVERAGE SKY COVER 0.2


WEATHER CONDITIONS
 THE FOLLOWING WEATHER WAS RECORDED YESTERDAY.
  NO SIGNIFICANT WEATHER WAS OBSERVED.


RELATIVE HUMIDITY (PERCENT)
 HIGHEST    87          1100 PM
 LOWEST     46           200 PM
 AVERAGE    67

..........................................................


THE ST SIMONS ISLAND CLIMATE NORMALS FOR TODAY
                         NORMAL    RECORD    YEAR
 MAXIMUM TEMPERATURE (F)   71        84      1955
 MINIMUM TEMPERATURE (F)   54        38      2013


SUNRISE AND SUNSET
MARCH 26 2017.........SUNRISE   722 AM EDT   SUNSET   741 PM EDT
MARCH 27 2017.........SUNRISE   720 AM EDT   SUNSET   742 PM EDT


-  INDICATES NEGATIVE NUMBERS.
R  INDICATES RECORD WAS SET OR TIED.
MM INDICATES DATA IS MISSING.
T  INDICATES TRACE AMOUNT.




$$
