000
CDUS42 KJAX 230527
CLISSI


CLIMATE REPORT
NATIONAL WEATHER SERVICE JACKSONVILLE FL
127 AM EDT FRI JUN 23 2017


...................................

...THE ST SIMONS ISLAND CLIMATE SUMMARY FOR JUNE 22 2017...

CLIMATE NORMAL PERIOD 1981 TO 2010
CLIMATE RECORD PERIOD 1948 TO 2017


WEATHER ITEM   OBSERVED TIME   RECORD YEAR NORMAL DEPARTURE LAST
                VALUE   (LST)  VALUE       VALUE  FROM      YEAR
                                                  NORMAL
..................................................................
TEMPERATURE (F)
 YESTERDAY
  MAXIMUM         89   1253 PM  96    1974  88      1       90
  MINIMUM         78    317 AM  64    1965  74      4       70
  AVERAGE         84                        81      3       80

PRECIPITATION (IN)
  YESTERDAY        0.00          1.82 1958   0.17  -0.17     0.00
  MONTH TO DATE    3.44                      3.59  -0.15     3.23
  SINCE JUN 1      3.44                      3.59  -0.15     3.23
  SINCE JAN 1     15.58                     18.51  -2.93    16.26

SNOWFALL (IN)
  YESTERDAY        0.0           0.0    MM                   0.0
  MONTH TO DATE    0.0                                       0.0
  SINCE JUN 1      0.0                                       0.0
  SINCE JUL 1      0.0                                       0.0
  SNOW DEPTH       0

DEGREE DAYS
 HEATING
  YESTERDAY        0                         0      0        0
  MONTH TO DATE    0                         0      0        0
  SINCE JUN 1      0                         0      0        0
  SINCE JUL 1    781                      1488   -707     1021

 COOLING
  YESTERDAY       19                        16      3       15
  MONTH TO DATE  320                       326     -6      369
  SINCE JUN 1    320                       326     -6      369
  SINCE JAN 1   1028                       768    260      893
..................................................................


WIND (MPH)
  HIGHEST WIND SPEED    17   HIGHEST WIND DIRECTION    SE (140)
  HIGHEST GUST SPEED    23   HIGHEST GUST DIRECTION     S (170)
  AVERAGE WIND SPEED     9.1


SKY COVER
  POSSIBLE SUNSHINE  MM
  AVERAGE SKY COVER 0.1


WEATHER CONDITIONS
 THE FOLLOWING WEATHER WAS RECORDED YESTERDAY.
  NO SIGNIFICANT WEATHER WAS OBSERVED.


RELATIVE HUMIDITY (PERCENT)
 HIGHEST    94           100 AM
 LOWEST     70           100 PM
 AVERAGE    82

..........................................................


THE ST SIMONS ISLAND CLIMATE NORMALS FOR TODAY
                         NORMAL    RECORD    YEAR
 MAXIMUM TEMPERATURE (F)   89        96      1950
 MINIMUM TEMPERATURE (F)   74        65      1972


SUNRISE AND SUNSET
JUNE 23 2017..........SUNRISE   623 AM EDT   SUNSET   833 PM EDT
JUNE 24 2017..........SUNRISE   623 AM EDT   SUNSET   833 PM EDT


-  INDICATES NEGATIVE NUMBERS.
R  INDICATES RECORD WAS SET OR TIED.
MM INDICATES DATA IS MISSING.
T  INDICATES TRACE AMOUNT.




$$
