000
CDUS42 KJAX 230531
CLISSI


CLIMATE REPORT
NATIONAL WEATHER SERVICE JACKSONVILLE FL
1231 AM EST SUN NOV 23 2014


...................................

...THE ST SIMONS ISLAND CLIMATE SUMMARY FOR NOVEMBER 22 2014...

CLIMATE NORMAL PERIOD 1981 TO 2010
CLIMATE RECORD PERIOD 1948 TO 2014


WEATHER ITEM   OBSERVED TIME   RECORD YEAR NORMAL DEPARTURE LAST
                VALUE   (LST)  VALUE       VALUE  FROM      YEAR
                                                  NORMAL
..................................................................
TEMPERATURE (F)
 YESTERDAY
  MAXIMUM         65    115 PM  81    1997  69     -4       75
  MINIMUM         58    228 AM  31    2000  51      7       62
  AVERAGE         62                        60      2       69

PRECIPITATION (IN)
  YESTERDAY        0.01          1.26 1984   0.05  -0.04     0.05
  MONTH TO DATE    0.61                      1.52  -0.91     1.92
  SINCE SEP 1      9.08                     11.74  -2.66    13.98
  SINCE JAN 1     39.83                     41.85  -2.02    48.92

SNOWFALL (IN)
  YESTERDAY        0.0           0.0    MM                   0.0
  MONTH TO DATE    0.0                                       0.0
  SINCE SEP 1      0.0                                       0.0
  SINCE JUL 1      0.0                                       0.0
  SNOW DEPTH       0

DEGREE DAYS
 HEATING
  YESTERDAY        3                         6     -3        0
  MONTH TO DATE  196                        93    103       78
  SINCE SEP 1    213                       123     90      100
  SINCE JUL 1    213                       123     90      100

 COOLING
  YESTERDAY        0                         1     -1        4
  MONTH TO DATE   11                        45    -34       41
  SINCE SEP 1    574                       630    -56      638
  SINCE JAN 1   2579                      2606    -27     2583
..................................................................


WIND (MPH)
  HIGHEST WIND SPEED    20   HIGHEST WIND DIRECTION    NE (40)
  HIGHEST GUST SPEED    26   HIGHEST GUST DIRECTION     N (20)
  AVERAGE WIND SPEED    11.8


SKY COVER
  POSSIBLE SUNSHINE  MM
  AVERAGE SKY COVER 0.7


WEATHER CONDITIONS
 THE FOLLOWING WEATHER WAS RECORDED YESTERDAY.
  FOG


RELATIVE HUMIDITY (PERCENT)
 HIGHEST   100           800 PM
 LOWEST     72           100 AM
 AVERAGE    86

..........................................................


THE ST SIMONS ISLAND CLIMATE NORMALS FOR TODAY
                         NORMAL    RECORD    YEAR
 MAXIMUM TEMPERATURE (F)   69        82      1992
 MINIMUM TEMPERATURE (F)   51        30      1956


SUNRISE AND SUNSET
NOVEMBER 23 2014......SUNRISE   700 AM EST   SUNSET   524 PM EST
NOVEMBER 24 2014......SUNRISE   700 AM EST   SUNSET   524 PM EST


-  INDICATES NEGATIVE NUMBERS.
R  INDICATES RECORD WAS SET OR TIED.
MM INDICATES DATA IS MISSING.
T  INDICATES TRACE AMOUNT.




$$
