000
CDUS42 KJAX 290527
CLISSI


CLIMATE REPORT
NATIONAL WEATHER SERVICE JACKSONVILLE FL
127 AM EDT SAT APR 29 2017


...................................

...THE ST SIMONS ISLAND CLIMATE SUMMARY FOR APRIL 28 2017...

CLIMATE NORMAL PERIOD 1981 TO 2010
CLIMATE RECORD PERIOD 1948 TO 2017


WEATHER ITEM   OBSERVED TIME   RECORD YEAR NORMAL DEPARTURE LAST
                VALUE   (LST)  VALUE       VALUE  FROM      YEAR
                                                  NORMAL
..................................................................
TEMPERATURE (F)
 YESTERDAY
  MAXIMUM         84    310 PM  92    1985  78      6       82
  MINIMUM         70    509 AM  48    1993  61      9       69
  AVERAGE         77                        70      7       76

PRECIPITATION (IN)
  YESTERDAY        0.00          0.78 2000   0.06  -0.06     0.17
  MONTH TO DATE    1.59                      2.36  -0.77     2.65
  SINCE MAR 1      2.25                      6.24  -3.99     4.21
  SINCE JAN 1      8.11                     12.93  -4.82    11.35

SNOWFALL (IN)
  YESTERDAY        0.0           0.0    MM                   0.0
  MONTH TO DATE    0.0                                       0.0
  SINCE MAR 1      0.0                                       0.0
  SINCE JUL 1      0.0                                       0.0
  SNOW DEPTH       0

DEGREE DAYS
 HEATING
  YESTERDAY        0                         1     -1        0
  MONTH TO DATE   12                        55    -43       30
  SINCE MAR 1    166                       232    -66      111
  SINCE JUL 1    781                      1483   -702     1017

 COOLING
  YESTERDAY       12                         5      7       11
  MONTH TO DATE  173                        92     81       92
  SINCE MAR 1    258                       123    135      180
  SINCE JAN 1    310                       132    178      184
..................................................................


WIND (MPH)
  HIGHEST WIND SPEED    17   HIGHEST WIND DIRECTION    SE (150)
  HIGHEST GUST SPEED    23   HIGHEST GUST DIRECTION    SE (150)
  AVERAGE WIND SPEED     8.5


SKY COVER
  POSSIBLE SUNSHINE  MM
  AVERAGE SKY COVER 0.0


WEATHER CONDITIONS
 THE FOLLOWING WEATHER WAS RECORDED YESTERDAY.
  FOG
  HAZE


RELATIVE HUMIDITY (PERCENT)
 HIGHEST    94           700 AM
 LOWEST     65          1000 AM
 AVERAGE    80

..........................................................


THE ST SIMONS ISLAND CLIMATE NORMALS FOR TODAY
                         NORMAL    RECORD    YEAR
 MAXIMUM TEMPERATURE (F)   78        90      2002
 MINIMUM TEMPERATURE (F)   62        44      1967


SUNRISE AND SUNSET
APRIL 29 2017.........SUNRISE   643 AM EDT   SUNSET   804 PM EDT
APRIL 30 2017.........SUNRISE   642 AM EDT   SUNSET   804 PM EDT


-  INDICATES NEGATIVE NUMBERS.
R  INDICATES RECORD WAS SET OR TIED.
MM INDICATES DATA IS MISSING.
T  INDICATES TRACE AMOUNT.




$$
