000
CDUS43 KMPX 200711
CLISTC


CLIMATE REPORT
NATIONAL WEATHER SERVICE CHANHASSEN MN
110 AM CST SAT JAN 20 2018


...................................

...THE ST CLOUD MN CLIMATE SUMMARY FOR JANUARY 19 2018...

CLIMATE NORMAL PERIOD 1981 TO 2010
CLIMATE RECORD PERIOD 1893 TO 2018


WEATHER ITEM   OBSERVED TIME   RECORD YEAR NORMAL DEPARTURE LAST
                VALUE   (LST)  VALUE       VALUE  FROM      YEAR
                                                  NORMAL
..................................................................
TEMPERATURE (F)
 YESTERDAY
  MAXIMUM         46    301 PM  50    1900  21     25       40
  MINIMUM         24   1241 AM -40    1994   1     23       23
  AVERAGE         35                        11     24       32

PRECIPITATION (IN)
  YESTERDAY        0.00          0.36 1979   0.02  -0.02     0.00
  MONTH TO DATE    0.17                      0.43  -0.26     0.37
  SINCE DEC 1      0.61                      1.25  -0.64     1.92
  SINCE JAN 1      0.17                      0.43  -0.26     0.37

SNOWFALL (IN)
  YESTERDAY        0.0           5.8  1979   0.3   -0.3      0.0
  MONTH TO DATE    3.9                       5.6   -1.7      9.0
  SINCE DEC 1      8.6                      15.0   -6.4     17.8
  SINCE JUL 1     15.7                      24.2   -8.5     25.1
  SNOW DEPTH       3

DEGREE DAYS
 HEATING
  YESTERDAY       30                        54    -24       33
  MONTH TO DATE 1078                      1019     59     1047
  SINCE DEC 1   2621                      2541     80     2511
  SINCE JUL 1   4387                      4466    -79     3885

 COOLING
  YESTERDAY        0                         0      0        0
  MONTH TO DATE    0                         0      0        0
  SINCE DEC 1      0                         0      0        0
  SINCE JAN 1      0                         0      0        0
..................................................................


WIND (MPH)
  HIGHEST WIND SPEED    12   HIGHEST WIND DIRECTION     W (270)
  HIGHEST GUST SPEED    19   HIGHEST GUST DIRECTION    SW (240)
  AVERAGE WIND SPEED     5.7


SKY COVER
  POSSIBLE SUNSHINE  MM
  AVERAGE SKY COVER 0.0


WEATHER CONDITIONS
 THE FOLLOWING WEATHER WAS RECORDED YESTERDAY.
  NO SIGNIFICANT WEATHER WAS OBSERVED.


RELATIVE HUMIDITY (PERCENT)
 HIGHEST    92          1200 AM
 LOWEST     58           300 PM
 AVERAGE    75

..........................................................


THE ST CLOUD MN CLIMATE NORMALS FOR TODAY
                         NORMAL    RECORD    YEAR
 MAXIMUM TEMPERATURE (F)   21        52      1944
 MINIMUM TEMPERATURE (F)    1       -29      1984


SUNRISE AND SUNSET
JANUARY 20 2018.......SUNRISE   749 AM CST   SUNSET   506 PM CST
JANUARY 21 2018.......SUNRISE   748 AM CST   SUNSET   507 PM CST


-  INDICATES NEGATIVE NUMBERS.
R  INDICATES RECORD WAS SET OR TIED.
MM INDICATES DATA IS MISSING.
T  INDICATES TRACE AMOUNT.




$$
