000
CDUS43 KEAX 270642
CLISTJ


CLIMATE REPORT
NATIONAL WEATHER SERVICE KANSAS CITY/PLEASANT HILL MO
142 AM CDT SAT MAY 27 2017


...................................

...THE ST. JOSEPH MO CLIMATE SUMMARY FOR MAY 26 2017...

CLIMATE NORMAL PERIOD 1981 TO 2010
CLIMATE RECORD PERIOD 1892 TO 2017


WEATHER ITEM   OBSERVED TIME   RECORD YEAR NORMAL DEPARTURE LAST
                VALUE   (LST)  VALUE       VALUE  FROM      YEAR
                                                  NORMAL
..................................................................
TEMPERATURE (F)
 YESTERDAY
  MAXIMUM         86    430 PM  94    1967  79      7       74
  MINIMUM         59    525 AM  43    1925  57      2       62
  AVERAGE         73                        68      5       68

PRECIPITATION (IN)
  YESTERDAY        T             2.60 2016   0.16  -0.16     2.60
  MONTH TO DATE    3.45                      4.59  -1.14     5.14
  SINCE MAR 1     10.66                     10.63   0.03    12.44
  SINCE JAN 1     11.68                     12.12  -0.44    13.35

DEGREE DAYS
 HEATING
  YESTERDAY        0                         2     -2        0
  MONTH TO DATE  116                       107      9      126
  SINCE MAR 1    963                      1137   -174      901
  SINCE JUL 1   4260                      5445  -1185     4519

 COOLING
  YESTERDAY        8                         5      3        3
  MONTH TO DATE   84                        65     19       35
  SINCE MAR 1    102                        86     16       54
  SINCE JAN 1    102                        86     16       54
..................................................................


WIND (MPH)
  HIGHEST WIND SPEED    18   HIGHEST WIND DIRECTION    NW (320)
  HIGHEST GUST SPEED    25   HIGHEST GUST DIRECTION     E (110)
  AVERAGE WIND SPEED     4.2


SKY COVER
  POSSIBLE SUNSHINE  MM
  AVERAGE SKY COVER 0.2


WEATHER CONDITIONS
 THE FOLLOWING WEATHER WAS RECORDED YESTERDAY.
  LIGHT RAIN


RELATIVE HUMIDITY (PERCENT)
 HIGHEST    93           600 AM
 LOWEST     45           400 PM
 AVERAGE    69

..........................................................


THE ST. JOSEPH MO CLIMATE NORMALS FOR TODAY
                         NORMAL    RECORD    YEAR
 MAXIMUM TEMPERATURE (F)   79        93      2006
                                             1966
 MINIMUM TEMPERATURE (F)   58        42      1968


SUNRISE AND SUNSET
MAY 27 2017...........SUNRISE   556 AM CDT   SUNSET   838 PM CDT
MAY 28 2017...........SUNRISE   555 AM CDT   SUNSET   839 PM CDT


-  INDICATES NEGATIVE NUMBERS.
R  INDICATES RECORD WAS SET OR TIED.
MM INDICATES DATA IS MISSING.
T  INDICATES TRACE AMOUNT.




$$
