501
CDUS43 KEAX 230646
CLISTJ


CLIMATE REPORT
NATIONAL WEATHER SERVICE KANSAS CITY/PLEASANT HILL MO
1243 AM CST TUE JAN 23 2018


...................................

...THE ST. JOSEPH MO CLIMATE SUMMARY FOR JANUARY 22 2018...

CLIMATE NORMAL PERIOD 1981 TO 2010
CLIMATE RECORD PERIOD 1892 TO 2018


WEATHER ITEM   OBSERVED TIME   RECORD YEAR NORMAL DEPARTURE LAST
                VALUE   (LST)  VALUE       VALUE  FROM      YEAR
                                                  NORMAL
..................................................................
TEMPERATURE (F)
 YESTERDAY
  MAXIMUM         49   1220 AM  68    1967  38     11       43
  MINIMUM         31   1021 PM -17    1930  18     13       29
  AVERAGE         40                        28     12       36

PRECIPITATION (IN)
  YESTERDAY        0.14          0.39 1929   0.02   0.12     0.00
  MONTH TO DATE    0.77                      0.37   0.40     0.97
  SINCE DEC 1      0.91                      1.89  -0.98     2.07
  SINCE JAN 1      0.77                      0.37   0.40     0.97

DEGREE DAYS
 HEATING
  YESTERDAY       25                        37    -12       29
  MONTH TO DATE  562                       837   -275      546
  SINCE DEC 1   1652                      1939   -287     1691
  SINCE JUL 1   2627                      3050   -423     2366

 COOLING
  YESTERDAY        0                         0      0        0
  MONTH TO DATE    0                         0      0        0
  SINCE DEC 1      0                         0      0        0
  SINCE JAN 1      0                         0      0        0
..................................................................


WIND (MPH)
  HIGHEST WIND SPEED    33   HIGHEST WIND DIRECTION    NW (330)
  HIGHEST GUST SPEED    46   HIGHEST GUST DIRECTION    NW (330)
  AVERAGE WIND SPEED    14.6


SKY COVER
  POSSIBLE SUNSHINE  MM
  AVERAGE SKY COVER 0.9


WEATHER CONDITIONS
 THE FOLLOWING WEATHER WAS RECORDED YESTERDAY.
  THUNDERSTORM
  LIGHT RAIN
  LIGHT SNOW
  FOG


RELATIVE HUMIDITY (PERCENT)
 HIGHEST   100          1200 AM
 LOWEST     85          1000 PM
 AVERAGE    93

..........................................................


THE ST. JOSEPH MO CLIMATE NORMALS FOR TODAY
                         NORMAL    RECORD    YEAR
 MAXIMUM TEMPERATURE (F)   38        68      1967
 MINIMUM TEMPERATURE (F)   18       -12      1963


SUNRISE AND SUNSET
JANUARY 23 2018.......SUNRISE   735 AM CST   SUNSET   529 PM CST
JANUARY 24 2018.......SUNRISE   734 AM CST   SUNSET   530 PM CST


-  INDICATES NEGATIVE NUMBERS.
R  INDICATES RECORD WAS SET OR TIED.
MM INDICATES DATA IS MISSING.
T  INDICATES TRACE AMOUNT.




$$
