000
CDUS43 KEAX 222122
CLISTJ


CLIMATE REPORT
NATIONAL WEATHER SERVICE KANSAS CITY/PLEASANT HILL MO
422 PM CDT FRI SEP 22 2017


...................................

...THE ST. JOSEPH MO CLIMATE SUMMARY FOR SEPTEMBER 22 2017...
VALID AS OF 0400 PM LOCAL TIME.

CLIMATE NORMAL PERIOD 1981 TO 2010
CLIMATE RECORD PERIOD 1892 TO 2017


WEATHER ITEM   OBSERVED TIME   RECORD YEAR NORMAL DEPARTURE LAST
                VALUE   (LST)  VALUE       VALUE  FROM      YEAR
                                                  NORMAL
..................................................................
TEMPERATURE (F)
 TODAY
  MAXIMUM         93    140 PM  99    1937  77     16       91
  MINIMUM         74    630 AM  31    1974  51     23       72
  AVERAGE         84                        64     20       82

PRECIPITATION (IN)
  TODAY            0.00          2.57 1970   0.09  -0.09     0.00
  MONTH TO DATE    0.30                      2.70  -2.40     7.48
  SINCE SEP 1      0.30                      2.70  -2.40     7.48
  SINCE JAN 1     20.55                     29.00  -8.45    37.60

DEGREE DAYS
 HEATING
  TODAY            0                         4     -4        0
  MONTH TO DATE   14                        36    -22        1
  SINCE SEP 1     14                        36    -22        1
  SINCE JUL 1     20                        41    -21        3

 COOLING
  TODAY           19                         3     16       17
  MONTH TO DATE  147                       103     44      195
  SINCE SEP 1    147                       103     44      195
  SINCE JAN 1   1191                      1180     11     1467
..................................................................


WIND (MPH)
  HIGHEST WIND SPEED    23   HIGHEST WIND DIRECTION     S (170)
  HIGHEST GUST SPEED    27   HIGHEST GUST DIRECTION     S (160)
  AVERAGE WIND SPEED    13.2


SKY COVER
  AVERAGE SKY COVER 0.0


WEATHER CONDITIONS
 THE FOLLOWING WEATHER WAS RECORDED TODAY.
  NO SIGNIFICANT WEATHER WAS OBSERVED.


RELATIVE HUMIDITY (PERCENT)
 HIGHEST    93           600 AM
 LOWEST     49           300 PM
 AVERAGE    71

..........................................................


THE ST. JOSEPH MO CLIMATE NORMALS FOR TOMORROW
                         NORMAL    RECORD    YEAR
 MAXIMUM TEMPERATURE (F)   76        91      1938
 MINIMUM TEMPERATURE (F)   51        31      2012


SUNRISE AND SUNSET
SEPTEMBER 22 2017.....SUNRISE   708 AM CDT   SUNSET   716 PM CDT
SEPTEMBER 23 2017.....SUNRISE   708 AM CDT   SUNSET   715 PM CDT


-  INDICATES NEGATIVE NUMBERS.
R  INDICATES RECORD WAS SET OR TIED.
MM INDICATES DATA IS MISSING.
T  INDICATES TRACE AMOUNT.




$$
