000
CDUS43 KEAX 062125
CLISTJ


CLIMATE REPORT
NATIONAL WEATHER SERVICE KANSAS CITY/PLEASANT HILL MO
425 PM CDT FRI MAY 6 2016


...................................

...THE ST. JOSEPH MO CLIMATE SUMMARY FOR MAY 6 2016...
VALID AS OF 0400 PM LOCAL TIME.

CLIMATE NORMAL PERIOD 1981 TO 2010
CLIMATE RECORD PERIOD 1892 TO 2016


WEATHER ITEM   OBSERVED TIME   RECORD YEAR NORMAL DEPARTURE LAST
                VALUE   (LST)  VALUE       VALUE  FROM      YEAR
                                                  NORMAL
..................................................................
TEMPERATURE (F)
 TODAY
  MAXIMUM         84    259 PM  92    2004  72     12       75
  MINIMUM         47    322 AM  32    1944  50     -3       63
  AVERAGE         66                        61      5       69

PRECIPITATION (IN)
  TODAY            0.00          3.97 2007   0.19  -0.19     0.03
  MONTH TO DATE    0.04                      1.13  -1.09     1.82
  SINCE MAR 1      7.34                      7.17   0.17     6.00
  SINCE JAN 1      8.25                      8.66  -0.41     7.75

DEGREE DAYS
 HEATING
  TODAY            0                         6     -6        0
  MONTH TO DATE   45                        38      7        4
  SINCE MAR 1    820                      1068   -248      883
  SINCE JUL 1   4438                      5376   -938     5407

 COOLING
  TODAY            1                         1      0        4
  MONTH TO DATE    1                         6     -5       21
  SINCE MAR 1     20                        27     -7       26
  SINCE JAN 1     20                        27     -7       26
..................................................................


WIND (MPH)
  HIGHEST WIND SPEED    17   HIGHEST WIND DIRECTION    SW (240)
  HIGHEST GUST SPEED    23   HIGHEST GUST DIRECTION    SW (240)
  AVERAGE WIND SPEED     6.9


SKY COVER
  AVERAGE SKY COVER 0.0


WEATHER CONDITIONS
 THE FOLLOWING WEATHER WAS RECORDED TODAY.
  NO SIGNIFICANT WEATHER WAS OBSERVED.


RELATIVE HUMIDITY (PERCENT)
 HIGHEST    93           300 AM
 LOWEST     28           200 PM
 AVERAGE    61

..........................................................


THE ST. JOSEPH MO CLIMATE NORMALS FOR TOMORROW
                         NORMAL    RECORD    YEAR
 MAXIMUM TEMPERATURE (F)   72        95      1966
 MINIMUM TEMPERATURE (F)   50        30      1989


SUNRISE AND SUNSET
MAY  6 2016...........SUNRISE   614 AM CDT   SUNSET   819 PM CDT
MAY  7 2016...........SUNRISE   613 AM CDT   SUNSET   820 PM CDT


-  INDICATES NEGATIVE NUMBERS.
R  INDICATES RECORD WAS SET OR TIED.
MM INDICATES DATA IS MISSING.
T  INDICATES TRACE AMOUNT.




$$
