000
CDUS43 KEAX 231232
CLISTJ


CLIMATE REPORT
NATIONAL WEATHER SERVICE KANSAS CITY/PLEASANT HILL MO
731 AM CDT SAT AUG 23 2014


...................................

...THE ST. JOSEPH MO CLIMATE SUMMARY FOR AUGUST 23 2014...
VALID AS OF 0700 AM LOCAL TIME.

CLIMATE NORMAL PERIOD 1981 TO 2010
CLIMATE RECORD PERIOD 1892 TO 2014


WEATHER ITEM   OBSERVED TIME   RECORD YEAR NORMAL DEPARTURE LAST
                VALUE   (LST)  VALUE       VALUE  FROM      YEAR
                                                  NORMAL
..................................................................
TEMPERATURE (F)
 TODAY
  MAXIMUM         80    105 AM 102    1936  86     -6       91
  MINIMUM         74    559 AM  46    1966  63     11       65
  AVERAGE         77                        74      3       78

PRECIPITATION (IN)
  TODAY            0.00          1.95 1906   0.14  -0.14     0.00
  MONTH TO DATE    1.18                      2.84  -1.66     1.26
  SINCE JUN 1     13.50                     12.21   1.29     5.62
  SINCE JAN 1     21.27                     25.16  -3.89    19.67

DEGREE DAYS
 HEATING
  TODAY            0                         0      0        0
  MONTH TO DATE    0                         0      0        0
  SINCE JUN 1      7                         9     -2       17
  SINCE JUL 1      6                         1      5        2

 COOLING
  TODAY           12                         9      3       13
  MONTH TO DATE  232                       256    -24      192
  SINCE JUN 1    770                       897   -127      813
  SINCE JAN 1    931                      1010    -79      939
..................................................................


WIND (MPH)
  HIGHEST WIND SPEED    16   HIGHEST WIND DIRECTION    NW (320)
  HIGHEST GUST SPEED    19   HIGHEST GUST DIRECTION    NW (320)
  AVERAGE WIND SPEED     5.6


SKY COVER
  AVERAGE SKY COVER 0.6


WEATHER CONDITIONS
 THE FOLLOWING WEATHER WAS RECORDED TODAY.
  NO SIGNIFICANT WEATHER WAS OBSERVED.


RELATIVE HUMIDITY (PERCENT)
 HIGHEST    94           200 AM
 LOWEST     82           400 AM
 AVERAGE    88

..........................................................


THE ST. JOSEPH MO CLIMATE NORMALS FOR TOMORROW
                         NORMAL    RECORD    YEAR
 MAXIMUM TEMPERATURE (F)   86       106      1936
 MINIMUM TEMPERATURE (F)   63        48      1966


SUNRISE AND SUNSET
AUGUST 23 2014........SUNRISE   639 AM CDT   SUNSET   805 PM CDT
AUGUST 24 2014........SUNRISE   640 AM CDT   SUNSET   803 PM CDT


-  INDICATES NEGATIVE NUMBERS.
R  INDICATES RECORD WAS SET OR TIED.
MM INDICATES DATA IS MISSING.
T  INDICATES TRACE AMOUNT.




$$
