102
CDUS43 KEAX 230644
CLISTJ


CLIMATE REPORT
NATIONAL WEATHER SERVICE KANSAS CITY/PLEASANT HILL MO
143 AM CDT SAT JUL 23 2016


...................................

...THE ST. JOSEPH MO CLIMATE SUMMARY FOR JULY 22 2016...

CLIMATE NORMAL PERIOD 1981 TO 2010
CLIMATE RECORD PERIOD 1892 TO 2016


WEATHER ITEM   OBSERVED TIME   RECORD YEAR NORMAL DEPARTURE LAST
                VALUE   (LST)  VALUE       VALUE  FROM      YEAR
                                                  NORMAL
..................................................................
TEMPERATURE (F)
 YESTERDAY
  MAXIMUM         94    354 PM 103    1934  87      7       84
  MINIMUM         79    603 AM  53    1988  67     12       61
  AVERAGE         87                        77     10       73

PRECIPITATION (IN)
  YESTERDAY        0.00          1.05 1961   0.18  -0.18     0.00
  MONTH TO DATE    8.31                      3.58   4.73     4.01
  SINCE JUN 1      9.02                      7.76   1.26    10.91
  SINCE JAN 1     23.15                     20.71   2.44    26.60

DEGREE DAYS
 HEATING
  YESTERDAY        0                         0      0        0
  MONTH TO DATE    2                         0      2        0
  SINCE JUN 1      2                         8     -6        1
  SINCE JUL 1      2                         0      2        0

 COOLING
  YESTERDAY       22                        12     10        8
  MONTH TO DATE  301                       262     39      254
  SINCE JUN 1    728                       529    199      568
  SINCE JAN 1    811                       642    169      636
..................................................................


WIND (MPH)
  HIGHEST WIND SPEED    24   HIGHEST WIND DIRECTION     S (160)
  HIGHEST GUST SPEED    30   HIGHEST GUST DIRECTION    SE (150)
  AVERAGE WIND SPEED    10.7


SKY COVER
  POSSIBLE SUNSHINE  MM
  AVERAGE SKY COVER 0.0


WEATHER CONDITIONS
 THE FOLLOWING WEATHER WAS RECORDED YESTERDAY.
  NO SIGNIFICANT WEATHER WAS OBSERVED.


RELATIVE HUMIDITY (PERCENT)
 HIGHEST    85          1100 PM
 LOWEST     60           200 PM
 AVERAGE    73

..........................................................


THE ST. JOSEPH MO CLIMATE NORMALS FOR TODAY
                         NORMAL    RECORD    YEAR
 MAXIMUM TEMPERATURE (F)   87       103      1941
 MINIMUM TEMPERATURE (F)   67        53      2003


SUNRISE AND SUNSET
JULY 23 2016..........SUNRISE   611 AM CDT   SUNSET   841 PM CDT
JULY 24 2016..........SUNRISE   612 AM CDT   SUNSET   840 PM CDT


-  INDICATES NEGATIVE NUMBERS.
R  INDICATES RECORD WAS SET OR TIED.
MM INDICATES DATA IS MISSING.
T  INDICATES TRACE AMOUNT.




$$
