003
CDUS43 KEAX 230632
CLISTJ


CLIMATE REPORT
NATIONAL WEATHER SERVICE KANSAS CITY/PLEASANT HILL MO
131 AM CDT SUN APR 23 2017


...................................

...THE ST. JOSEPH MO CLIMATE SUMMARY FOR APRIL 22 2017...

CLIMATE NORMAL PERIOD 1981 TO 2010
CLIMATE RECORD PERIOD 1892 TO 2017


WEATHER ITEM   OBSERVED TIME   RECORD YEAR NORMAL DEPARTURE LAST
                VALUE   (LST)  VALUE       VALUE  FROM      YEAR
                                                  NORMAL
..................................................................
TEMPERATURE (F)
 YESTERDAY
  MAXIMUM         66    333 PM  93    1989  68     -2       69
  MINIMUM         39   1159 PM  25    1986  45     -6       49
  AVERAGE         53                        56     -3       59

PRECIPITATION (IN)
  YESTERDAY        T             1.76 1944   0.15  -0.15     0.00
  MONTH TO DATE    2.52                      2.46   0.06     1.20
  SINCE MAR 1      5.09                      4.71   0.38     2.07
  SINCE JAN 1      6.11                      6.20  -0.09     2.98

DEGREE DAYS
 HEATING
  YESTERDAY       12                        10      2        6
  MONTH TO DATE  174                       279   -105      229
  SINCE MAR 1    741                       964   -223      732
  SINCE JUL 1   4038                      5272  -1234     4350

 COOLING
  YESTERDAY        0                         1     -1        0
  MONTH TO DATE   14                        15     -1        5
  SINCE MAR 1     18                        17      1        7
  SINCE JAN 1     18                        17      1        7
..................................................................


WIND (MPH)
  HIGHEST WIND SPEED    25   HIGHEST WIND DIRECTION     N (20)
  HIGHEST GUST SPEED    31   HIGHEST GUST DIRECTION     N (20)
  AVERAGE WIND SPEED    12.3


SKY COVER
  POSSIBLE SUNSHINE  MM
  AVERAGE SKY COVER 0.2


WEATHER CONDITIONS
 THE FOLLOWING WEATHER WAS RECORDED YESTERDAY.
  LIGHT RAIN


RELATIVE HUMIDITY (PERCENT)
 HIGHEST    89           600 AM
 LOWEST     30           400 PM
 AVERAGE    60

..........................................................


THE ST. JOSEPH MO CLIMATE NORMALS FOR TODAY
                         NORMAL    RECORD    YEAR
 MAXIMUM TEMPERATURE (F)   68        92      1950
 MINIMUM TEMPERATURE (F)   45        30      1996


SUNRISE AND SUNSET
APRIL 23 2017.........SUNRISE   630 AM CDT   SUNSET   806 PM CDT
APRIL 24 2017.........SUNRISE   629 AM CDT   SUNSET   807 PM CDT


-  INDICATES NEGATIVE NUMBERS.
R  INDICATES RECORD WAS SET OR TIED.
MM INDICATES DATA IS MISSING.
T  INDICATES TRACE AMOUNT.




$$
