249
CDUS43 KEAX 190633
CLISTJ


CLIMATE REPORT
NATIONAL WEATHER SERVICE KANSAS CITY/PLEASANT HILL MO
1233 AM CST SUN NOV 19 2017


...................................

...THE ST. JOSEPH MO CLIMATE SUMMARY FOR NOVEMBER 18 2017...

CLIMATE NORMAL PERIOD 1981 TO 2010
CLIMATE RECORD PERIOD 1892 TO 2017


WEATHER ITEM   OBSERVED TIME   RECORD YEAR NORMAL DEPARTURE LAST
                VALUE   (LST)  VALUE       VALUE  FROM      YEAR
                                                  NORMAL
..................................................................
TEMPERATURE (F)
 YESTERDAY
  MAXIMUM         57    137 AM  76    1999  52      5       67
  MINIMUM         28   1152 PM   8    2014  30     -2       34
  AVERAGE         43                        41      2       51

PRECIPITATION (IN)
  YESTERDAY        0.26          1.35 1905   0.04   0.22     0.00
  MONTH TO DATE    0.46                      1.06  -0.60     0.08
  SINCE SEP 1      5.61                      7.29  -1.68    10.40
  SINCE JAN 1     25.86                     33.59  -7.73    40.52

DEGREE DAYS
 HEATING
  YESTERDAY       22                        24     -2       14
  MONTH TO DATE  421                       363     58      207
  SINCE SEP 1    729                       777    -48      401
  SINCE JUL 1    735                       782    -47      403

 COOLING
  YESTERDAY        0                         0      0        0
  MONTH TO DATE    0                         0      0        9
  SINCE SEP 1    227                       143     84      275
  SINCE JAN 1   1271                      1220     51     1547
..................................................................


WIND (MPH)
  HIGHEST WIND SPEED    33   HIGHEST WIND DIRECTION     N (350)
  HIGHEST GUST SPEED    41   HIGHEST GUST DIRECTION     N (350)
  AVERAGE WIND SPEED    18.2


SKY COVER
  POSSIBLE SUNSHINE  MM
  AVERAGE SKY COVER 0.5


WEATHER CONDITIONS
 THE FOLLOWING WEATHER WAS RECORDED YESTERDAY.
  HEAVY RAIN
  RAIN
  LIGHT RAIN
  FOG
  HAZE


RELATIVE HUMIDITY (PERCENT)
 HIGHEST   100           100 AM
 LOWEST     46           400 PM
 AVERAGE    73

..........................................................


THE ST. JOSEPH MO CLIMATE NORMALS FOR TODAY
                         NORMAL    RECORD    YEAR
 MAXIMUM TEMPERATURE (F)   51        78      1942
 MINIMUM TEMPERATURE (F)   30         7      1914


SUNRISE AND SUNSET
NOVEMBER 19 2017......SUNRISE   709 AM CST   SUNSET   501 PM CST
NOVEMBER 20 2017......SUNRISE   710 AM CST   SUNSET   500 PM CST


-  INDICATES NEGATIVE NUMBERS.
R  INDICATES RECORD WAS SET OR TIED.
MM INDICATES DATA IS MISSING.
T  INDICATES TRACE AMOUNT.




$$
