000
CDUS43 KEAX 251232
CLISTJ


CLIMATE REPORT
NATIONAL WEATHER SERVICE KANSAS CITY/PLEASANT HILL MO
632 AM CST THU DEC 25 2014


...................................

...THE ST. JOSEPH MO CLIMATE SUMMARY FOR DECEMBER 25 2014...
VALID AS OF 0600 AM LOCAL TIME.

CLIMATE NORMAL PERIOD 1981 TO 2010
CLIMATE RECORD PERIOD 1892 TO 2014


WEATHER ITEM   OBSERVED TIME   RECORD YEAR NORMAL DEPARTURE LAST
                VALUE   (LST)  VALUE       VALUE  FROM      YEAR
                                                  NORMAL
..................................................................
TEMPERATURE (F)
 TODAY
  MAXIMUM         31    559 AM  63    1960  37     -6       38
  MINIMUM         29    413 AM -15    1983  18     11       10
  AVERAGE         30                        27      3       24

PRECIPITATION (IN)
  TODAY            0.00          0.45 1973   0.04  -0.04     0.00
  MONTH TO DATE    0.96                      1.26  -0.30     0.37
  SINCE DEC 1      0.96                      1.26  -0.30     0.37
  SINCE JAN 1     31.91                     35.34  -3.43    31.19

DEGREE DAYS
 HEATING
  TODAY           35                        38     -3       41
  MONTH TO DATE  737                       873   -136     1032
  SINCE DEC 1    737                       873   -136     1032
  SINCE JUL 1   1983                      1984     -1     2201

 COOLING
  TODAY            0                         0      0        0
  MONTH TO DATE    0                         0      0        0
  SINCE DEC 1      0                         0      0        0
  SINCE JAN 1   1182                      1221    -39     1285
..................................................................


WIND (MPH)
  HIGHEST WIND SPEED    12   HIGHEST WIND DIRECTION     S (180)
  HIGHEST GUST SPEED    13   HIGHEST GUST DIRECTION     S (180)
  AVERAGE WIND SPEED     8.7


SKY COVER
  AVERAGE SKY COVER 0.0


WEATHER CONDITIONS
 THE FOLLOWING WEATHER WAS RECORDED TODAY.
  NO SIGNIFICANT WEATHER WAS OBSERVED.


RELATIVE HUMIDITY (PERCENT)
 HIGHEST    92          1200 AM
 LOWEST     85           100 AM
 AVERAGE    89

..........................................................


THE ST. JOSEPH MO CLIMATE NORMALS FOR TOMORROW
                         NORMAL    RECORD    YEAR
 MAXIMUM TEMPERATURE (F)   37        65      2008
 MINIMUM TEMPERATURE (F)   17       -11      1948


SUNRISE AND SUNSET
DECEMBER 25 2014......SUNRISE   739 AM CST   SUNSET   501 PM CST
DECEMBER 26 2014......SUNRISE   739 AM CST   SUNSET   501 PM CST


-  INDICATES NEGATIVE NUMBERS.
R  INDICATES RECORD WAS SET OR TIED.
MM INDICATES DATA IS MISSING.
T  INDICATES TRACE AMOUNT.




$$
