000
CDUS43 KEAX 160632
CLISTJ


CLIMATE REPORT
NATIONAL WEATHER SERVICE KANSAS CITY/PLEASANT HILL MO
1232 AM CST MON JAN 16 2017


...................................

...THE ST. JOSEPH MO CLIMATE SUMMARY FOR JANUARY 15 2017...

CLIMATE NORMAL PERIOD 1981 TO 2010
CLIMATE RECORD PERIOD 1892 TO 2017


WEATHER ITEM   OBSERVED TIME   RECORD YEAR NORMAL DEPARTURE LAST
                VALUE   (LST)  VALUE       VALUE  FROM      YEAR
                                                  NORMAL
..................................................................
TEMPERATURE (F)
 YESTERDAY
  MAXIMUM         32   1159 PM  66    2006  37     -5       38
  MINIMUM         29   1250 AM -16    1979  17     12       21
  AVERAGE         31                        27      4       30

PRECIPITATION (IN)
  YESTERDAY        0.20          0.75 1949   0.01   0.19     0.00
  MONTH TO DATE    0.42                      0.25   0.17     0.54
  SINCE DEC 1      1.52                      1.77  -0.25     2.79
  SINCE JAN 1      0.42                      0.25   0.17     0.54

DEGREE DAYS
 HEATING
  YESTERDAY       34                        38     -4       35
  MONTH TO DATE  361                       573   -212      552
  SINCE DEC 1   1506                      1675   -169     1378
  SINCE JUL 1   2181                      2786   -605     2214

 COOLING
  YESTERDAY        0                         0      0        0
  MONTH TO DATE    0                         0      0        0
  SINCE DEC 1      0                         0      0        0
  SINCE JAN 1      0                         0      0        0
..................................................................


WIND (MPH)
  HIGHEST WIND SPEED     9   HIGHEST WIND DIRECTION     E (90)
  HIGHEST GUST SPEED    13   HIGHEST GUST DIRECTION     E (110)
  AVERAGE WIND SPEED     5.6


SKY COVER
  POSSIBLE SUNSHINE  MM
  AVERAGE SKY COVER 1.0


WEATHER CONDITIONS
 THE FOLLOWING WEATHER WAS RECORDED YESTERDAY.
  LT FREEZING RAIN
  FOG


RELATIVE HUMIDITY (PERCENT)
 HIGHEST   100          1100 AM
 LOWEST     78           200 AM
 AVERAGE    89

..........................................................


THE ST. JOSEPH MO CLIMATE NORMALS FOR TODAY
                         NORMAL    RECORD    YEAR
 MAXIMUM TEMPERATURE (F)   37        66      1990
 MINIMUM TEMPERATURE (F)   17       -12      1977


SUNRISE AND SUNSET
JANUARY 16 2017.......SUNRISE   738 AM CST   SUNSET   521 PM CST
JANUARY 17 2017.......SUNRISE   738 AM CST   SUNSET   522 PM CST


-  INDICATES NEGATIVE NUMBERS.
R  INDICATES RECORD WAS SET OR TIED.
MM INDICATES DATA IS MISSING.
T  INDICATES TRACE AMOUNT.




$$
