000
CDUS43 KLSX 030730
CLISTL


CLIMATE REPORT
NATIONAL WEATHER SERVICE ST LOUIS MO
130 AM CST TUE MAR 3 2015


...................................

...THE ST. LOUIS CLIMATE SUMMARY FOR MARCH 2 2015...

CLIMATE NORMAL PERIOD 1981 TO 2010
CLIMATE RECORD PERIOD 1874 TO 2015


WEATHER ITEM   OBSERVED TIME   RECORD YEAR NORMAL DEPARTURE LAST
                VALUE   (LST)  VALUE       VALUE  FROM      YEAR
                                                  NORMAL
..................................................................
TEMPERATURE (F)
 YESTERDAY
  MAXIMUM         35    301 PM  79    1992  50    -15       25
                                      1976
  MINIMUM         13    528 AM   2    1980  32    -19        7
  AVERAGE         24                        41    -17       16

PRECIPITATION (IN)
  YESTERDAY        0.00          1.21 1945   0.09  -0.09     0.32
  MONTH TO DATE    0.04                      0.17  -0.13     0.32
  SINCE MAR 1      0.04                      0.17  -0.13     0.32
  SINCE JAN 1      2.99                      4.81  -1.82     3.47

SNOWFALL (IN)
  YESTERDAY        0.0           7.8  1912   0.1   -0.1      1.5
  MONTH TO DATE    0.6                       0.2    0.4      1.5
  SINCE MAR 1      0.6                       0.2    0.4      1.5
  SINCE JUL 1     16.8                      15.2    1.6     28.7
  SNOW DEPTH       4

DEGREE DAYS
 HEATING
  YESTERDAY       41                        24     17       49
  MONTH TO DATE   80                        48     32       80
  SINCE MAR 1     80                        48     32       80
  SINCE JUL 1   3882                      3646    236     4117

 COOLING
  YESTERDAY        0                         0      0        0
  MONTH TO DATE    0                         0      0        0
  SINCE MAR 1      0                         0      0        0
  SINCE JAN 1      0                         0      0        0
..................................................................


WIND (MPH)
  HIGHEST WIND SPEED    16   HIGHEST WIND DIRECTION    SE (130)
  HIGHEST GUST SPEED    21   HIGHEST GUST DIRECTION    SE (130)
  AVERAGE WIND SPEED     5.8


SKY COVER
  AVERAGE SKY COVER 0.7


WEATHER CONDITIONS
 THE FOLLOWING WEATHER WAS RECORDED YESTERDAY.
  FOG
  HAZE


RELATIVE HUMIDITY (PERCENT)
 HIGHEST    84           100 AM
 LOWEST     44           200 PM
 AVERAGE    64

..........................................................


THE ST. LOUIS CLIMATE NORMALS FOR TODAY
                         NORMAL    RECORD    YEAR
 MAXIMUM TEMPERATURE (F)   51        85      1974
 MINIMUM TEMPERATURE (F)   32         1      1943


SUNRISE AND SUNSET
MARCH  3 2015.........SUNRISE   631 AM CST   SUNSET   556 PM CST
MARCH  4 2015.........SUNRISE   630 AM CST   SUNSET   557 PM CST


-  INDICATES NEGATIVE NUMBERS.
R  INDICATES RECORD WAS SET OR TIED.
MM INDICATES DATA IS MISSING.
T  INDICATES TRACE AMOUNT.




$$
