000
CDUS46 KMTR 300828
CLISTS


CLIMATE REPORT
NATIONAL WEATHER SERVICE SAN FRANCISCO BAY AREA
127 AM PDT SAT MAY 30 2015


...................................

...THE SANTA ROSA AIRPORT CLIMATE SUMMARY FOR MAY 29 2015...

CLIMATE NORMAL PERIOD 1981 TO 2010
CLIMATE RECORD PERIOD 1998 TO 2015


WEATHER ITEM   OBSERVED TIME   RECORD YEAR NORMAL DEPARTURE LAST
                VALUE   (LST)  VALUE       VALUE  FROM      YEAR
                                                  NORMAL
..................................................................
TEMPERATURE (F)
 YESTERDAY
  MAXIMUM         78    319 PM  89    2002  77      1       83
  MINIMUM         50    620 AM  40    2006  48      2       49
  AVERAGE         64                        63      1       66

PRECIPITATION (IN)
  YESTERDAY        0.00          T    2013   0.02  -0.02     0.00
  MONTH TO DATE    T                         1.28  -1.28     0.02
  SINCE OCT 1     24.49                     35.55 -11.06    14.07
  SINCE JAN 1      5.94                     21.80 -15.86    12.57

DEGREE DAYS
 HEATING
  YESTERDAY        1                                         0
  MONTH TO DATE  149                                        62
  SINCE MAR 1    572                                       536
  SINCE JUL 1   2028                                      2473

 COOLING
  YESTERDAY        0                                         1
  MONTH TO DATE    1                                        49
  SINCE MAR 1     12                                        58
  SINCE JAN 1     12                                        58
..................................................................


WIND (MPH)
  RESULTANT WIND SPEED   5   RESULTANT WIND DIRECTION   S (160)
  HIGHEST WIND SPEED    16   HIGHEST WIND DIRECTION    SE (140)
  HIGHEST GUST SPEED    18   HIGHEST GUST DIRECTION    SE (140)
  AVERAGE WIND SPEED     5.5


SKY COVER
  POSSIBLE SUNSHINE  MM
  AVERAGE SKY COVER 0.6


WEATHER CONDITIONS
 THE FOLLOWING WEATHER WAS RECORDED YESTERDAY.
  FOG
  HAZE


RELATIVE HUMIDITY (PERCENT)
 HIGHEST    93          1200 AM
 LOWEST     43           300 PM
 AVERAGE    68

..........................................................


THE SANTA ROSA AIRPORT CLIMATE NORMALS FOR TODAY
                         NORMAL    RECORD    YEAR
 MAXIMUM TEMPERATURE (F)   77       100      2001
 MINIMUM TEMPERATURE (F)   48        42      2013


SUNRISE AND SUNSET
MAY 30 2015...........SUNRISE   550 AM PDT   SUNSET   828 PM PDT
MAY 31 2015...........SUNRISE   549 AM PDT   SUNSET   829 PM PDT


-  INDICATES NEGATIVE NUMBERS.
R  INDICATES RECORD WAS SET OR TIED.
MM INDICATES DATA IS MISSING.
T  INDICATES TRACE AMOUNT.




$$
