000
CDUS46 KMTR 010832
CLISTS


CLIMATE REPORT
NATIONAL WEATHER SERVICE SAN FRANCISCO BAY AREA
1232 AM PST SUN FEB 1 2015


...................................

...THE SANTA ROSA AIRPORT CLIMATE SUMMARY FOR JANUARY 31 2015...

CLIMATE NORMAL PERIOD 1981 TO 2010
CLIMATE RECORD PERIOD 1998 TO 2015


WEATHER ITEM   OBSERVED TIME   RECORD YEAR NORMAL DEPARTURE LAST
                VALUE   (LST)  VALUE       VALUE  FROM      YEAR
                                                  NORMAL
..................................................................
TEMPERATURE (F)
 YESTERDAY
  MAXIMUM         80R   434 PM  68    2009  58     22       65
  MINIMUM         41    716 AM  26    2002  37      4       35
  AVERAGE         61                        48     13       50

PRECIPITATION (IN)
  YESTERDAY        0.00          0.87 2008   0.18  -0.18     0.00
  MONTH TO DATE    0.12                      7.05  -6.93     0.10
  SINCE JUL 1     19.51                     21.24  -1.73     2.12
  SINCE JAN 1      0.12                      7.05  -6.93     0.10

DEGREE DAYS
 HEATING
  YESTERDAY        4                                        15
  MONTH TO DATE  451                                       461
  SINCE DEC 1    820                                      1009
  SINCE JUL 1   1178                                      1572

 COOLING
  YESTERDAY        0                                         0
  MONTH TO DATE    0                                         0
  SINCE DEC 1      0                                         0
  SINCE JAN 1      0                                         0
..................................................................


WIND (MPH)
  RESULTANT WIND SPEED   2   RESULTANT WIND DIRECTION  NW (300)
  HIGHEST WIND SPEED    13   HIGHEST WIND DIRECTION     N (350)
  HIGHEST GUST SPEED    14   HIGHEST GUST DIRECTION     N (340)
  AVERAGE WIND SPEED     3.6


SKY COVER
  POSSIBLE SUNSHINE  MM
  AVERAGE SKY COVER 0.0


WEATHER CONDITIONS
 THE FOLLOWING WEATHER WAS RECORDED YESTERDAY.
  NO SIGNIFICANT WEATHER WAS OBSERVED.


RELATIVE HUMIDITY (PERCENT)
 HIGHEST    89           300 AM
 LOWEST     17           400 PM
 AVERAGE    53

..........................................................


THE SANTA ROSA AIRPORT CLIMATE NORMALS FOR TODAY
                         NORMAL    RECORD    YEAR
 MAXIMUM TEMPERATURE (F)   59        77      2005
 MINIMUM TEMPERATURE (F)   38        27      2014


SUNRISE AND SUNSET
FEBRUARY  1 2015......SUNRISE   717 AM PST   SUNSET   533 PM PST
FEBRUARY  2 2015......SUNRISE   716 AM PST   SUNSET   534 PM PST


-  INDICATES NEGATIVE NUMBERS.
R  INDICATES RECORD WAS SET OR TIED.
MM INDICATES DATA IS MISSING.
T  INDICATES TRACE AMOUNT.




$$
