000
CDUS46 KMTR 250042
CLISTS


CLIMATE REPORT
NATIONAL WEATHER SERVICE SAN FRANCISCO BAY AREA
438 PM PST TUE JAN 24 2017


...................................

...THE SANTA ROSA AIRPORT CLIMATE SUMMARY FOR JANUARY 24 2017...
VALID TODAY AS OF 0400 PM LOCAL TIME.

CLIMATE NORMAL PERIOD 1981 TO 2010
CLIMATE RECORD PERIOD 1998 TO 2017


WEATHER ITEM   OBSERVED TIME   RECORD YEAR NORMAL DEPARTURE LAST
                VALUE   (LST)  VALUE       VALUE  FROM      YEAR
                                                  NORMAL
..................................................................
TEMPERATURE (F)
 TODAY
  MAXIMUM         56    350 PM  73    2014  57     -1       59
  MINIMUM         40    634 AM  26    2007  37      3       38
  AVERAGE         48                        47      1       49

PRECIPITATION (IN)
  TODAY            0.01          0.82 2000   0.17  -0.16     0.00
  MONTH TO DATE   18.96                      5.84  13.12    10.50
  SINCE OCT 1     37.38                     19.59  17.79    19.08
  SINCE JAN 1     18.96                      5.84  13.12    10.50

DEGREE DAYS
 HEATING
  TODAY           17                                        16
  MONTH TO DATE  437                                       367
  SINCE DEC 1   1024                                       907
  SINCE JUL 1   1517                                      1352

 COOLING
  TODAY            0                                         0
  MONTH TO DATE    0                                         0
  SINCE DEC 1      0                                         0
  SINCE JAN 1      0                                         0
..................................................................


WIND (MPH)
  RESULTANT WIND SPEED   4   RESULTANT WIND DIRECTION   N (340)
  HIGHEST WIND SPEED    13   HIGHEST WIND DIRECTION     N (10)
  HIGHEST GUST SPEED    15   HIGHEST GUST DIRECTION     N (10)
  AVERAGE WIND SPEED     5.9


SKY COVER
  POSSIBLE SUNSHINE  MM
  AVERAGE SKY COVER 0.6


WEATHER CONDITIONS
 THE FOLLOWING WEATHER WAS RECORDED TODAY.
  LIGHT RAIN
  FOG


RELATIVE HUMIDITY (PERCENT)
 HIGHEST   100           300 AM
 LOWEST     51           300 PM
 AVERAGE    76

..........................................................


THE SANTA ROSA AIRPORT CLIMATE NORMALS FOR TOMORROW
                         NORMAL    RECORD    YEAR
 MAXIMUM TEMPERATURE (F)   58        76      2014
 MINIMUM TEMPERATURE (F)   37        31      2002


SUNRISE AND SUNSET
JANUARY 24 2017.......SUNRISE   723 AM PST   SUNSET   525 PM PST
JANUARY 25 2017.......SUNRISE   722 AM PST   SUNSET   526 PM PST


-  INDICATES NEGATIVE NUMBERS.
R  INDICATES RECORD WAS SET OR TIED.
MM INDICATES DATA IS MISSING.
T  INDICATES TRACE AMOUNT.




$$
