000
CDUS46 KMTR 120837
CLISTS


CLIMATE REPORT
NATIONAL WEATHER SERVICE SAN FRANCISCO BAY AREA
137 AM PDT SAT JUL 12 2014


...................................

...THE SANTA ROSA AIRPORT CLIMATE SUMMARY FOR JULY 11 2014...

CLIMATE NORMAL PERIOD 1981 TO 2010
CLIMATE RECORD PERIOD 1998 TO 2014


WEATHER ITEM   OBSERVED TIME   RECORD YEAR NORMAL DEPARTURE LAST
                VALUE   (LST)  VALUE       VALUE  FROM      YEAR
                                                  NORMAL
..................................................................
TEMPERATURE (F)
 YESTERDAY
  MAXIMUM         74   1235 PM 102    1999  83     -9       76
  MINIMUM         56   1159 PM  47    2004  52      4       50
  AVERAGE         65                        68     -3       63

PRECIPITATION (IN)
  YESTERDAY        0.00          0.03 2007   0.00   0.00     0.00
  MONTH TO DATE    T                         0.01  -0.01     0.00
  SINCE JUL 1      T                         0.01  -0.01     0.00
  SINCE JAN 1     12.57                     22.10  -9.53     6.52

DEGREE DAYS
 HEATING
  YESTERDAY        0                                         2
  MONTH TO DATE    0                                         3
  SINCE JUN 1     29                                        40
  SINCE JUL 1      0                                         3

 COOLING
  YESTERDAY        0                                         0
  MONTH TO DATE   19                                        56
  SINCE JUN 1     97                                       156
  SINCE JAN 1    155                                       211
..................................................................


WIND (MPH)
  RESULTANT WIND SPEED   6   RESULTANT WIND DIRECTION   S (200)
  HIGHEST WIND SPEED    14   HIGHEST WIND DIRECTION     S (180)
  HIGHEST GUST SPEED    20   HIGHEST GUST DIRECTION     S (180)
  AVERAGE WIND SPEED     6.1


SKY COVER
  POSSIBLE SUNSHINE  MM
  AVERAGE SKY COVER 0.6


WEATHER CONDITIONS
 THE FOLLOWING WEATHER WAS RECORDED YESTERDAY.
  NO SIGNIFICANT WEATHER WAS OBSERVED.


RELATIVE HUMIDITY (PERCENT)
 HIGHEST    86           400 AM
 LOWEST     49           400 PM
 AVERAGE    68

..........................................................


THE SANTA ROSA AIRPORT CLIMATE NORMALS FOR TODAY
                         NORMAL    RECORD    YEAR
 MAXIMUM TEMPERATURE (F)   83       102      1999
 MINIMUM TEMPERATURE (F)   52        45      2006


SUNRISE AND SUNSET
JULY 12 2014..........SUNRISE   557 AM PDT   SUNSET   836 PM PDT
JULY 13 2014..........SUNRISE   558 AM PDT   SUNSET   836 PM PDT


-  INDICATES NEGATIVE NUMBERS.
R  INDICATES RECORD WAS SET OR TIED.
MM INDICATES DATA IS MISSING.
T  INDICATES TRACE AMOUNT.




$$
