000
CDUS43 KFSD 300630
CLISUX


CLIMATE REPORT
NATIONAL WEATHER SERVICE SIOUX FALLS SD
129 AM CDT THU OCT 30 2014


...................................

...THE SIOUX CITY IA CLIMATE SUMMARY FOR OCTOBER 29 2014...

CLIMATE NORMAL PERIOD 1981 TO 2010
CLIMATE RECORD PERIOD 1889 TO 2014


WEATHER ITEM   OBSERVED TIME   RECORD YEAR NORMAL DEPARTURE LAST
                VALUE   (LST)  VALUE       VALUE  FROM      YEAR
                                                  NORMAL
..................................................................
TEMPERATURE (F)
 YESTERDAY
  MAXIMUM         56    410 PM  82    1937  57     -1       48
  MINIMUM         28    556 AM   5    1925  33     -5       39
  AVERAGE         42                        45     -3       44

PRECIPITATION (IN)
  YESTERDAY        0.00          1.25 1896   0.05  -0.05     0.09
  MONTH TO DATE    1.13                      2.04  -0.91     3.82
  SINCE SEP 1      3.92                      5.00  -1.08     5.26
  SINCE JAN 1     39.55                     25.54  14.01    25.29

SNOWFALL (IN)
  YESTERDAY        0.0           2.5  1923   0.1   -0.1      0.0
  MONTH TO DATE    0.0                       0.9   -0.9       T
  SINCE SEP 1      0.0                       0.9   -0.9       T
  SINCE JUL 1      0.0                       0.9   -0.9       T
  SNOW DEPTH       0

DEGREE DAYS
 HEATING
  YESTERDAY       23                        20      3       21
  MONTH TO DATE  318                       412    -94      415
  SINCE SEP 1    424                       544   -120      460
  SINCE JUL 1    430                       559   -129      480

 COOLING
  YESTERDAY        0                         0      0        0
  MONTH TO DATE    4                         8     -4        7
  SINCE SEP 1     96                        92      4      159
  SINCE JAN 1    862                       869     -7      960
..................................................................


WIND (MPH)
  HIGHEST WIND SPEED     9   HIGHEST WIND DIRECTION    SE (130)
  HIGHEST GUST SPEED    14   HIGHEST GUST DIRECTION    SW (210)
  AVERAGE WIND SPEED     4.5


SKY COVER
  POSSIBLE SUNSHINE  MM
  AVERAGE SKY COVER 0.1


WEATHER CONDITIONS
 THE FOLLOWING WEATHER WAS RECORDED YESTERDAY.
  NO SIGNIFICANT WEATHER WAS OBSERVED.


RELATIVE HUMIDITY (PERCENT)
 HIGHEST    92           500 AM
 LOWEST     35           300 PM
 AVERAGE    64

..........................................................


THE SIOUX CITY IA CLIMATE NORMALS FOR TODAY
                         NORMAL    RECORD    YEAR
 MAXIMUM TEMPERATURE (F)   57        85      1950
 MINIMUM TEMPERATURE (F)   33         6      1925


SUNRISE AND SUNSET
OCTOBER 30 2014.......SUNRISE   756 AM CDT   SUNSET   621 PM CDT
OCTOBER 31 2014.......SUNRISE   758 AM CDT   SUNSET   620 PM CDT


-  INDICATES NEGATIVE NUMBERS.
R  INDICATES RECORD WAS SET OR TIED.
MM INDICATES DATA IS MISSING.
T  INDICATES TRACE AMOUNT.




$$
