000
CDUS43 KFSD 210702
CLISUX


CLIMATE REPORT
NATIONAL WEATHER SERVICE SIOUX FALLS SD
201 AM CDT SUN SEP 21 2014


...................................

...THE SIOUX CITY IA CLIMATE SUMMARY FOR SEPTEMBER 20 2014...

CLIMATE NORMAL PERIOD 1981 TO 2010
CLIMATE RECORD PERIOD 1889 TO 2014


WEATHER ITEM   OBSERVED TIME   RECORD YEAR NORMAL DEPARTURE LAST
                VALUE   (LST)  VALUE       VALUE  FROM      YEAR
                                                  NORMAL
..................................................................
TEMPERATURE (F)
 YESTERDAY
  MAXIMUM         85    412 PM  94    2005  75     10       69
  MINIMUM         57   1147 PM  29    1918  49      8       41
  AVERAGE         71                        62      9       55

PRECIPITATION (IN)
  YESTERDAY        0.24          2.70 1902   0.10   0.14     0.00
  MONTH TO DATE    2.28                      2.01   0.27     1.17
  SINCE SEP 1      2.28                      2.01   0.27     1.17
  SINCE JAN 1     37.91                     22.55  15.36    21.20

SNOWFALL (IN)
  YESTERDAY        0.0           0.0    MM   0.0    0.0      0.0
  MONTH TO DATE    0.0                       0.0    0.0      0.0
  SINCE SEP 1      0.0                       0.0    0.0      0.0
  SINCE JUL 1      0.0                       0.0    0.0      0.0
  SNOW DEPTH       0

DEGREE DAYS
 HEATING
  YESTERDAY        0                         5     -5       10
  MONTH TO DATE   92                        61     31       22
  SINCE SEP 1     92                        61     31       22
  SINCE JUL 1     98                        76     22       42

 COOLING
  YESTERDAY        6                         2      4        0
  MONTH TO DATE   58                        70    -12      119
  SINCE SEP 1     58                        70    -12      119
  SINCE JAN 1    824                       847    -23      920
..................................................................


WIND (MPH)
  HIGHEST WIND SPEED    25   HIGHEST WIND DIRECTION     N (340)
  HIGHEST GUST SPEED    31   HIGHEST GUST DIRECTION     N (340)
  AVERAGE WIND SPEED     8.0


SKY COVER
  POSSIBLE SUNSHINE  MM
  AVERAGE SKY COVER 0.2


WEATHER CONDITIONS
 THE FOLLOWING WEATHER WAS RECORDED YESTERDAY.
  THUNDERSTORM
  HEAVY RAIN
  RAIN
  LIGHT RAIN
  FOG


RELATIVE HUMIDITY (PERCENT)
 HIGHEST   100           400 AM
 LOWEST     34           300 PM
 AVERAGE    67

..........................................................


THE SIOUX CITY IA CLIMATE NORMALS FOR TODAY
                         NORMAL    RECORD    YEAR
 MAXIMUM TEMPERATURE (F)   74        96      2005
 MINIMUM TEMPERATURE (F)   48        29      1999


SUNRISE AND SUNSET
SEPTEMBER 21 2014.....SUNRISE   712 AM CDT   SUNSET   725 PM CDT
SEPTEMBER 22 2014.....SUNRISE   713 AM CDT   SUNSET   723 PM CDT


-  INDICATES NEGATIVE NUMBERS.
R  INDICATES RECORD WAS SET OR TIED.
MM INDICATES DATA IS MISSING.
T  INDICATES TRACE AMOUNT.




$$
