000
CDUS43 KFSD 240638
CLISUX


CLIMATE REPORT
NATIONAL WEATHER SERVICE SIOUX FALLS SD
137 AM CDT THU AUG 24 2017


...................................

...THE SIOUX CITY IA CLIMATE SUMMARY FOR AUGUST 23 2017...

CLIMATE NORMAL PERIOD 1981 TO 2010
CLIMATE RECORD PERIOD 1889 TO 2017


WEATHER ITEM   OBSERVED TIME   RECORD YEAR NORMAL DEPARTURE LAST
                VALUE   (LST)  VALUE       VALUE  FROM      YEAR
                                                  NORMAL
..................................................................
TEMPERATURE (F)
 YESTERDAY
  MAXIMUM         78    423 PM 102    1938  83     -5       82
  MINIMUM         52    553 AM  40    1891  60     -8       65
  AVERAGE         65                        71     -6       74

PRECIPITATION (IN)
  YESTERDAY        0.00          2.45 2016   0.10  -0.10     2.45
  MONTH TO DATE    5.10                      2.38   2.72     4.91
  SINCE JUN 1      7.66                      9.71  -2.05     8.48
  SINCE JAN 1     17.13                     19.69  -2.56    24.21

SNOWFALL (IN)
  YESTERDAY        0.0           0.0    MM   0.0    0.0      0.0
  MONTH TO DATE    0.0                       0.0    0.0      0.0
  SINCE JUN 1      0.0                       0.0    0.0      0.0
  SINCE JUL 1      0.0                       0.0    0.0      0.0
  SNOW DEPTH       0

DEGREE DAYS
 HEATING
  YESTERDAY        0                         1     -1        0
  MONTH TO DATE    8                         1      7        0
  SINCE JUN 1     18                        31    -13        0
  SINCE JUL 1      8                         4      4        0

 COOLING
  YESTERDAY        0                         7     -7        9
  MONTH TO DATE  105                       185    -80      237
  SINCE JUN 1    761                       666     95      919
  SINCE JAN 1    799                       730     69      971
..................................................................


WIND (MPH)
  HIGHEST WIND SPEED    14   HIGHEST WIND DIRECTION     S (170)
  HIGHEST GUST SPEED    21   HIGHEST GUST DIRECTION     S (180)
  AVERAGE WIND SPEED     5.8


SKY COVER
  POSSIBLE SUNSHINE  MM
  AVERAGE SKY COVER 0.2


WEATHER CONDITIONS
 THE FOLLOWING WEATHER WAS RECORDED YESTERDAY.
  NO SIGNIFICANT WEATHER WAS OBSERVED.


RELATIVE HUMIDITY (PERCENT)
 HIGHEST   100           100 AM
 LOWEST     52           200 PM
 AVERAGE    76

..........................................................


THE SIOUX CITY IA CLIMATE NORMALS FOR TODAY
                         NORMAL    RECORD    YEAR
 MAXIMUM TEMPERATURE (F)   83       108      1936
 MINIMUM TEMPERATURE (F)   60        42      1928


SUNRISE AND SUNSET
AUGUST 24 2017........SUNRISE   642 AM CDT   SUNSET   812 PM CDT
AUGUST 25 2017........SUNRISE   644 AM CDT   SUNSET   811 PM CDT


-  INDICATES NEGATIVE NUMBERS.
R  INDICATES RECORD WAS SET OR TIED.
MM INDICATES DATA IS MISSING.
T  INDICATES TRACE AMOUNT.




$$
