000
CDUS43 KFSD 310647
CLISUX


CLIMATE REPORT
NATIONAL WEATHER SERVICE SIOUX FALLS SD
147 AM CDT FRI OCT 31 2014


...................................

...THE SIOUX CITY IA CLIMATE SUMMARY FOR OCTOBER 30 2014...

CLIMATE NORMAL PERIOD 1981 TO 2010
CLIMATE RECORD PERIOD 1889 TO 2014


WEATHER ITEM   OBSERVED TIME   RECORD YEAR NORMAL DEPARTURE LAST
                VALUE   (LST)  VALUE       VALUE  FROM      YEAR
                                                  NORMAL
..................................................................
TEMPERATURE (F)
 YESTERDAY
  MAXIMUM         60    126 PM  85    1950  57      3       46
  MINIMUM         32    653 AM   6    1925  33     -1       36
  AVERAGE         46                        45      1       41

PRECIPITATION (IN)
  YESTERDAY        T             4.42 1979   0.05  -0.05     0.07
  MONTH TO DATE    1.13                      2.09  -0.96     3.89
  SINCE SEP 1      3.92                      5.05  -1.13     5.33
  SINCE JAN 1     39.55                     25.59  13.96    25.36

SNOWFALL (IN)
  YESTERDAY        0.0           1.0  2002   0.0    0.0      0.0
                                      1991
  MONTH TO DATE    0.0                       0.9   -0.9       T
  SINCE SEP 1      0.0                       0.9   -0.9       T
  SINCE JUL 1      0.0                       0.9   -0.9       T
  SNOW DEPTH       0

DEGREE DAYS
 HEATING
  YESTERDAY       19                        20     -1       24
  MONTH TO DATE  337                       432    -95      439
  SINCE SEP 1    443                       564   -121      484
  SINCE JUL 1    449                       579   -130      504

 COOLING
  YESTERDAY        0                         0      0        0
  MONTH TO DATE    4                         8     -4        7
  SINCE SEP 1     96                        92      4      159
  SINCE JAN 1    862                       869     -7      960
..................................................................


WIND (MPH)
  HIGHEST WIND SPEED    29   HIGHEST WIND DIRECTION     N (360)
  HIGHEST GUST SPEED    34   HIGHEST GUST DIRECTION     N (10)
  AVERAGE WIND SPEED    15.1


SKY COVER
  POSSIBLE SUNSHINE  MM
  AVERAGE SKY COVER 0.5


WEATHER CONDITIONS
 THE FOLLOWING WEATHER WAS RECORDED YESTERDAY.
  NO SIGNIFICANT WEATHER WAS OBSERVED.


RELATIVE HUMIDITY (PERCENT)
 HIGHEST    92           700 AM
 LOWEST     51          1100 AM
 AVERAGE    72

..........................................................


THE SIOUX CITY IA CLIMATE NORMALS FOR TODAY
                         NORMAL    RECORD    YEAR
 MAXIMUM TEMPERATURE (F)   56        81      1944
 MINIMUM TEMPERATURE (F)   33        12      1993


SUNRISE AND SUNSET
OCTOBER 31 2014.......SUNRISE   758 AM CDT   SUNSET   620 PM CDT
NOVEMBER  1 2014......SUNRISE   759 AM CDT   SUNSET   619 PM CDT


-  INDICATES NEGATIVE NUMBERS.
R  INDICATES RECORD WAS SET OR TIED.
MM INDICATES DATA IS MISSING.
T  INDICATES TRACE AMOUNT.




$$
