000
CDUS43 KFSD 290634
CLISUX


CLIMATE REPORT
NATIONAL WEATHER SERVICE SIOUX FALLS SD
132 AM CDT WED JUN 29 2016


...................................

...THE SIOUX CITY IA CLIMATE SUMMARY FOR JUNE 28 2016...

CLIMATE NORMAL PERIOD 1981 TO 2010
CLIMATE RECORD PERIOD 1889 TO 2016


WEATHER ITEM   OBSERVED TIME   RECORD YEAR NORMAL DEPARTURE LAST
                VALUE   (LST)  VALUE       VALUE  FROM      YEAR
                                                  NORMAL
..................................................................
TEMPERATURE (F)
 YESTERDAY
  MAXIMUM         83    531 PM 103    1988  85     -2       87
                                      1936
  MINIMUM         61    540 AM  47    2004  62     -1       66
                                      1895
  AVERAGE         72                        73     -1       77

PRECIPITATION (IN)
  YESTERDAY        0.04          1.11 1969   0.12  -0.08     0.00
  MONTH TO DATE    1.36                      3.65  -2.29     4.14
  SINCE JUN 1      1.36                      3.65  -2.29     4.14
  SINCE JAN 1     17.09                     13.63   3.46    12.04

SNOWFALL (IN)
  YESTERDAY        0.0           0.0    MM   0.0    0.0      0.0
  MONTH TO DATE    0.0                       0.0    0.0      0.0
  SINCE JUN 1      0.0                       0.0    0.0      0.0
  SINCE JUL 1     57.6                      34.8   22.8     21.5
  SNOW DEPTH       0

DEGREE DAYS
 HEATING
  YESTERDAY        0                         0      0        0
  MONTH TO DATE    0                        24    -24        2
  SINCE JUN 1      0                        24    -24        2
  SINCE JUL 1   5655                      6858  -1203     6409

 COOLING
  YESTERDAY        7                         9     -2       12
  MONTH TO DATE  309                       169    140      196
  SINCE JUN 1    309                       169    140      196
  SINCE JAN 1    361                       233    128      225
..................................................................


WIND (MPH)
  HIGHEST WIND SPEED    13   HIGHEST WIND DIRECTION     E (80)
  HIGHEST GUST SPEED    16   HIGHEST GUST DIRECTION     E (100)
  AVERAGE WIND SPEED     3.7


SKY COVER
  POSSIBLE SUNSHINE  MM
  AVERAGE SKY COVER 0.3


WEATHER CONDITIONS
 THE FOLLOWING WEATHER WAS RECORDED YESTERDAY.
  THUNDERSTORM
  LIGHT RAIN


RELATIVE HUMIDITY (PERCENT)
 HIGHEST    84           200 AM
 LOWEST     40           500 PM
 AVERAGE    62

..........................................................


THE SIOUX CITY IA CLIMATE NORMALS FOR TODAY
                         NORMAL    RECORD    YEAR
 MAXIMUM TEMPERATURE (F)   85       100      1970
                                             1931
                                             1911
 MINIMUM TEMPERATURE (F)   62        44      1923


SUNRISE AND SUNSET
JUNE 29 2016..........SUNRISE   552 AM CDT   SUNSET   906 PM CDT
JUNE 30 2016..........SUNRISE   552 AM CDT   SUNSET   906 PM CDT


-  INDICATES NEGATIVE NUMBERS.
R  INDICATES RECORD WAS SET OR TIED.
MM INDICATES DATA IS MISSING.
T  INDICATES TRACE AMOUNT.




$$
