000
CDUS41 KBGM 210611
CLISYR


CLIMATE REPORT
NATIONAL WEATHER SERVICE BINGHAMTON NY
210 AM EDT MON APR 21 2014


...................................

...THE SYRACUSE NY CLIMATE SUMMARY FOR APRIL 20 2014...

CLIMATE NORMAL PERIOD 1981 TO 2010
CLIMATE RECORD PERIOD 1902 TO 2014


WEATHER ITEM   OBSERVED TIME   RECORD YEAR NORMAL DEPARTURE LAST
                VALUE   (LST)  VALUE       VALUE  FROM      YEAR
                                                  NORMAL
..................................................................
TEMPERATURE (F)
 YESTERDAY
  MAXIMUM         68    414 PM  90    1941  59      9       48
  MINIMUM         29    527 AM  20    1904  38     -9       31
  AVERAGE         49                        49      0       40

PRECIPITATION (IN)
  YESTERDAY        T             1.36 2011   0.10  -0.10      T
  MONTH TO DATE    2.62                      2.19   0.43     3.25
  SINCE MAR 1      6.10                      5.14   0.96     5.27
  SINCE JAN 1     11.65                      9.71   1.94     9.69

SNOWFALL (IN)
  YESTERDAY        0.0           4.2  1983   0.1   -0.1       T
  MONTH TO DATE    0.4                       3.3   -2.9     12.0
  SINCE MAR 1     22.1                      21.3    0.8     32.2
  SINCE JUL 1    132.0                     123.2    8.8    115.4
  SNOW DEPTH       0

DEGREE DAYS
 HEATING
  YESTERDAY       16                        16      0       25
  MONTH TO DATE  399                       404     -5      418
  SINCE MAR 1   1610                      1361    249     1382
  SINCE JUL 1   6702                      6192    510     5753

 COOLING
  YESTERDAY        0                         0      0        0
  MONTH TO DATE    1                         0      1        0
  SINCE MAR 1      1                         0      1        0
  SINCE JAN 1      1                         0      1        0
..................................................................


WIND (MPH)
  HIGHEST WIND SPEED    13   HIGHEST WIND DIRECTION     N (360)
  HIGHEST GUST SPEED    16   HIGHEST GUST DIRECTION     N (10)
  AVERAGE WIND SPEED     4.0


SKY COVER
  POSSIBLE SUNSHINE  MM
  AVERAGE SKY COVER 0.5


WEATHER CONDITIONS
 THE FOLLOWING WEATHER WAS RECORDED YESTERDAY.
  NO SIGNIFICANT WEATHER WAS OBSERVED.


RELATIVE HUMIDITY (PERCENT)
 HIGHEST    92           400 AM
 LOWEST     22           400 PM
 AVERAGE    57

..........................................................


THE SYRACUSE NY CLIMATE NORMALS FOR TODAY
                         NORMAL    RECORD    YEAR
 MAXIMUM TEMPERATURE (F)   60        87      1954
 MINIMUM TEMPERATURE (F)   39        24      1981


SUNRISE AND SUNSET
APRIL 21 2014.........SUNRISE   613 AM EDT   SUNSET   754 PM EDT
APRIL 22 2014.........SUNRISE   611 AM EDT   SUNSET   755 PM EDT


-  INDICATES NEGATIVE NUMBERS.
R  INDICATES RECORD WAS SET OR TIED.
MM INDICATES DATA IS MISSING.
T  INDICATES TRACE AMOUNT.




$$
