000
CDUS41 KBGM 180548
CLISYR


CLIMATE REPORT
NATIONAL WEATHER SERVICE BINGHAMTON NY
1248 AM EST THU JAN 18 2018


...................................

...THE SYRACUSE NY CLIMATE SUMMARY FOR JANUARY 17 2018...

CLIMATE NORMAL PERIOD 1981 TO 2010
CLIMATE RECORD PERIOD 1902 TO 2018


WEATHER ITEM   OBSERVED TIME   RECORD YEAR NORMAL DEPARTURE LAST
                VALUE   (LST)  VALUE       VALUE  FROM      YEAR
                                                  NORMAL
..................................................................
TEMPERATURE (F)
 YESTERDAY
  MAXIMUM         24    342 AM  58    1990  31     -7       37
  MINIMUM          4   1154 PM -16    1965  15    -11       23
  AVERAGE         14                        23     -9       30

PRECIPITATION (IN)
  YESTERDAY        0.01          0.91 2017   0.08  -0.07     0.91
  MONTH TO DATE    2.74                      1.45   1.29     2.19
  SINCE DEC 1      5.08                      4.67   0.41     5.43
  SINCE JAN 1      2.74                      1.45   1.29     2.19

SNOWFALL (IN)
  YESTERDAY        1.2           6.3  1978   1.2    0.0      0.0
  MONTH TO DATE   38.1                      18.4   19.7      4.8
  SINCE DEC 1     72.3                      51.1   21.2     42.0
  SINCE JUL 1     77.5                      61.0   16.5     67.4
  SNOW DEPTH       9

DEGREE DAYS
 HEATING
  YESTERDAY       51                        42      9       35
  MONTH TO DATE  816                       701    115      660
  SINCE DEC 1   2077                      1805    272     1751
  SINCE JUL 1   3274                      3154    120     2945

 COOLING
  YESTERDAY        0                         0      0        0
  MONTH TO DATE    0                         0      0        0
  SINCE DEC 1      0                         0      0        0
  SINCE JAN 1      0                         0      0        0
..................................................................


WIND (MPH)
  HIGHEST WIND SPEED    20   HIGHEST WIND DIRECTION     W (260)
  HIGHEST GUST SPEED    22   HIGHEST GUST DIRECTION     W (260)
  AVERAGE WIND SPEED     8.4


SKY COVER
  POSSIBLE SUNSHINE  MM
  AVERAGE SKY COVER 0.7


WEATHER CONDITIONS
 THE FOLLOWING WEATHER WAS RECORDED YESTERDAY.
  LIGHT SNOW
  FOG


RELATIVE HUMIDITY (PERCENT)
 HIGHEST   100          1200 AM
 LOWEST     67           300 PM
 AVERAGE    84

..........................................................


THE SYRACUSE NY CLIMATE NORMALS FOR TODAY
                         NORMAL    RECORD    YEAR
 MAXIMUM TEMPERATURE (F)   31        61      1973
 MINIMUM TEMPERATURE (F)   15       -15      1945


SUNRISE AND SUNSET
JANUARY 18 2018.......SUNRISE   732 AM EST   SUNSET   459 PM EST
JANUARY 19 2018.......SUNRISE   731 AM EST   SUNSET   500 PM EST


-  INDICATES NEGATIVE NUMBERS.
R  INDICATES RECORD WAS SET OR TIED.
MM INDICATES DATA IS MISSING.
T  INDICATES TRACE AMOUNT.




$$
