000
CDUS41 KBGM 280536
CLISYR


CLIMATE REPORT
NATIONAL WEATHER SERVICE BINGHAMTON NY
134 AM EDT SAT MAR 28 2015


...................................

...THE SYRACUSE NY CLIMATE SUMMARY FOR MARCH 27 2015...

CLIMATE NORMAL PERIOD 1981 TO 2010
CLIMATE RECORD PERIOD 1902 TO 2015


WEATHER ITEM   OBSERVED TIME   RECORD YEAR NORMAL DEPARTURE LAST
                VALUE   (LST)  VALUE       VALUE  FROM      YEAR
                                                  NORMAL
..................................................................
TEMPERATURE (F)
 YESTERDAY
  MAXIMUM         39   1253 PM  80    1989  48     -9       41
                                      1921
  MINIMUM         22   1159 PM  13    1966  29     -7       14
  AVERAGE         31                        38     -7       28

PRECIPITATION (IN)
  YESTERDAY        T             1.31 1950   0.10  -0.10     0.02
  MONTH TO DATE    1.48                      2.54  -1.06     1.68
  SINCE MAR 1      1.48                      2.54  -1.06     1.68
  SINCE JAN 1      5.36                      7.11  -1.75     7.23

SNOWFALL (IN)
  YESTERDAY        T            13.4  1955   0.3   -0.3      0.1
  MONTH TO DATE   12.3                      16.8   -4.5     21.7
  SINCE MAR 1     12.3                      16.8   -4.5     21.7
  SINCE JUL 1    119.1                     118.7    0.4    131.6
  SNOW DEPTH       2

DEGREE DAYS
 HEATING
  YESTERDAY       34                        27      7       37
  MONTH TO DATE 1034                       855    179     1101
  SINCE MAR 1   1034                       855    179     1101
  SINCE JUL 1   6258                      5686    572     6193

 COOLING
  YESTERDAY        0                         0      0        0
  MONTH TO DATE    0                         0      0        0
  SINCE MAR 1      0                         0      0        0
  SINCE JAN 1      0                         0      0        0
..................................................................


WIND (MPH)
  HIGHEST WIND SPEED    20   HIGHEST WIND DIRECTION    NW (310)
  HIGHEST GUST SPEED    25   HIGHEST GUST DIRECTION    NW (320)
  AVERAGE WIND SPEED    10.7


SKY COVER
  POSSIBLE SUNSHINE  MM
  AVERAGE SKY COVER 0.9


WEATHER CONDITIONS
 THE FOLLOWING WEATHER WAS RECORDED YESTERDAY.
  LIGHT RAIN
  LIGHT SNOW
  FOG


RELATIVE HUMIDITY (PERCENT)
 HIGHEST   100          1200 AM
 LOWEST     64           100 PM
 AVERAGE    82

..........................................................


THE SYRACUSE NY CLIMATE NORMALS FOR TODAY
                         NORMAL    RECORD    YEAR
 MAXIMUM TEMPERATURE (F)   48        84      1945
 MINIMUM TEMPERATURE (F)   29         3      1923


SUNRISE AND SUNSET
MARCH 28 2015.........SUNRISE   654 AM EDT   SUNSET   726 PM EDT
MARCH 29 2015.........SUNRISE   652 AM EDT   SUNSET   727 PM EDT


-  INDICATES NEGATIVE NUMBERS.
R  INDICATES RECORD WAS SET OR TIED.
MM INDICATES DATA IS MISSING.
T  INDICATES TRACE AMOUNT.

$$
