000
CDUS41 KBGM 010614
CLISYR


CLIMATE REPORT
NATIONAL WEATHER SERVICE BINGHAMTON NY
212 AM EDT WED OCT 1 2014


...................................

...THE SYRACUSE NY CLIMATE SUMMARY FOR SEPTEMBER 30 2014...

CLIMATE NORMAL PERIOD 1981 TO 2010
CLIMATE RECORD PERIOD 1902 TO 2014


WEATHER ITEM   OBSERVED TIME   RECORD YEAR NORMAL DEPARTURE LAST
                VALUE   (LST)  VALUE       VALUE  FROM      YEAR
                                                  NORMAL
..................................................................
TEMPERATURE (F)
 YESTERDAY
  MAXIMUM         77    327 PM  89    1953  66     11       77
  MINIMUM         53    617 AM  28    1991  47      6       47
  AVERAGE         65                        56      9       62

PRECIPITATION (IN)
  YESTERDAY        T             2.66 2010   0.12  -0.12     0.00
  MONTH TO DATE    1.60                      3.69  -2.09     3.20
  SINCE SEP 1      1.60                      3.69  -2.09     3.20
  SINCE JAN 1     30.64                     28.28   2.36    29.78

SNOWFALL (IN)
  YESTERDAY        0.0           T    1992   0.0    0.0      0.0
  MONTH TO DATE    0.0                       0.0    0.0      0.0
  SINCE SEP 1      0.0                       0.0    0.0      0.0
  SINCE JUL 1      0.0                       0.0    0.0      0.0
  SNOW DEPTH       0

DEGREE DAYS
 HEATING
  YESTERDAY        0                         9     -9        3
  MONTH TO DATE  103                       140    -37      172
  SINCE SEP 1    103                       141    -38      172
  SINCE JUL 1    114                       167    -53      178

 COOLING
  YESTERDAY        0                         0      0        0
  MONTH TO DATE   75                        52     23       68
  SINCE SEP 1     75                        52     23       68
  SINCE JAN 1    634                       565     69      711
..................................................................


WIND (MPH)
  HIGHEST WIND SPEED    13   HIGHEST WIND DIRECTION    NE (50)
  HIGHEST GUST SPEED    17   HIGHEST GUST DIRECTION    NE (50)
  AVERAGE WIND SPEED     4.9


SKY COVER
  POSSIBLE SUNSHINE  MM
  AVERAGE SKY COVER 0.6


WEATHER CONDITIONS
 THE FOLLOWING WEATHER WAS RECORDED YESTERDAY.
  THUNDERSTORM
  LIGHT RAIN
  FOG


RELATIVE HUMIDITY (PERCENT)
 HIGHEST    93          1200 AM
 LOWEST     60          1200 PM
 AVERAGE    77

..........................................................


THE SYRACUSE NY CLIMATE NORMALS FOR TODAY
                         NORMAL    RECORD    YEAR
 MAXIMUM TEMPERATURE (F)   66        85      1927
                                             1905
 MINIMUM TEMPERATURE (F)   46        30      1993
                                             1947


SUNRISE AND SUNSET
OCTOBER  1 2014.......SUNRISE   702 AM EDT   SUNSET   646 PM EDT
OCTOBER  2 2014.......SUNRISE   703 AM EDT   SUNSET   644 PM EDT


-  INDICATES NEGATIVE NUMBERS.
R  INDICATES RECORD WAS SET OR TIED.
MM INDICATES DATA IS MISSING.
T  INDICATES TRACE AMOUNT.

$$
