000
CDKA40 PTYA 300700
CLIT11
DAILY CLIMATE REPORT
NATIONAL WEATHER SERVICE YAP FM
5PM LST MON JUN 28 2015
THE YAP FM CLIMATE SUMMARY FOR JUNE 30 2015
CLIMATE NORMAL PERIOD  1981  TO 2010
CLIMATE RECORD PERIOD  1951  TO 2015
WEATHER ITEM OBSERVED TIME  RECORD YEAR NORMAL DEPARTURE LAST
              VALUE   (LST) VALUE       VALUE    FROM    YEAR
                                                NORMAL
TEMPERATURE   (F)
TODAY
MAXIMUM       87  1250  PM 97  2014      88      -1        89
MINIMUM       78  0550  AM 63  1999      78       0        78
AVERAGE       83                         83       0        84
PRECIPITATION INCHES
TODAY           0.00    164.24  1996    0.50     -0.50    0.20
MONTH TO DATE  11.07                   13.20     -2.13    9.95
SINCE 01 JUN   11.07                   13.20     -2.13    9.95
SINCE JAN 01   36.62                   46.05     -9.43   59.19
