000
CDUS45 KPUB 011157
CLITAD


CLIMATE REPORT
NATIONAL WEATHER SERVICE PUEBLO
457 AM MST WED MAR 1 2017


...................................

...THE TRINIDAD CO CLIMATE SUMMARY FOR FEBRUARY 28 2017...

CLIMATE NORMAL PERIOD 1981 TO 2010
CLIMATE RECORD PERIOD 9999 TO 9999


WEATHER ITEM   OBSERVED TIME   NORMAL DEPARTURE LAST
                VALUE   (LST)  VALUE  FROM      YEAR
                                      NORMAL
......................................................
TEMPERATURE (F)
 YESTERDAY
  MAXIMUM         55   1015 AM  53      2       60
  MINIMUM         26   1159 PM  23      3       33
  AVERAGE         41            38      3       47

PRECIPITATION (IN)
  YESTERDAY        T             0.02  -0.02     0.00
  MONTH TO DATE    0.06          0.49  -0.43     0.13
  SINCE DEC 1      1.86          1.43   0.43     0.64
  SINCE JAN 1      1.56          0.89   0.67     0.41

DEGREE DAYS
 HEATING
  YESTERDAY       24            27     -3       18
  MONTH TO DATE  596           841   -245      682
  SINCE DEC 1   2690          2889   -199     2567
  SINCE JUL 1   3456          4122   -666     3485

 COOLING
  YESTERDAY        0             0      0        0
  MONTH TO DATE    0             0      0        0
  SINCE DEC 1      0             0      0        0
  SINCE JAN 1      0             0      0        0
......................................................


WIND (MPH)
  HIGHEST WIND SPEED    36   HIGHEST WIND DIRECTION    SW (240)
  HIGHEST GUST SPEED    47   HIGHEST GUST DIRECTION     W (260)
  AVERAGE WIND SPEED    17.9


SKY COVER
  POSSIBLE SUNSHINE  MM
  AVERAGE SKY COVER 0.3


WEATHER CONDITIONS
 THE FOLLOWING WEATHER WAS RECORDED YESTERDAY.
  LIGHT SNOW
  HAZE


RELATIVE HUMIDITY (PERCENT)
 HIGHEST    75          1100 PM
 LOWEST     15           500 PM
 AVERAGE    45

..........................................................




SUNRISE AND SUNSET
MARCH  1 2017.........SUNRISE   628 AM MST   SUNSET   552 PM MST
MARCH  2 2017.........SUNRISE   627 AM MST   SUNSET   553 PM MST


-  INDICATES NEGATIVE NUMBERS.
R  INDICATES RECORD WAS SET OR TIED.
MM INDICATES DATA IS MISSING.
T  INDICATES TRACE AMOUNT.




$$
