000
CDUS44 KBMX 300819
CLITCL


CLIMATE REPORT
NATIONAL WEATHER SERVICE BIRMINGHAM, AL
218 AM CST FRI JAN 30 2015


...................................

...THE TUSCALOOSA CLIMATE SUMMARY FOR JANUARY 29 2015...

CLIMATE NORMAL PERIOD 1981 TO 2010
CLIMATE RECORD PERIOD 1948 TO 2015


WEATHER ITEM   OBSERVED TIME   RECORD YEAR NORMAL DEPARTURE LAST
                VALUE   (LST)  VALUE       VALUE  FROM      YEAR
                                                  NORMAL
..................................................................
TEMPERATURE (F)
 YESTERDAY
  MAXIMUM         72    345 PM  79    2002  57     15       33
  MINIMUM         34    551 AM   6    1966  34      0       14
  AVERAGE         53                        45      8       24

PRECIPITATION (IN)
  YESTERDAY        0.00          2.15 1960   0.20  -0.20     0.00
  MONTH TO DATE    6.17                      4.95   1.22     2.09
  SINCE DEC 1     13.17                      9.57   3.60     9.50
  SINCE JAN 1      6.17                      4.95   1.22     2.09

SNOWFALL (IN)
  YESTERDAY        0.0                       0.0    0.0
  MONTH TO DATE    0.0                       0.3   -0.3
  SINCE DEC 1      0.0                       0.3   -0.3
  SINCE JUL 1      0.0                       0.3   -0.3

DEGREE DAYS
 HEATING
  YESTERDAY       12                        20     -8
  MONTH TO DATE  609                       594     15
  SINCE DEC 1   1072                      1158    -86
  SINCE JUL 1   1616                      1595     21
..................................................................


WIND (MPH)
  HIGHEST WIND SPEED    23   HIGHEST WIND DIRECTION     N (350)
  HIGHEST GUST SPEED    29   HIGHEST GUST DIRECTION     N (360)
  AVERAGE WIND SPEED     8.5


SKY COVER
  AVERAGE SKY COVER 0.1


WEATHER CONDITIONS
 THE FOLLOWING WEATHER WAS RECORDED YESTERDAY.
  NO SIGNIFICANT WEATHER WAS OBSERVED.


RELATIVE HUMIDITY (PERCENT)
 HIGHEST    85          1200 AM
 LOWEST     44           400 PM
 AVERAGE    65

..........................................................


THE TUSCALOOSA CLIMATE NORMALS FOR TODAY
                         NORMAL    RECORD    YEAR
 MAXIMUM TEMPERATURE (F)   57        81      1950
 MINIMUM TEMPERATURE (F)   34         1      1966


SUNRISE AND SUNSET
JANUARY 30 2015.......SUNRISE   648 AM CST   SUNSET   520 PM CST
JANUARY 31 2015.......SUNRISE   647 AM CST   SUNSET   521 PM CST


-  INDICATES NEGATIVE NUMBERS.
R  INDICATES RECORD WAS SET OR TIED.
MM INDICATES DATA IS MISSING.
T  INDICATES TRACE AMOUNT.




$$
