000
CDUS44 KBMX 202115
CLITCL


CLIMATE REPORT
NATIONAL WEATHER SERVICE BIRMINGHAM, AL
415 PM CDT SUN APR 20 2014


...................................

...THE TUSCALOOSA CLIMATE SUMMARY FOR APRIL 20 2014...
VALID AS OF 0400 PM LOCAL TIME.

CLIMATE NORMAL PERIOD 1981 TO 2010
CLIMATE RECORD PERIOD 1948 TO 2014


WEATHER ITEM   OBSERVED TIME   RECORD YEAR NORMAL DEPARTURE LAST
                VALUE   (LST)  VALUE       VALUE  FROM      YEAR
                                                  NORMAL
..................................................................
TEMPERATURE (F)
 TODAY
  MAXIMUM         79    208 PM  89    2006  77      2       70
                                      1987
  MINIMUM         47    531 AM  34    1953  51     -4       38
  AVERAGE         63                        64     -1       54

PRECIPITATION (IN)
  TODAY            0.00          2.17 1992   0.14  -0.14     0.00
  MONTH TO DATE    6.50                      2.88   3.62     3.23
  SINCE MAR 1     11.78                      7.42   4.36     7.98
  SINCE JAN 1     19.50                     18.09   1.41    18.75

SNOWFALL (IN)
  TODAY            0.0                       0.0    0.0
  MONTH TO DATE    0.0                       0.0    0.0
  SINCE MAR 1      0.0                       0.3   -0.3
  SINCE JUL 1      0.8                       0.7    0.1
  SNOW DEPTH       0

DEGREE DAYS

 COOLING
  TODAY            0                         2     -2
  MONTH TO DATE   15                        33    -18
  SINCE MAR 1     16                        51    -35
  SINCE JAN 1     23                        56    -33
..................................................................


WIND (MPH)
  HIGHEST WIND SPEED    14   HIGHEST WIND DIRECTION    NE (60)
  HIGHEST GUST SPEED    18   HIGHEST GUST DIRECTION    NE (60)
  AVERAGE WIND SPEED     3.2


SKY COVER
  AVERAGE SKY COVER 0.0


WEATHER CONDITIONS
 THE FOLLOWING WEATHER WAS RECORDED TODAY.
  FOG


RELATIVE HUMIDITY (PERCENT)
 HIGHEST    93           300 AM
 LOWEST     32           300 PM
 AVERAGE    63

..........................................................


THE TUSCALOOSA CLIMATE NORMALS FOR TOMORROW
                         NORMAL    RECORD    YEAR
 MAXIMUM TEMPERATURE (F)   77        94      1987
 MINIMUM TEMPERATURE (F)   52        31      1953


SUNRISE AND SUNSET
APRIL 20 2014.........SUNRISE   614 AM CDT   SUNSET   725 PM CDT
APRIL 21 2014.........SUNRISE   613 AM CDT   SUNSET   725 PM CDT


-  INDICATES NEGATIVE NUMBERS.
R  INDICATES RECORD WAS SET OR TIED.
MM INDICATES DATA IS MISSING.
T  INDICATES TRACE AMOUNT.




$$
