045
CDUS44 KBMX 300739
CLITCL


CLIMATE REPORT
NATIONAL WEATHER SERVICE BIRMINGHAM, AL
238 AM CDT FRI SEP 30 2016


...................................

...THE TUSCALOOSA CLIMATE SUMMARY FOR SEPTEMBER 29 2016...

CLIMATE NORMAL PERIOD 1981 TO 2010
CLIMATE RECORD PERIOD 1948 TO 2016


WEATHER ITEM   OBSERVED TIME   RECORD YEAR NORMAL DEPARTURE LAST
                VALUE   (LST)  VALUE       VALUE  FROM      YEAR
                                                  NORMAL
..................................................................
TEMPERATURE (F)
 YESTERDAY
  MAXIMUM         79    229 PM  96    1986  83     -4       88
  MINIMUM         55   1117 PM  41    1967  58     -3       67
                                      1962
  AVERAGE         67                        71     -4       78

PRECIPITATION (IN)
  YESTERDAY        0.00          1.28 1973   0.12  -0.12     0.00
  MONTH TO DATE    0.33                      3.39  -3.06     0.92
  SINCE SEP 1      0.33                      3.39  -3.06     0.92
  SINCE JAN 1     32.07                     39.26  -7.19    35.55

DEGREE DAYS
 HEATING
  YESTERDAY        0                         1     -1
  MONTH TO DATE    0                         4     -4
  SINCE SEP 1      0                         4     -4
  SINCE JUL 1      0                         4     -4
..................................................................


WIND (MPH)
  HIGHEST WIND SPEED    17   HIGHEST WIND DIRECTION     N (360)
  HIGHEST GUST SPEED    23   HIGHEST GUST DIRECTION     N (350)
  AVERAGE WIND SPEED     8.9


SKY COVER
  AVERAGE SKY COVER 0.1


WEATHER CONDITIONS
 THE FOLLOWING WEATHER WAS RECORDED YESTERDAY.
  NO SIGNIFICANT WEATHER WAS OBSERVED.


RELATIVE HUMIDITY (PERCENT)
 HIGHEST    80          1100 PM
 LOWEST     28           300 PM
 AVERAGE    54

..........................................................


THE TUSCALOOSA CLIMATE NORMALS FOR TODAY
                         NORMAL    RECORD    YEAR
 MAXIMUM TEMPERATURE (F)   82        96      1954
 MINIMUM TEMPERATURE (F)   58        37      1967


SUNRISE AND SUNSET
SEPTEMBER 30 2016.....SUNRISE   644 AM CDT   SUNSET   636 PM CDT
OCTOBER  1 2016.......SUNRISE   645 AM CDT   SUNSET   634 PM CDT


-  INDICATES NEGATIVE NUMBERS.
R  INDICATES RECORD WAS SET OR TIED.
MM INDICATES DATA IS MISSING.
T  INDICATES TRACE AMOUNT.




$$
