000
CDUS44 KBMX 280154
CLITCL


CLIMATE REPORT
NATIONAL WEATHER SERVICE BIRMINGHAM, AL
754 PM CST MON FEB 27 2017


...................................

...THE TUSCALOOSA CLIMATE SUMMARY FOR FEBRUARY 27 2017...
VALID TODAY AS OF 0700 PM LOCAL TIME.

CLIMATE NORMAL PERIOD 1981 TO 2010
CLIMATE RECORD PERIOD 1948 TO 2017


WEATHER ITEM   OBSERVED TIME   RECORD YEAR NORMAL DEPARTURE LAST
                VALUE   (LST)  VALUE       VALUE  FROM      YEAR
                                                  NORMAL
..................................................................
TEMPERATURE (F)
 TODAY
  MAXIMUM         59    355 PM  83    1962  64     -5       62
  MINIMUM         46    829 AM  17    1963  40      6       29
  AVERAGE         53                        52      1       46

PRECIPITATION (IN)
  TODAY            0.54          3.81 2009   0.18   0.36     0.00
  MONTH TO DATE    4.01                      5.14  -1.13     5.46
  SINCE DEC 1     14.12                     15.11  -0.99    17.87
  SINCE JAN 1     11.21                     10.49   0.72     9.60

SNOWFALL (IN)
  TODAY            0.0                       0.0    0.0
  MONTH TO DATE    0.0                       0.1   -0.1
  SINCE DEC 1      0.0                       0.4   -0.4
  SINCE JUL 1      0.0                       0.4   -0.4
  SNOW DEPTH       0

..................................................................


WIND (MPH)
  HIGHEST WIND SPEED    24   HIGHEST WIND DIRECTION    NW (320)
  HIGHEST GUST SPEED    34   HIGHEST GUST DIRECTION    NW (310)
  AVERAGE WIND SPEED     7.1


SKY COVER
  AVERAGE SKY COVER 0.8


WEATHER CONDITIONS
 THE FOLLOWING WEATHER WAS RECORDED TODAY.
  THUNDERSTORM
  HEAVY RAIN
  RAIN
  LIGHT RAIN
  FOG


RELATIVE HUMIDITY (PERCENT)
 HIGHEST   100          1000 AM
 LOWEST     28          1200 AM
 AVERAGE    64

..........................................................


THE TUSCALOOSA CLIMATE NORMALS FOR TOMORROW
                         NORMAL    RECORD    YEAR
 MAXIMUM TEMPERATURE (F)   64        83      2011
 MINIMUM TEMPERATURE (F)   41        17      2002


SUNRISE AND SUNSET
FEBRUARY 27 2017......SUNRISE   621 AM CST   SUNSET   546 PM CST
FEBRUARY 28 2017......SUNRISE   619 AM CST   SUNSET   547 PM CST


-  INDICATES NEGATIVE NUMBERS.
R  INDICATES RECORD WAS SET OR TIED.
MM INDICATES DATA IS MISSING.
T  INDICATES TRACE AMOUNT.




$$
