000
CDUS44 KBMX 010130
CLITCL


CLIMATE REPORT
NATIONAL WEATHER SERVICE BIRMINGHAM, AL
830 PM CDT WED AUG 31 2016


...................................

...THE TUSCALOOSA CLIMATE SUMMARY FOR AUGUST 31 2016...
VALID TODAY AS OF 0700 PM LOCAL TIME.

CLIMATE NORMAL PERIOD 1994 TO 1994
CLIMATE RECORD PERIOD 1948 TO 2016


WEATHER ITEM   OBSERVED TIME   RECORD YEAR NORMAL DEPARTURE LAST
                VALUE   (LST)  VALUE       VALUE  FROM      YEAR
                                                  NORMAL
..................................................................
TEMPERATURE (F)
 TODAY
  MAXIMUM         96    408 PM 104    1951  91      5       88
  MINIMUM         71    547 AM  55    1968  69      2       66
  AVERAGE         84                        80      4       77

PRECIPITATION (IN)
  TODAY            0.00          2.14 1950   0.10  -0.10     0.00
  MONTH TO DATE    2.88                      3.30  -0.42     4.43
  SINCE JUN 1     11.33                     12.47  -1.14     9.05
  SINCE JAN 1     31.74                     35.87  -4.13    34.63

DEGREE DAYS
 COOLING
  TODAY           19                        15      4
  MONTH TO DATE  563                       505     58
  SINCE JUN 1   1562                      1426    136
  SINCE JAN 1   1846                      1737    109
..................................................................


WIND (MPH)
  HIGHEST WIND SPEED    15   HIGHEST WIND DIRECTION     N (20)
  HIGHEST GUST SPEED    22   HIGHEST GUST DIRECTION    NE (40)
  AVERAGE WIND SPEED     3.7


SKY COVER
  AVERAGE SKY COVER 0.1


WEATHER CONDITIONS
 THE FOLLOWING WEATHER WAS RECORDED TODAY.
  NO SIGNIFICANT WEATHER WAS OBSERVED.


RELATIVE HUMIDITY (PERCENT)
 HIGHEST   100           300 AM
 LOWEST     35           400 PM
 AVERAGE    68

..........................................................


THE TUSCALOOSA CLIMATE NORMALS FOR TOMORROW
                         NORMAL    RECORD    YEAR
 MAXIMUM TEMPERATURE (F)   91       104      1951
 MINIMUM TEMPERATURE (F)   69        58      1968
                                             1954


SUNRISE AND SUNSET
AUGUST 31 2016........SUNRISE   624 AM CDT   SUNSET   716 PM CDT
SEPTEMBER  1 2016.....SUNRISE   625 AM CDT   SUNSET   715 PM CDT


-  INDICATES NEGATIVE NUMBERS.
R  INDICATES RECORD WAS SET OR TIED.
MM INDICATES DATA IS MISSING.
T  INDICATES TRACE AMOUNT.




$$
