000
CDUS44 KBMX 062244
CLITCL


CLIMATE REPORT
NATIONAL WEATHER SERVICE BIRMINGHAM, AL
442 PM CST FRI MAR 6 2015


...................................

...THE TUSCALOOSA CLIMATE SUMMARY FOR MARCH 6 2015...
VALID AS OF 0400 PM LOCAL TIME.

CLIMATE NORMAL PERIOD 1994 TO 1994
CLIMATE RECORD PERIOD 1994 TO 2015


WEATHER ITEM   OBSERVED TIME   RECORD YEAR NORMAL DEPARTURE LAST
                VALUE   (LST)  VALUE       VALUE  FROM      YEAR
                                                  NORMAL
..................................................................
TEMPERATURE (F)
 TODAY
  MAXIMUM         49    259 PM  83    1974  66    -17       51
  MINIMUM         21    650 AM  18    1960  42    -21       41
  AVERAGE         35                        54    -19       46

PRECIPITATION (IN)
  TODAY            0.00          1.63 1961   0.16  -0.16     0.08
  MONTH TO DATE    1.08                      0.99   0.09     0.45
  SINCE MAR 1      1.08                      0.99   0.09     0.45
  SINCE JAN 1     11.83                     11.66   0.17     8.17

SNOWFALL (IN)
  TODAY            0.0                       0.0    0.0
  MONTH TO DATE    T                         0.1   -0.1
  SINCE MAR 1      T                         0.1   -0.1
  SINCE JUL 1      T                         0.5   -0.5
  SNOW DEPTH       0

DEGREE DAYS

 COOLING
  TODAY            0                         0      0
  MONTH TO DATE    0                         0      0
  SINCE MAR 1      0                         0      0
  SINCE JAN 1      0                         5     -5
..................................................................


WIND (MPH)
  HIGHEST WIND SPEED    15   HIGHEST WIND DIRECTION     N (360)
  HIGHEST GUST SPEED    20   HIGHEST GUST DIRECTION     N (350)
  AVERAGE WIND SPEED     9.3


SKY COVER
  AVERAGE SKY COVER 0.0


WEATHER CONDITIONS
 THE FOLLOWING WEATHER WAS RECORDED TODAY.
  NO SIGNIFICANT WEATHER WAS OBSERVED.


RELATIVE HUMIDITY (PERCENT)
 HIGHEST    77           500 AM
 LOWEST     24           300 PM
 AVERAGE    51

..........................................................


THE TUSCALOOSA CLIMATE NORMALS FOR TOMORROW
                         NORMAL    RECORD    YEAR
 MAXIMUM TEMPERATURE (F)   66        84      1956
 MINIMUM TEMPERATURE (F)   42        23      1966


SUNRISE AND SUNSET
MARCH  6 2015.........SUNRISE   613 AM CST   SUNSET   551 PM CST
MARCH  7 2015.........SUNRISE   611 AM CST   SUNSET   552 PM CST


-  INDICATES NEGATIVE NUMBERS.
R  INDICATES RECORD WAS SET OR TIED.
MM INDICATES DATA IS MISSING.
T  INDICATES TRACE AMOUNT.




$$
