000
CDUS44 KBMX 210741
CLITCL


CLIMATE REPORT
NATIONAL WEATHER SERVICE BIRMINGHAM, AL
241 AM CDT SAT OCT 21 2017


...................................

...THE TUSCALOOSA CLIMATE SUMMARY FOR OCTOBER 20 2017...

CLIMATE NORMAL PERIOD 1981 TO 2010
CLIMATE RECORD PERIOD 1948 TO 2017


WEATHER ITEM   OBSERVED TIME   RECORD YEAR NORMAL DEPARTURE LAST
                VALUE   (LST)  VALUE       VALUE  FROM      YEAR
                                                  NORMAL
..................................................................
TEMPERATURE (F)
 YESTERDAY
  MAXIMUM         81    257 PM  90    2016  76      5       90
                                      1962
  MINIMUM         47    604 AM  32    1989  50     -3       60
                                      1948
  AVERAGE         64                        63      1       75

PRECIPITATION (IN)
  YESTERDAY        0.00          1.29 1956   0.12  -0.12      T
  MONTH TO DATE    2.67                      2.29   0.38      T
  SINCE SEP 1      4.30                      5.81  -1.51     0.33
  SINCE JAN 1     52.59                     41.68  10.91    32.07

SNOWFALL (IN)
  YESTERDAY        0.0                       0.0    0.0
  MONTH TO DATE    0.0                       0.0    0.0
  SINCE SEP 1      0.0                       0.0    0.0
  SINCE JUL 1      0.0                       0.0    0.0

DEGREE DAYS
 HEATING
  YESTERDAY        1                         4     -3
  MONTH TO DATE   15                        49    -34
  SINCE SEP 1     19                        56    -37
  SINCE JUL 1     19                        56    -37
..................................................................


WIND (MPH)
  HIGHEST WIND SPEED     9   HIGHEST WIND DIRECTION     E (70)
  HIGHEST GUST SPEED    12   HIGHEST GUST DIRECTION    NE (40)
  AVERAGE WIND SPEED     2.3


SKY COVER
  AVERAGE SKY COVER 0.0


WEATHER CONDITIONS
 THE FOLLOWING WEATHER WAS RECORDED YESTERDAY.
  FOG


RELATIVE HUMIDITY (PERCENT)
 HIGHEST   100          1200 AM
 LOWEST     39           300 PM
 AVERAGE    70

..........................................................


THE TUSCALOOSA CLIMATE NORMALS FOR TODAY
                         NORMAL    RECORD    YEAR
 MAXIMUM TEMPERATURE (F)   76        90      1953
 MINIMUM TEMPERATURE (F)   50        30      1976


SUNRISE AND SUNSET
OCTOBER 21 2017.......SUNRISE   700 AM CDT   SUNSET   610 PM CDT
OCTOBER 22 2017.......SUNRISE   701 AM CDT   SUNSET   609 PM CDT


-  INDICATES NEGATIVE NUMBERS.
R  INDICATES RECORD WAS SET OR TIED.
MM INDICATES DATA IS MISSING.
T  INDICATES TRACE AMOUNT.




$$
