000
CDUS44 KBMX 150834
CLITCL


CLIMATE REPORT
NATIONAL WEATHER SERVICE BIRMINGHAM, AL
234 AM CST FRI DEC 15 2017


...................................

...THE TUSCALOOSA CLIMATE SUMMARY FOR DECEMBER 14 2017...

CLIMATE NORMAL PERIOD 1981 TO 2010
CLIMATE RECORD PERIOD 1948 TO 2017


WEATHER ITEM   OBSERVED TIME   RECORD YEAR NORMAL DEPARTURE LAST
                VALUE   (LST)  VALUE       VALUE  FROM      YEAR
                                                  NORMAL
..................................................................
TEMPERATURE (F)
 YESTERDAY
  MAXIMUM         57    307 PM  78    1984  58     -1       59
  MINIMUM         30    732 AM  14    1962  36     -6       41
  AVERAGE         44                        47     -3       50

PRECIPITATION (IN)
  YESTERDAY        0.00          1.04 1961   0.15  -0.15     0.00
  MONTH TO DATE    1.00                      2.34  -1.34     1.92
  SINCE DEC 1      1.00                      2.34  -1.34     1.92
  SINCE JAN 1     56.42                     50.32   6.10    36.52

SNOWFALL (IN)
  YESTERDAY        0.0                       0.0    0.0
  MONTH TO DATE    0.0                       0.0    0.0
  SINCE DEC 1      0.0                       0.0    0.0
  SINCE JUL 1      0.0                       0.0    0.0

DEGREE DAYS
 HEATING
  YESTERDAY       21                        18      3
  MONTH TO DATE  256                       233     23
  SINCE DEC 1    256                       233     23
  SINCE JUL 1    640                       670    -30
..................................................................


WIND (MPH)
  HIGHEST WIND SPEED    10   HIGHEST WIND DIRECTION     N (360)
  HIGHEST GUST SPEED    14   HIGHEST GUST DIRECTION     N (360)
  AVERAGE WIND SPEED     2.2


SKY COVER
  AVERAGE SKY COVER 0.0


WEATHER CONDITIONS
 THE FOLLOWING WEATHER WAS RECORDED YESTERDAY.
  NO SIGNIFICANT WEATHER WAS OBSERVED.


RELATIVE HUMIDITY (PERCENT)
 HIGHEST   100           600 AM
 LOWEST     47           200 PM
 AVERAGE    74

..........................................................


THE TUSCALOOSA CLIMATE NORMALS FOR TODAY
                         NORMAL    RECORD    YEAR
 MAXIMUM TEMPERATURE (F)   58        76      2007
                                             1975
                                             1948
 MINIMUM TEMPERATURE (F)   36        16      1985
                                             1968


SUNRISE AND SUNSET
DECEMBER 15 2017......SUNRISE   647 AM CST   SUNSET   445 PM CST
DECEMBER 16 2017......SUNRISE   647 AM CST   SUNSET   445 PM CST


-  INDICATES NEGATIVE NUMBERS.
R  INDICATES RECORD WAS SET OR TIED.
MM INDICATES DATA IS MISSING.
T  INDICATES TRACE AMOUNT.




$$
