000
CDUS44 KBMX 180738
CLITCL


CLIMATE REPORT
NATIONAL WEATHER SERVICE BIRMINGHAM, AL
137 AM CST THU DEC 18 2014


...................................

...THE TUSCALOOSA CLIMATE SUMMARY FOR DECEMBER 17 2014...

CLIMATE NORMAL PERIOD 1981 TO 2010
CLIMATE RECORD PERIOD 1948 TO 2014


WEATHER ITEM   OBSERVED TIME   RECORD YEAR NORMAL DEPARTURE LAST
                VALUE   (LST)  VALUE       VALUE  FROM      YEAR
                                                  NORMAL
..................................................................
TEMPERATURE (F)
 YESTERDAY
  MAXIMUM         53    150 PM  75    1990  57     -4       65
  MINIMUM         32    655 AM  17    1963  36     -4       29
                                      1960
  AVERAGE         43                        46     -3       47

PRECIPITATION (IN)
  YESTERDAY        0.00          3.52 1961   0.14  -0.14     0.00
  MONTH TO DATE    0.96                      2.76  -1.80     4.00
  SINCE DEC 1      0.96                      2.76  -1.80     4.00
  SINCE JAN 1     43.83                     50.74  -6.91    47.83

SNOWFALL (IN)
  YESTERDAY        0.0                       0.0    0.0
  MONTH TO DATE    0.0                       0.0    0.0
  SINCE DEC 1      0.0                       0.0    0.0
  SINCE JUL 1      0.0                       0.0    0.0

DEGREE DAYS
 HEATING
  YESTERDAY       22                        19      3
  MONTH TO DATE  223                       288    -65
  SINCE DEC 1    223                       288    -65
  SINCE JUL 1    767                       725     42
..................................................................


WIND (MPH)
  HIGHEST WIND SPEED    13   HIGHEST WIND DIRECTION    NE (40)
  HIGHEST GUST SPEED    15   HIGHEST GUST DIRECTION     N (20)
  AVERAGE WIND SPEED     2.8


SKY COVER
  AVERAGE SKY COVER 0.1


WEATHER CONDITIONS
 THE FOLLOWING WEATHER WAS RECORDED YESTERDAY.
  FOG


RELATIVE HUMIDITY (PERCENT)
 HIGHEST    96           400 AM
 LOWEST     56          1200 PM
 AVERAGE    76

..........................................................


THE TUSCALOOSA CLIMATE NORMALS FOR TODAY
                         NORMAL    RECORD    YEAR
 MAXIMUM TEMPERATURE (F)   57        78      1984
 MINIMUM TEMPERATURE (F)   36        15      1953


SUNRISE AND SUNSET
DECEMBER 18 2014......SUNRISE   648 AM CST   SUNSET   446 PM CST
DECEMBER 19 2014......SUNRISE   649 AM CST   SUNSET   446 PM CST


-  INDICATES NEGATIVE NUMBERS.
R  INDICATES RECORD WAS SET OR TIED.
MM INDICATES DATA IS MISSING.
T  INDICATES TRACE AMOUNT.




$$
