000
CDUS42 KTAE 030632
CLITLH


CLIMATE REPORT
NATIONAL WEATHER SERVICE TALLAHASSEE FL
231 AM EDT THU SEP 3 2015


...................................

...THE TALLAHASSEE CLIMATE SUMMARY FOR SEPTEMBER 2 2015...

CLIMATE NORMAL PERIOD 1981 TO 2010
CLIMATE RECORD PERIOD 1896 TO 2015


WEATHER ITEM   OBSERVED TIME   RECORD YEAR NORMAL DEPARTURE LAST
                VALUE   (LST)  VALUE       VALUE  FROM      YEAR
                                                  NORMAL
..................................................................
TEMPERATURE (F)
 YESTERDAY
  MAXIMUM         95    331 PM  98    1995  91      4       97
                                      1947
  MINIMUM         76    505 AM  60    1999  71      5       73
  AVERAGE         86                        81      5       85

PRECIPITATION (IN)
  YESTERDAY        0.00          5.07 1998   0.19  -0.19     1.99
  MONTH TO DATE    0.05                      0.37  -0.32     3.11
  SINCE SEP 1      0.05                      0.37  -0.32     3.11
  SINCE JAN 1     37.79                     44.28  -6.49    44.19

SNOWFALL (IN)
  YESTERDAY        0.0                       0.0    0.0

DEGREE DAYS
 HEATING
  YESTERDAY        0                                0
  MONTH TO DATE    0                                0
  SINCE SEP 1      0                                0
  SINCE JUL 1      0                                0

 COOLING
  YESTERDAY       21                                5
  MONTH TO DATE   37                                5
  SINCE SEP 1     37                                5
  SINCE JAN 1   2632                              647
..................................................................


WIND (MPH)
  HIGHEST WIND SPEED    17   HIGHEST WIND DIRECTION     S (200)
  HIGHEST GUST SPEED    20   HIGHEST GUST DIRECTION     S (200)
  AVERAGE WIND SPEED     3.9




RELATIVE HUMIDITY (PERCENT)
 HIGHEST    91
 LOWEST     49
 AVERAGE    70

..........................................................


THE TALLAHASSEE CLIMATE NORMALS FOR TODAY
                         NORMAL    RECORD    YEAR
 MAXIMUM TEMPERATURE (F)   90        98      1966
 MINIMUM TEMPERATURE (F)   71        62      1999
                                             1968


SUNRISE AND SUNSET
SEPTEMBER  3 2015.....SUNRISE   715 AM EDT   SUNSET   758 PM EDT
SEPTEMBER  4 2015.....SUNRISE   716 AM EDT   SUNSET   757 PM EDT


-  INDICATES NEGATIVE NUMBERS.
R  INDICATES RECORD WAS SET OR TIED.
MM INDICATES DATA IS MISSING.
T  INDICATES TRACE AMOUNT.




$$
