000
CDUS42 KTAE 270642
CLITLH


CLIMATE REPORT
NATIONAL WEATHER SERVICE TALLAHASSEE FL
142 AM EST THU NOV 27 2014


...................................

...THE TALLAHASSEE CLIMATE SUMMARY FOR NOVEMBER 26 2014...

CLIMATE NORMAL PERIOD 1981 TO 2010
CLIMATE RECORD PERIOD 1896 TO 2014


WEATHER ITEM   OBSERVED TIME   RECORD YEAR NORMAL DEPARTURE LAST
                VALUE   (LST)  VALUE       VALUE  FROM      YEAR
                                                  NORMAL
..................................................................
TEMPERATURE (F)
 YESTERDAY
  MAXIMUM         63    406 PM  83    1927  70     -7
  MINIMUM         39   1159 PM  19    1950  45     -6
  AVERAGE         51                        57     -6

PRECIPITATION (IN)
  YESTERDAY        0.18          3.56 2013   0.13   0.05     3.56
  MONTH TO DATE    6.92                      2.98   3.94     4.39
  SINCE SEP 1     18.61                     10.90   7.71     8.59
  SINCE JAN 1     59.69                     54.81   4.88    61.88

SNOWFALL (IN)
  YESTERDAY       MM                         0.0   MM

DEGREE DAYS
 HEATING
  YESTERDAY       14                                5
  MONTH TO DATE  266                              113
  SINCE SEP 1    291                               91
  SINCE JUL 1    291                               91

 COOLING
  YESTERDAY        0                               -1
  MONTH TO DATE   13                              -30
  SINCE SEP 1    621                               -2
  SINCE JAN 1   2792                              216
..................................................................


WIND (MPH)
  HIGHEST WIND SPEED    21   HIGHEST WIND DIRECTION    NW (320)
  HIGHEST GUST SPEED    27   HIGHEST GUST DIRECTION    NW (320)
  AVERAGE WIND SPEED     7.0




RELATIVE HUMIDITY (PERCENT)
 HIGHEST    86
 LOWEST     23
 AVERAGE    55

..........................................................


THE TALLAHASSEE CLIMATE NORMALS FOR TODAY
                         NORMAL    RECORD    YEAR
 MAXIMUM TEMPERATURE (F)   70        85      1967
 MINIMUM TEMPERATURE (F)   45        26      1950


SUNRISE AND SUNSET
NOVEMBER 27 2014......SUNRISE   713 AM EST   SUNSET   537 PM EST
NOVEMBER 28 2014......SUNRISE   714 AM EST   SUNSET   537 PM EST


-  INDICATES NEGATIVE NUMBERS.
R  INDICATES RECORD WAS SET OR TIED.
MM INDICATES DATA IS MISSING.
T  INDICATES TRACE AMOUNT.




$$
