000
CDUS42 KTAE 280634
CLITLH


CLIMATE REPORT
NATIONAL WEATHER SERVICE TALLAHASSEE FL
133 AM EST TUE FEB 28 2017


...................................

...THE TALLAHASSEE CLIMATE SUMMARY FOR FEBRUARY 27 2017...

CLIMATE NORMAL PERIOD 1981 TO 2010
CLIMATE RECORD PERIOD 1896 TO 2017


WEATHER ITEM   OBSERVED TIME   RECORD YEAR NORMAL DEPARTURE LAST
                VALUE   (LST)  VALUE       VALUE  FROM      YEAR
                                                  NORMAL
..................................................................
TEMPERATURE (F)
 YESTERDAY
  MAXIMUM         77    308 PM  84    1962  70      7       67
  MINIMUM         41    703 AM  17    1974  44     -3       30
  AVERAGE         59                        57      2       49

PRECIPITATION (IN)
  YESTERDAY        0.00          5.59 1964   0.19  -0.19     0.00
  MONTH TO DATE    2.72                      4.67  -1.95     4.45
  SINCE DEC 1     14.13                     12.91   1.22    13.47
  SINCE JAN 1      9.93                      9.01   0.92     8.70

SNOWFALL (IN)
  YESTERDAY        0.0                       0.0    0.0

DEGREE DAYS
 HEATING
  YESTERDAY        6                               -2
  MONTH TO DATE  105                             -184
  SINCE DEC 1    535                             -564
  SINCE JUL 1    648                             -687

 COOLING
  YESTERDAY        0                               -1
  MONTH TO DATE   26                               23
  SINCE DEC 1     99                               78
  SINCE JAN 1     56                               48
..................................................................


WIND (MPH)
  HIGHEST WIND SPEED    21   HIGHEST WIND DIRECTION     S (180)
  HIGHEST GUST SPEED    27   HIGHEST GUST DIRECTION     S (180)
  AVERAGE WIND SPEED     7.3




RELATIVE HUMIDITY (PERCENT)
 HIGHEST    93
 LOWEST     44
 AVERAGE    69

..........................................................


THE TALLAHASSEE CLIMATE NORMALS FOR TODAY
                         NORMAL    RECORD    YEAR
 MAXIMUM TEMPERATURE (F)   71        89      1948
 MINIMUM TEMPERATURE (F)   44        18      2002


SUNRISE AND SUNSET
FEBRUARY 28 2017......SUNRISE   704 AM EST   SUNSET   636 PM EST
MARCH  1 2017.........SUNRISE   703 AM EST   SUNSET   636 PM EST


-  INDICATES NEGATIVE NUMBERS.
R  INDICATES RECORD WAS SET OR TIED.
MM INDICATES DATA IS MISSING.
T  INDICATES TRACE AMOUNT.




$$
