000
CDUS42 KTAE 200630
CLITLH


CLIMATE REPORT
NATIONAL WEATHER SERVICE TALLAHASSEE FL
130 AM EST FRI JAN 20 2017


...................................

...THE TALLAHASSEE CLIMATE SUMMARY FOR JANUARY 19 2017...

CLIMATE NORMAL PERIOD 1981 TO 2010
CLIMATE RECORD PERIOD 1896 TO 2017


WEATHER ITEM   OBSERVED TIME   RECORD YEAR NORMAL DEPARTURE LAST
                VALUE   (LST)  VALUE       VALUE  FROM      YEAR
                                                  NORMAL
..................................................................
TEMPERATURE (F)
 YESTERDAY
  MAXIMUM         76    343 PM  79    2001  63     13       55
                                      1950
                                      1942
  MINIMUM         59    820 AM  15    1976  39     20       31
  AVERAGE         68                        51     17       43

PRECIPITATION (IN)
  YESTERDAY        0.00          4.93 1991   0.15  -0.15     0.00
  MONTH TO DATE    4.51                      2.50   2.01     3.07
  SINCE DEC 1      8.71                      6.40   2.31     7.84
  SINCE JAN 1      4.51                      2.50   2.01     3.07

SNOWFALL (IN)
  YESTERDAY        0.0                       0.0    0.0

DEGREE DAYS
 HEATING
  YESTERDAY        0                              -14
  MONTH TO DATE  141                             -125
  SINCE DEC 1    332                             -313
  SINCE JUL 1    445                             -436

 COOLING
  YESTERDAY        3                                3
  MONTH TO DATE   16                               16
  SINCE DEC 1     59                               46
  SINCE JAN 1     16                               16
..................................................................


WIND (MPH)
  HIGHEST WIND SPEED    14   HIGHEST WIND DIRECTION     S (170)
  HIGHEST GUST SPEED    19   HIGHEST GUST DIRECTION     S (170)
  AVERAGE WIND SPEED     4.3




RELATIVE HUMIDITY (PERCENT)
 HIGHEST   100
 LOWEST     69
 AVERAGE    85

..........................................................


THE TALLAHASSEE CLIMATE NORMALS FOR TODAY
                         NORMAL    RECORD    YEAR
 MAXIMUM TEMPERATURE (F)   64        80      1952
 MINIMUM TEMPERATURE (F)   39        16      1971


SUNRISE AND SUNSET
JANUARY 20 2017.......SUNRISE   734 AM EST   SUNSET   604 PM EST
JANUARY 21 2017.......SUNRISE   733 AM EST   SUNSET   605 PM EST


-  INDICATES NEGATIVE NUMBERS.
R  INDICATES RECORD WAS SET OR TIED.
MM INDICATES DATA IS MISSING.
T  INDICATES TRACE AMOUNT.




$$
