000
CDUS42 KTAE 300632
CLITLH


CLIMATE REPORT
NATIONAL WEATHER SERVICE TALLAHASSEE FL
231 AM EDT TUE JUN 30 2015


...................................

...THE TALLAHASSEE CLIMATE SUMMARY FOR JUNE 29 2015...

CLIMATE NORMAL PERIOD 1981 TO 2010
CLIMATE RECORD PERIOD 1896 TO 2015


WEATHER ITEM   OBSERVED TIME   RECORD YEAR NORMAL DEPARTURE LAST
                VALUE   (LST)  VALUE       VALUE  FROM      YEAR
                                                  NORMAL
..................................................................
TEMPERATURE (F)
 YESTERDAY
  MAXIMUM         88    542 PM 104    1931  92     -4       99
  MINIMUM         74    203 AM  59    1974  71      3       76
  AVERAGE         81                        82     -1       88

PRECIPITATION (IN)
  YESTERDAY        0.00          2.60 1907   0.27  -0.27     0.00
  MONTH TO DATE    5.73                      7.47  -1.74     4.03
  SINCE JUN 1      5.73                      7.47  -1.74     4.03
  SINCE JAN 1     24.26                     29.13  -4.87    36.12

SNOWFALL (IN)
  YESTERDAY        0.0                       0.0    0.0

DEGREE DAYS
 HEATING
  YESTERDAY        0                                0
  MONTH TO DATE    0                                0
  SINCE JUN 1      0                                0
  SINCE JUL 1   1441                             -154

 COOLING
  YESTERDAY       16                               -1
  MONTH TO DATE  488                               49
  SINCE JUN 1    488                               49
  SINCE JAN 1   1309                              424
..................................................................


WIND (MPH)
  HIGHEST WIND SPEED    15   HIGHEST WIND DIRECTION    SW (220)
  HIGHEST GUST SPEED    17   HIGHEST GUST DIRECTION    SW (220)
  AVERAGE WIND SPEED     4.0




RELATIVE HUMIDITY (PERCENT)
 HIGHEST   100
 LOWEST     55
 AVERAGE    78

..........................................................


THE TALLAHASSEE CLIMATE NORMALS FOR TODAY
                         NORMAL    RECORD    YEAR
 MAXIMUM TEMPERATURE (F)   92       102      1998
 MINIMUM TEMPERATURE (F)   71        58      1974


SUNRISE AND SUNSET
JUNE 30 2015..........SUNRISE   639 AM EDT   SUNSET   844 PM EDT
JULY  1 2015..........SUNRISE   639 AM EDT   SUNSET   844 PM EDT


-  INDICATES NEGATIVE NUMBERS.
R  INDICATES RECORD WAS SET OR TIED.
MM INDICATES DATA IS MISSING.
T  INDICATES TRACE AMOUNT.




$$
