000
CDUS42 KTAE 090633
CLITLH


CLIMATE REPORT
NATIONAL WEATHER SERVICE TALLAHASSEE FL
131 AM EST FRI DEC 9 2016

...................................

...THE TALLAHASSEE CLIMATE SUMMARY FOR DECEMBER 8 2016...

CLIMATE NORMAL PERIOD 1981 TO 2010
CLIMATE RECORD PERIOD 1896 TO 2016


WEATHER ITEM   OBSERVED TIME   RECORD YEAR NORMAL DEPARTURE LAST
                VALUE   (LST)  VALUE       VALUE  FROM      YEAR
                                                  NORMAL
..................................................................
TEMPERATURE (F)
 YESTERDAY
  MAXIMUM         64    307 PM  81    2013  67     -3       72
                                      1998
  MINIMUM         43    344 AM  21    2010  42      1       40
  AVERAGE         54                        54      0       56

PRECIPITATION (IN)
  YESTERDAY        0.00          4.04 1948   0.13  -0.13     0.00
  MONTH TO DATE    2.90                      1.03   1.87     0.85
  SINCE DEC 1      2.90                      1.03   1.87     0.85
  SINCE JAN 1     58.52                     56.36   2.16    50.46

SNOWFALL (IN)
  YESTERDAY        0.0                       0.0    0.0

DEGREE DAYS
 HEATING
  YESTERDAY       11                                0
  MONTH TO DATE   45                              -38
  SINCE DEC 1     45                              -38
  SINCE JUL 1    158                             -161

 COOLING
  YESTERDAY        0                               -1
  MONTH TO DATE   11                                3
  SINCE DEC 1     11                                3
  SINCE JAN 1   3274                              686
..................................................................


WIND (MPH)
  HIGHEST WIND SPEED    18   HIGHEST WIND DIRECTION     N (340)
  HIGHEST GUST SPEED    23   HIGHEST GUST DIRECTION     N (350)
  AVERAGE WIND SPEED     7.3




RELATIVE HUMIDITY (PERCENT)
 HIGHEST   100
 LOWEST     41
 AVERAGE    71

..........................................................


THE TALLAHASSEE CLIMATE NORMALS FOR TODAY
                         NORMAL    RECORD    YEAR
 MAXIMUM TEMPERATURE (F)   66        81      2007
                                             1987
 MINIMUM TEMPERATURE (F)   42        21      2006


SUNRISE AND SUNSET
DECEMBER  9 2016......SUNRISE   723 AM EST   SUNSET   537 PM EST
DECEMBER 10 2016......SUNRISE   724 AM EST   SUNSET   537 PM EST


-  INDICATES NEGATIVE NUMBERS.
R  INDICATES RECORD WAS SET OR TIED.
MM INDICATES DATA IS MISSING.
T  INDICATES TRACE AMOUNT.

$$
