000
CDUS42 KTAE 030619
CLITLH


CLIMATE REPORT
NATIONAL WEATHER SERVICE TALLAHASSEE FL
117 AM EST TUE MAR 3 2015

...................................

...THE TALLAHASSEE CLIMATE SUMMARY FOR MARCH 2 2015...

CLIMATE NORMAL PERIOD 1981 TO 2010
CLIMATE RECORD PERIOD 1896 TO 2015


WEATHER ITEM   OBSERVED TIME   RECORD YEAR NORMAL DEPARTURE LAST
                VALUE   (LST)  VALUE       VALUE  FROM      YEAR
                                                  NORMAL
..................................................................
TEMPERATURE (F)
 YESTERDAY
  MAXIMUM         80    212 PM  87    1918  71      9       77
  MINIMUM         52    707 AM  20    1986  45      7       39
  AVERAGE         66                        58      8       58

PRECIPITATION (IN)
  YESTERDAY        0.00          5.38 1991   0.22  -0.22     0.00
  MONTH TO DATE    0.00                      0.43  -0.43     0.00
  SINCE MAR 1      0.00                      0.43  -0.43     0.00
  SINCE JAN 1      9.19                      9.62  -0.43     8.05

SNOWFALL (IN)
  YESTERDAY        0.0                       0.0    0.0

DEGREE DAYS
 HEATING
  YESTERDAY        0                               -8
  MONTH TO DATE    8                               -8
  SINCE MAR 1      8                               -8
  SINCE JUL 1   1374                               15

 COOLING
  YESTERDAY        1                                0
  MONTH TO DATE    1                               -1
  SINCE MAR 1      1                               -1
  SINCE JAN 1      8                               -8
..................................................................


WIND (MPH)
  HIGHEST WIND SPEED     8   HIGHEST WIND DIRECTION     N (360)
  HIGHEST GUST SPEED    MM   HIGHEST GUST DIRECTION    MM
  AVERAGE WIND SPEED     2.4




RELATIVE HUMIDITY (PERCENT)
 HIGHEST    93
 LOWEST     54
 AVERAGE    74

..........................................................


THE TALLAHASSEE CLIMATE NORMALS FOR TODAY
                         NORMAL    RECORD    YEAR
 MAXIMUM TEMPERATURE (F)   71        87      1918
 MINIMUM TEMPERATURE (F)   45        20      1980


SUNRISE AND SUNSET
MARCH  3 2015.........SUNRISE   702 AM EST   SUNSET   638 PM EST
MARCH  4 2015.........SUNRISE   701 AM EST   SUNSET   638 PM EST


-  INDICATES NEGATIVE NUMBERS.
R  INDICATES RECORD WAS SET OR TIED.
MM INDICATES DATA IS MISSING.
T  INDICATES TRACE AMOUNT.

$$
