000
CDUS44 KBMX 310709
CLITOI


CLIMATE REPORT
NATIONAL WEATHER SERVICE BIRMINGHAM, AL
208 AM CDT MON AUG 31 2015


...................................

...THE TROY CLIMATE SUMMARY FOR AUGUST 30 2015...

CLIMATE NORMAL PERIOD 1981 TO 2010
CLIMATE RECORD PERIOD 9999 TO 9999


WEATHER ITEM   OBSERVED TIME   RECORD YEAR NORMAL DEPARTURE LAST
                VALUE   (LST)  VALUE       VALUE  FROM      YEAR
                                                  NORMAL
..................................................................
TEMPERATURE (F)
 YESTERDAY
  MAXIMUM         90    243 PM  MM      MM  90      0       96
  MINIMUM         68   1159 PM  MM      MM  68      0       73
  AVERAGE         79                        79      0       85

PRECIPITATION (IN)
  YESTERDAY        0.00                      0.10  -0.10     0.16
  MONTH TO DATE    3.39                      4.52  -1.13     3.03
  SINCE JUN 1     10.19                     15.02  -4.83     7.94
  SINCE JAN 1     30.01                     37.85  -7.84    38.00

DEGREE DAYS
 COOLING
  YESTERDAY       14                        14      0       20
  MONTH TO DATE  490                       463     27      479
  SINCE JUN 1   1526                      1336    190     1372
  SINCE JAN 1   2009                      1623    386     1694
..................................................................


WIND (MPH)
  HIGHEST WIND SPEED    12   HIGHEST WIND DIRECTION     N (360)
  HIGHEST GUST SPEED    14   HIGHEST GUST DIRECTION     N (360)
  AVERAGE WIND SPEED     2.1


SKY COVER
  AVERAGE SKY COVER 0.4


WEATHER CONDITIONS
 THE FOLLOWING WEATHER WAS RECORDED YESTERDAY.
  FOG
  FOG W/VISIBILITY <= 1/4 MILE


RELATIVE HUMIDITY (PERCENT)
 HIGHEST   100           200 AM
 LOWEST     46           400 PM
 AVERAGE    73

..........................................................


THE TROY CLIMATE NORMALS FOR TODAY
                         NORMAL    RECORD    YEAR
 MAXIMUM TEMPERATURE (F)   90        MM        MM
 MINIMUM TEMPERATURE (F)   68        MM        MM


SUNRISE AND SUNSET
AUGUST 31 2015........SUNRISE   619 AM CDT   SUNSET   710 PM CDT
SEPTEMBER  1 2015.....SUNRISE   619 AM CDT   SUNSET   708 PM CDT


-  INDICATES NEGATIVE NUMBERS.
R  INDICATES RECORD WAS SET OR TIED.
MM INDICATES DATA IS MISSING.
T  INDICATES TRACE AMOUNT.




$$
