000
CDUS43 KTOP 290638
CLITOP


CLIMATE REPORT
NATIONAL WEATHER SERVICE TOPEKA KS
138 AM CDT SAT APR 29 2017


...................................

...THE TOPEKA KS CLIMATE SUMMARY FOR APRIL 28 2017...

CLIMATE NORMAL PERIOD 1981 TO 2010
CLIMATE RECORD PERIOD 1887 TO 2017


WEATHER ITEM   OBSERVED TIME   RECORD YEAR NORMAL DEPARTURE LAST
                VALUE   (LST)  VALUE       VALUE  FROM      YEAR
                                                  NORMAL
..................................................................
TEMPERATURE (F)
 YESTERDAY
  MAXIMUM         69    240 PM  92    1910  71     -2       63
  MINIMUM         45   1159 PM  30    1979  48     -3       45
                                      1965
  AVERAGE         57                        59     -2       54

PRECIPITATION (IN)
  YESTERDAY        0.26          1.97 2006   0.14   0.12     0.00
  MONTH TO DATE    4.69                      3.24   1.45     5.90
  SINCE MAR 1      8.72                      5.73   2.99     8.20
  SINCE JAN 1     10.11                      7.91   2.20     9.47

SNOWFALL (IN)
  YESTERDAY        0.0           T    1994   0.0    0.0      0.0
  MONTH TO DATE    T                         0.3   -0.3       T
  SINCE JAN 1      3.5                      11.3   -7.8      3.7
  SINCE JUL 1      6.6                      17.8  -11.2      4.9
  SNOW DEPTH       0

DEGREE DAYS
 HEATING
  YESTERDAY        8                         7      1       11
  MONTH TO DATE  214                       309    -95      191
  SINCE MAR 1    714                       937   -223      619
  SINCE JUL 1   3895                      4904  -1009     3871

 COOLING
  YESTERDAY        0                         1     -1        0
  MONTH TO DATE   28                        21      7       15
  SINCE MAR 1     37                        24     13       18
  SINCE JAN 1     37                        24     13       18
..................................................................


WIND (MPH)
  HIGHEST WIND SPEED    20   HIGHEST WIND DIRECTION     N (350)
  HIGHEST GUST SPEED    24   HIGHEST GUST DIRECTION     N (10)
  AVERAGE WIND SPEED    10.0


SKY COVER
  AVERAGE SKY COVER 0.9


WEATHER CONDITIONS
 THE FOLLOWING WEATHER WAS RECORDED YESTERDAY.
  THUNDERSTORM
  RAIN
  LIGHT RAIN
  FOG


RELATIVE HUMIDITY (PERCENT)
 HIGHEST   100           600 AM
 LOWEST     78           200 PM
 AVERAGE    89

..........................................................


THE TOPEKA KS CLIMATE NORMALS FOR TODAY
                         NORMAL    RECORD    YEAR
 MAXIMUM TEMPERATURE (F)   71        95      1987
                                             1910
 MINIMUM TEMPERATURE (F)   49        31      1892


SUNRISE AND SUNSET
APRIL 29 2017.........SUNRISE   626 AM CDT   SUNSET   814 PM CDT
APRIL 30 2017.........SUNRISE   625 AM CDT   SUNSET   815 PM CDT


-  INDICATES NEGATIVE NUMBERS.
R  INDICATES RECORD WAS SET OR TIED.
MM INDICATES DATA IS MISSING.
T  INDICATES TRACE AMOUNT.




$$
