000
CDUS43 KTOP 230646
CLITOP


CLIMATE REPORT
NATIONAL WEATHER SERVICE TOPEKA KS
1245 AM CST FRI FEB 23 2018


...................................

...THE TOPEKA KS CLIMATE SUMMARY FOR FEBRUARY 22 2018...

CLIMATE NORMAL PERIOD 1981 TO 2010
CLIMATE RECORD PERIOD 1887 TO 2018


WEATHER ITEM   OBSERVED TIME   RECORD YEAR NORMAL DEPARTURE LAST
                VALUE   (LST)  VALUE       VALUE  FROM      YEAR
                                                  NORMAL
..................................................................
TEMPERATURE (F)
 YESTERDAY
  MAXIMUM         33   1159 PM  79    2017  47    -14       79
  MINIMUM         27    216 AM   0    1910  26      1       40
  AVERAGE         30                        37     -7       60

PRECIPITATION (IN)
  YESTERDAY        0.22          2.27 1922   0.05   0.17     0.00
  MONTH TO DATE    0.69                      1.00  -0.31     0.11
  SINCE DEC 1      1.94                      3.21  -1.27     2.44
  SINCE JAN 1      1.63                      1.86  -0.23     1.39

SNOWFALL (IN)
  YESTERDAY        0.1           4.2  1971   0.1    0.0      0.0
  MONTH TO DATE    2.2                       3.8   -1.6       T
  SINCE JAN 1      5.3                       8.7   -3.4      2.2
  SINCE JUL 1      7.4                      15.2   -7.8      5.3
  SNOW DEPTH       T

DEGREE DAYS
 HEATING
  YESTERDAY       35                        28      7        5
  MONTH TO DATE  756                       694     62      449
  SINCE DEC 1   2826                      2810     16     2483
  SINCE JUL 1   3649                      3804   -155     3056

 COOLING
  YESTERDAY        0                         0      0        0
  MONTH TO DATE    0                         0      0        0
  SINCE DEC 1      0                         0      0        0
  SINCE JAN 1      0                         0      0        0
..................................................................


WIND (MPH)
  HIGHEST WIND SPEED    14   HIGHEST WIND DIRECTION     E (90)
  HIGHEST GUST SPEED    17   HIGHEST GUST DIRECTION     E (90)
  AVERAGE WIND SPEED     5.3


SKY COVER
  AVERAGE SKY COVER 1.0


WEATHER CONDITIONS
 THE FOLLOWING WEATHER WAS RECORDED YESTERDAY.
  LIGHT RAIN
  FREEZING RAIN
  LT FREEZING RAIN
  LIGHT SNOW
  FOG


RELATIVE HUMIDITY (PERCENT)
 HIGHEST   100           100 AM
 LOWEST     92          1200 AM
 AVERAGE    96

..........................................................


THE TOPEKA KS CLIMATE NORMALS FOR TODAY
                         NORMAL    RECORD    YEAR
 MAXIMUM TEMPERATURE (F)   48        78      1918
 MINIMUM TEMPERATURE (F)   26        -6      1889


SUNRISE AND SUNSET
FEBRUARY 23 2018......SUNRISE   703 AM CST   SUNSET   609 PM CST
FEBRUARY 24 2018......SUNRISE   702 AM CST   SUNSET   610 PM CST


-  INDICATES NEGATIVE NUMBERS.
R  INDICATES RECORD WAS SET OR TIED.
MM INDICATES DATA IS MISSING.
T  INDICATES TRACE AMOUNT.




$$
