000
CDUS43 KTOP 242137
CLITOP


CLIMATE REPORT
NATIONAL WEATHER SERVICE TOPEKA KS
437 PM CDT SUN SEP 24 2017


...................................

...THE TOPEKA KS CLIMATE SUMMARY FOR SEPTEMBER 24 2017...
VALID TODAY AS OF 430 PM LOCAL TIME.

CLIMATE NORMAL PERIOD 1981 TO 2010
CLIMATE RECORD PERIOD 1887 TO 2017


WEATHER ITEM   OBSERVED TIME   RECORD YEAR NORMAL DEPARTURE LAST
                VALUE   (LST)  VALUE       VALUE  FROM      YEAR
                                                  NORMAL
..................................................................
TEMPERATURE (F)
 TODAY
  MAXIMUM         90    250 PM  93    1984  77     13       90
  MINIMUM         67    630 AM  31    1989  53     14       68
  AVERAGE         79                        65     14       79

PRECIPITATION (IN)
  TODAY            0.00          2.53 1973   0.12  -0.12     2.02
  MONTH TO DATE    1.22                      2.94  -1.72     7.42
  SINCE SEP 1      1.22                      2.94  -1.72     7.42
  SINCE JAN 1     34.69                     29.51   5.18    40.31

SNOWFALL (IN)
  TODAY            0.0           0.0    MM   0.0    0.0      0.0
  MONTH TO DATE    0.0                       0.0    0.0      0.0
  SINCE JAN 1      3.5                      11.3   -7.8      3.7
  SINCE JUL 1      T                         0.0    0.0       T
  SNOW DEPTH       0

DEGREE DAYS
 HEATING
  TODAY            0                         4     -4        0
  MONTH TO DATE    5                        37    -32        0
  SINCE SEP 1      5                        37    -32        0
  SINCE JUL 1      5                        39    -34        0

 COOLING
  TODAY           14                         3     11       14
  MONTH TO DATE  211                       148     63      243
  SINCE SEP 1    211                       148     63      243
  SINCE JAN 1   1401                      1376     25     1644
..................................................................


WIND (MPH)
  HIGHEST WIND SPEED    17   HIGHEST WIND DIRECTION     S (160)
  HIGHEST GUST SPEED    22   HIGHEST GUST DIRECTION     S (160)
  AVERAGE WIND SPEED     6.3



WEATHER CONDITIONS
 THE FOLLOWING WEATHER WAS RECORDED TODAY.
  NO SIGNIFICANT WEATHER WAS OBSERVED.


RELATIVE HUMIDITY (PERCENT)
 HIGHEST   100           600 AM
 LOWEST     47           200 PM
 AVERAGE    74

..........................................................


THE TOPEKA KS CLIMATE NORMALS FOR TOMORROW
                         NORMAL    RECORD    YEAR
 MAXIMUM TEMPERATURE (F)   77        93      1898
 MINIMUM TEMPERATURE (F)   52        33      1989


SUNRISE AND SUNSET
SEPTEMBER 24 2017.....SUNRISE   712 AM CDT   SUNSET   716 PM CDT
SEPTEMBER 25 2017.....SUNRISE   713 AM CDT   SUNSET   714 PM CDT


-  INDICATES NEGATIVE NUMBERS.
R  INDICATES RECORD WAS SET OR TIED.
MM INDICATES DATA IS MISSING.
T  INDICATES TRACE AMOUNT.




$$
