000
CDUS45 KCYS 010733
CLITOR


CLIMATE REPORT
NATIONAL WEATHER SERVICE CHEYENNE WY
132 AM MDT MON SEP 1 2014


...................................

...THE TORRINGTON WY AIRPORT CLIMATE SUMMARY FOR AUGUST 31 2014...

CLIMATE NORMAL PERIOD 1981 TO 2010
CLIMATE RECORD PERIOD 1998 TO 2014


WEATHER ITEM   OBSERVED TIME   RECORD YEAR NORMAL DEPARTURE LAST
                VALUE   (LST)  VALUE       VALUE  FROM      YEAR
                                                  NORMAL
..................................................................
TEMPERATURE (F)
 YESTERDAY
  MAXIMUM         78    254 PM  97    2011  84     -6       94
                                      2007
  MINIMUM         50   1153 PM  41    2005  51     -1       59
  AVERAGE         64                        67     -3       77

PRECIPITATION (IN)
  YESTERDAY        0.14R         0.10 2008   0.03   0.11     0.00
  MONTH TO DATE    2.70                      1.27   1.43     0.88
  SINCE JAN 1     14.16                     10.96   3.20     6.81

DEGREE DAYS
 HEATING
  YESTERDAY        1                         2     -1        0
  MONTH TO DATE    8                        11     -3        0
  SINCE JUN 1     93                        97     -4       36
  SINCE JUL 1     15                        22     -7        2

 COOLING
  YESTERDAY        0                         4     -4       12
  MONTH TO DATE  201                       217    -16      286
  SINCE JUN 1    521                       615    -94      734
  SINCE JAN 1    537                       633    -96      773
..................................................................


WIND (MPH)
  HIGHEST WIND SPEED    31   HIGHEST WIND DIRECTION    NW (320)
  HIGHEST GUST SPEED    43   HIGHEST GUST DIRECTION    NW (320)
  AVERAGE WIND SPEED    10.2


SKY COVER
  AVERAGE SKY COVER 0.3


WEATHER CONDITIONS
 THE FOLLOWING WEATHER WAS RECORDED YESTERDAY.
  THUNDERSTORM
  RAIN
  LIGHT RAIN
  FOG


RELATIVE HUMIDITY (PERCENT)
 HIGHEST   100           700 AM
 LOWEST     28           300 PM
 AVERAGE    64

..........................................................


THE TORRINGTON WY AIRPORT CLIMATE NORMALS FOR TODAY
                         NORMAL    RECORD    YEAR
 MAXIMUM TEMPERATURE (F)   84        96      2012
                                             2007
 MINIMUM TEMPERATURE (F)   50        41      2005


SUNRISE AND SUNSET
SEPTEMBER  1 2014.....SUNRISE   622 AM MDT   SUNSET   730 PM MDT
SEPTEMBER  2 2014.....SUNRISE   623 AM MDT   SUNSET   729 PM MDT


-  INDICATES NEGATIVE NUMBERS.
R  INDICATES RECORD WAS SET OR TIED.
MM INDICATES DATA IS MISSING.
T  INDICATES TRACE AMOUNT.




$$
