000
CDUS42 KTBW 302118
CLITPA


CLIMATE REPORT
NATIONAL WEATHER SERVICE TAMPA BAY FL
516 PM EDT TUE JUN 30 2015


...................................

...THE TAMPA CLIMATE SUMMARY FOR JUNE 30 2015...
VALID TODAY AS OF 0500 PM LOCAL TIME.

CLIMATE NORMAL PERIOD 1981 TO 2010
CLIMATE RECORD PERIOD 1890 TO 2015


WEATHER ITEM   OBSERVED TIME   RECORD YEAR NORMAL DEPARTURE LAST
                VALUE   (LST)  VALUE       VALUE  FROM      YEAR
                                                  NORMAL
..................................................................
TEMPERATURE (F)
 TODAY
  MAXIMUM         92    314 PM  96    2014  90      2       96
  MINIMUM         81    524 AM  66    1981  76      5       76
                                      1892
  AVERAGE         87                        83      4       86

PRECIPITATION (IN)
  TODAY            0.00          4.23 1937   0.29  -0.29     0.32
  MONTH TO DATE    6.23                      6.68  -0.45     1.77
  SINCE JUN 1      6.23                      6.68  -0.45     1.77
  SINCE JAN 1     27.12                     18.88   8.24    21.10

DEGREE DAYS
 HEATING
  TODAY            0                         0      0        0
  MONTH TO DATE    0                         0      0        0
  SINCE JUN 1      0                         0      0        0
  SINCE JUL 1    467                       538    -71      444

 COOLING
  TODAY           22                        18      4       21
  MONTH TO DATE  543                       516     27      526
  SINCE JUN 1    543                       516     27      526
  SINCE JAN 1   1764                      1393    371     1349
..................................................................


WIND (MPH)
  RESULTANT WIND SPEED   9   RESULTANT WIND DIRECTION   W (260)
  HIGHEST WIND SPEED    14   HIGHEST WIND DIRECTION     W (260)
  HIGHEST GUST SPEED    17   HIGHEST GUST DIRECTION     W (270)
  AVERAGE WIND SPEED     8.8


SKY COVER
  POSSIBLE SUNSHINE  MM
  AVERAGE SKY COVER 0.7


WEATHER CONDITIONS
 THE FOLLOWING WEATHER WAS RECORDED TODAY.
  NO SIGNIFICANT WEATHER WAS OBSERVED.


RELATIVE HUMIDITY (PERCENT)
 HIGHEST    74          1200 AM
 LOWEST     49           300 PM

..........................................................


THE TAMPA CLIMATE NORMALS FOR TOMORROW
                         NORMAL    RECORD    YEAR
 MAXIMUM TEMPERATURE (F)   90        96      1950
 MINIMUM TEMPERATURE (F)   76        63      1970


SUNRISE AND SUNSET
JUNE 30 2015..........SUNRISE   637 AM EDT   SUNSET   830 PM EDT
JULY  1 2015..........SUNRISE   637 AM EDT   SUNSET   831 PM EDT


-  INDICATES NEGATIVE NUMBERS.
R  INDICATES RECORD WAS SET OR TIED.
MM INDICATES DATA IS MISSING.
T  INDICATES TRACE AMOUNT.




$$


&&
------------------------------------------------------------------
******************** SUPPLEMENTAL DATA ***************************

...RUSKIN                HIGH 92    LOW 75    PCPN 0.00
...SARASOTA/BRADENTON    HIGH 91    LOW 80    PCPN 0.00
...LAKELAND              HIGH MM    LOW MM    PCPN MM
...ST. PETERSBURG        HIGH 89    LOW 78    PCPN 0.03
...GULF WATER TEMPERATURE AT CLEARWATER BEACH 88
