000
CDUS42 KTBW 312118
CLITPA


CLIMATE REPORT
NATIONAL WEATHER SERVICE TAMPA BAY FL
514 PM EDT THU JUL 31 2014


...................................

...THE TAMPA CLIMATE SUMMARY FOR JULY 31 2014...
VALID TODAY AS OF 0500 PM LOCAL TIME.

CLIMATE NORMAL PERIOD 1981 TO 2010
CLIMATE RECORD PERIOD 1890 TO 2014


WEATHER ITEM   OBSERVED TIME   RECORD YEAR NORMAL DEPARTURE LAST
                VALUE   (LST)  VALUE       VALUE  FROM      YEAR
                                                  NORMAL
..................................................................
TEMPERATURE (F)
 TODAY
  MAXIMUM         90    335 PM  96    1958  90      0       91
  MINIMUM         76    624 AM  70    1952  76      0       75
                                      1947
  AVERAGE         83                        83      0       83

PRECIPITATION (IN)
  TODAY            0.00          3.31 2007   0.22  -0.22     0.28
  MONTH TO DATE   12.68                      7.07   5.61    10.19
  SINCE JUN 1     14.45                     13.75   0.70    21.49
  SINCE JAN 1     33.78                     25.95   7.83    30.61

DEGREE DAYS
 HEATING
  TODAY            0                         0      0        0
  MONTH TO DATE    0                         0      0        0
  SINCE JUN 1      0                         0      0        0
  SINCE JUL 1      0                         0      0        0

 COOLING
  TODAY           18                        18      0       18
  MONTH TO DATE  564                       558      6      549
  SINCE JUN 1   1090                      1074     16     1072
  SINCE JAN 1   1913                      1951    -38     2047
..................................................................


WIND (MPH)
  RESULTANT WIND SPEED   3   RESULTANT WIND DIRECTION   W (280)
  HIGHEST WIND SPEED    13   HIGHEST WIND DIRECTION     W (250)
  HIGHEST GUST SPEED    16   HIGHEST GUST DIRECTION     W (270)
  AVERAGE WIND SPEED     4.7


SKY COVER
  POSSIBLE SUNSHINE  MM
  AVERAGE SKY COVER 0.4


WEATHER CONDITIONS
 THE FOLLOWING WEATHER WAS RECORDED TODAY.
  NO SIGNIFICANT WEATHER WAS OBSERVED.


RELATIVE HUMIDITY (PERCENT)
 HIGHEST    69           600 AM
 LOWEST     46           100 PM

..........................................................


THE TAMPA CLIMATE NORMALS FOR TOMORROW
                         NORMAL    RECORD    YEAR
 MAXIMUM TEMPERATURE (F)   90        95      1993
                                             1986
                                             1961
 MINIMUM TEMPERATURE (F)   76        69      1916
                                             1909


SUNRISE AND SUNSET
JULY 31 2014..........SUNRISE   652 AM EDT   SUNSET   820 PM EDT
AUGUST  1 2014........SUNRISE   653 AM EDT   SUNSET   820 PM EDT


-  INDICATES NEGATIVE NUMBERS.
R  INDICATES RECORD WAS SET OR TIED.
MM INDICATES DATA IS MISSING.
T  INDICATES TRACE AMOUNT.




$$


&&
------------------------------------------------------------------
******************** SUPPLEMENTAL DATA ***************************

...RUSKIN                HIGH 91    LOW 72    PCPN 0.00
...SARASOTA/BRADENTON    HIGH 91    LOW 74    PCPN 0.00
...LAKELAND              HIGH 92    LOW 72    PCPN 0.00
...ST. PETERSBURG        HIGH 90    LOW 81    PCPN 0.00

...GULF WATER TEMPERATURE AT CLEARWATER BEACH 89
