000
CDUS42 KTBW 232117
CLITPA


CLIMATE REPORT
NATIONAL WEATHER SERVICE TAMPA BAY FL
513 PM EDT WED AUG 23 2017


...................................

...THE TAMPA CLIMATE SUMMARY FOR AUGUST 23 2017...
VALID TODAY AS OF 0500 PM LOCAL TIME.

CLIMATE NORMAL PERIOD 1981 TO 2010
CLIMATE RECORD PERIOD 1890 TO 2017


WEATHER ITEM   OBSERVED TIME   RECORD YEAR NORMAL DEPARTURE LAST
                VALUE   (LST)  VALUE       VALUE  FROM      YEAR
                                                  NORMAL
..................................................................
TEMPERATURE (F)
 TODAY
  MAXIMUM         96R   255 PM  95    2016  90      6       95
                                      1989
                                      1975
  MINIMUM         79    644 AM  68    1957  76      3       79
  AVERAGE         88                        83      5       87

PRECIPITATION (IN)
  TODAY            0.08          2.29 1935   0.27  -0.19     0.52
  MONTH TO DATE    3.36                      5.77  -2.41     6.46
  SINCE JUN 1     20.25                     19.52   0.73    24.28
  SINCE JAN 1     26.27                     31.72  -5.45    40.18

DEGREE DAYS
 HEATING
  TODAY            0                         0      0        0
  MONTH TO DATE    0                         0      0        0
  SINCE JUN 1      0                         0      0        0
  SINCE JUL 1      0                         0      0        0

 COOLING
  TODAY           23                        18      5       22
  MONTH TO DATE  481                       414     67      437
  SINCE JUN 1   1618                      1488    130     1612
  SINCE JAN 1   2934                      2365    569     2632
..................................................................


WIND (MPH)
  RESULTANT WIND SPEED   4   RESULTANT WIND DIRECTION  NE (50)
  HIGHEST WIND SPEED    16   HIGHEST WIND DIRECTION    SE (120)
  HIGHEST GUST SPEED    22   HIGHEST GUST DIRECTION    SE (120)
  AVERAGE WIND SPEED     5.2


SKY COVER
  POSSIBLE SUNSHINE  MM
  AVERAGE SKY COVER 0.5


WEATHER CONDITIONS
 THE FOLLOWING WEATHER WAS RECORDED TODAY.
  THUNDERSTORM
  LIGHT RAIN
  FOG


RELATIVE HUMIDITY (PERCENT)
 HIGHEST    91           500 AM
 LOWEST     46           300 PM

..........................................................


THE TAMPA CLIMATE NORMALS FOR TOMORROW
                         NORMAL    RECORD    YEAR
 MAXIMUM TEMPERATURE (F)   90        95      2014
                                             1975
 MINIMUM TEMPERATURE (F)   76        67      1957


SUNRISE AND SUNSET
AUGUST 23 2017........SUNRISE   704 AM EDT   SUNSET   800 PM EDT
AUGUST 24 2017........SUNRISE   705 AM EDT   SUNSET   759 PM EDT


-  INDICATES NEGATIVE NUMBERS.
R  INDICATES RECORD WAS SET OR TIED.
MM INDICATES DATA IS MISSING.
T  INDICATES TRACE AMOUNT.




$$


&&
------------------------------------------------------------------
******************** SUPPLEMENTAL DATA ***************************

...RUSKIN                HIGH 94    LOW 77    PCPN 0.00
...SARASOTA/BRADENTON    HIGH 93    LOW 77    PCPN 0.40
...LAKELAND*             HIGH 95    LOW 77    PCPN 0.00
...ST. PETERSBURG        HIGH 93    LOW 82    PCPN TRACE
...GULF WATER TEMPERATURE AT CLEARWATER BEACH 89 DEGREES

*LAKELAND DATA IS FROM 4:30 PM TUESDAY TO 4:30 PM WEDNESDAY
AND MAY REFLECT YESTERDAYS RAINFALL AND HIGH TEMPERATURE.
