000
CDUS42 KTBW 312113
CLITPA


CLIMATE REPORT
NATIONAL WEATHER SERVICE TAMPA BAY FL
512 PM EDT TUE MAY 31 2016


...................................

...THE TAMPA CLIMATE SUMMARY FOR MAY 31 2016...
VALID TODAY AS OF 0500 PM LOCAL TIME.

CLIMATE NORMAL PERIOD 1981 TO 2010
CLIMATE RECORD PERIOD 1890 TO 2016


WEATHER ITEM   OBSERVED TIME   RECORD YEAR NORMAL DEPARTURE LAST
                VALUE   (LST)  VALUE       VALUE  FROM      YEAR
                                                  NORMAL
..................................................................
TEMPERATURE (F)
 TODAY
  MAXIMUM         90    359 PM  97    1989  89      1       93
  MINIMUM         76    618 AM  59    1971  73      3       73
  AVERAGE         83                        81      2       83

PRECIPITATION (IN)
  TODAY            0.00          2.45 1954   0.11  -0.11     0.19
  MONTH TO DATE    3.76                      2.10   1.66     6.74
  SINCE MAR 1      7.19                      7.16   0.03    12.59
  SINCE JAN 1     15.90                     12.20   3.70    20.89

DEGREE DAYS
 HEATING
  TODAY            0                         0      0        0
  MONTH TO DATE    0                         0      0        0
  SINCE MAR 1     15                        67    -52       12
  SINCE JUL 1    323                       538   -215      467

 COOLING
  TODAY           18                        16      2       18
  MONTH TO DATE  433                       417     16      489
  SINCE MAR 1    942                       764    178     1154
  SINCE JAN 1   1020                       877    143     1221
..................................................................


WIND (MPH)
  RESULTANT WIND SPEED   3   RESULTANT WIND DIRECTION   W (250)
  HIGHEST WIND SPEED    14   HIGHEST WIND DIRECTION     W (260)
  HIGHEST GUST SPEED    19   HIGHEST GUST DIRECTION     W (290)
  AVERAGE WIND SPEED     5.4


SKY COVER
  POSSIBLE SUNSHINE  MM
  AVERAGE SKY COVER 0.3


WEATHER CONDITIONS
 THE FOLLOWING WEATHER WAS RECORDED TODAY.
  THUNDERSTORM
  FOG
  HAZE


RELATIVE HUMIDITY (PERCENT)
 HIGHEST    82           300 AM
 LOWEST     41           100 PM

..........................................................


THE TAMPA CLIMATE NORMALS FOR TOMORROW
                         NORMAL    RECORD    YEAR
 MAXIMUM TEMPERATURE (F)   89        96      1967
                                             1945
 MINIMUM TEMPERATURE (F)   73        53      1984


SUNRISE AND SUNSET
MAY 31 2016...........SUNRISE   634 AM EDT   SUNSET   822 PM EDT
JUNE  1 2016..........SUNRISE   634 AM EDT   SUNSET   822 PM EDT


-  INDICATES NEGATIVE NUMBERS.
R  INDICATES RECORD WAS SET OR TIED.
MM INDICATES DATA IS MISSING.
T  INDICATES TRACE AMOUNT.




$$


&&
------------------------------------------------------------------
******************** SUPPLEMENTAL DATA ***************************

...RUSKIN                HIGH 91    LOW 69    PCPN 0.00
...SARASOTA/BRADENTON    HIGH 89    LOW 71    PCPN 0.00
...LAKELAND              HIGH 92    LOW 70    PCPN 0.03
...ST. PETERSBURG        HIGH 87    LOW 77    PCPN 0.00
...GULF WATER TEMPERATURE AT CLEARWATER BEACH 85 DEGREES
