000
CDUS42 KTBW 240829
CLITPA


CLIMATE REPORT
NATIONAL WEATHER SERVICE TAMPA BAY FL
427 AM EDT FRI MAR 24 2017


...................................

...THE TAMPA CLIMATE SUMMARY FOR MARCH 23 2017...

CLIMATE NORMAL PERIOD 1981 TO 2010
CLIMATE RECORD PERIOD 1890 TO 2017


WEATHER ITEM   OBSERVED TIME   RECORD YEAR NORMAL DEPARTURE LAST
                VALUE   (LST)  VALUE       VALUE  FROM      YEAR
                                                  NORMAL
..................................................................
TEMPERATURE (F)
 YESTERDAY
  MAXIMUM         85   1254 PM  88    1935  77      8       81
                                      1904
  MINIMUM         66    454 AM  37    1986  59      7       56
  AVERAGE         76                        68      8       69

PRECIPITATION (IN)
  YESTERDAY        0.00          1.17 2003   0.10  -0.10     0.00
  MONTH TO DATE    0.97                      2.26  -1.29     0.56
  SINCE MAR 1      0.97                      2.26  -1.29     0.56
  SINCE JAN 1      3.93                      7.30  -3.37     9.27

DEGREE DAYS
 HEATING
  YESTERDAY        0                         1     -1        0
  MONTH TO DATE   28                        49    -21       15
  SINCE MAR 1     28                        49    -21       15
  SINCE JUL 1    164                       520   -356      323

 COOLING
  YESTERDAY       11                         4      7        4
  MONTH TO DATE  106                        86     20      138
  SINCE MAR 1    106                        86     20      138
  SINCE JAN 1    359                       199    160      216
..................................................................


WIND (MPH)
  RESULTANT WIND SPEED   7   RESULTANT WIND DIRECTION  NE (60)
  HIGHEST WIND SPEED    18   HIGHEST WIND DIRECTION    NE (60)
  HIGHEST GUST SPEED    31   HIGHEST GUST DIRECTION     E (70)
  AVERAGE WIND SPEED     7.6


SKY COVER
  POSSIBLE SUNSHINE  MM
  AVERAGE SKY COVER 0.4


WEATHER CONDITIONS
 THE FOLLOWING WEATHER WAS RECORDED YESTERDAY.
  FOG
  HAZE


RELATIVE HUMIDITY (PERCENT)
 HIGHEST    87           300 AM
 LOWEST     43           100 PM
 AVERAGE    65

..........................................................


THE TAMPA CLIMATE NORMALS FOR TODAY
                         NORMAL    RECORD    YEAR
 MAXIMUM TEMPERATURE (F)   77        91      1949
 MINIMUM TEMPERATURE (F)   59        36      1968


SUNRISE AND SUNSET
MARCH 24 2017.........SUNRISE   729 AM EDT   SUNSET   744 PM EDT
MARCH 25 2017.........SUNRISE   728 AM EDT   SUNSET   744 PM EDT


-  INDICATES NEGATIVE NUMBERS.
R  INDICATES RECORD WAS SET OR TIED.
MM INDICATES DATA IS MISSING.
T  INDICATES TRACE AMOUNT.




$$


&&
------------------------------------------------------------------
******************** SUPPLEMENTAL DATA ***************************

...RUSKIN                HIGH 85    LOW 63    PCPN    T
...SARASOTA/BRADENTON    HIGH 85    LOW 60    PCPN 0.00
...ST. PETERSBURG        HIGH 77    LOW 66    PCPN 0.05
...GULF WATER TEMPERATURE AT CLEARWATER BEACH missing DEGREES
