000
CDUS42 KTBW 282114
CLITPA


CLIMATE REPORT
NATIONAL WEATHER SERVICE TAMPA BAY FL
512 PM EDT THU APR 28 2016


...................................

...THE TAMPA CLIMATE SUMMARY FOR APRIL 28 2016...
VALID TODAY AS OF 0500 PM LOCAL TIME.

CLIMATE NORMAL PERIOD 1981 TO 2010
CLIMATE RECORD PERIOD 1890 TO 2016


WEATHER ITEM   OBSERVED TIME   RECORD YEAR NORMAL DEPARTURE LAST
                VALUE   (LST)  VALUE       VALUE  FROM      YEAR
                                                  NORMAL
..................................................................
TEMPERATURE (F)
 TODAY
  MAXIMUM         87    345 PM  91    1996  84      3       84
                                      1991
  MINIMUM         72    615 AM  48    1978  65      7       68
                                      1977
  AVERAGE         80                        74      6       76

PRECIPITATION (IN)
  TODAY            0.00          1.58 1997   0.06  -0.06     0.94
  MONTH TO DATE    1.67                      1.92  -0.25     4.81
  SINCE MAR 1      3.43                      4.95  -1.52     5.84
  SINCE JAN 1     12.14                      9.99   2.15    14.14

DEGREE DAYS
 HEATING
  TODAY            0                         0      0        0
  MONTH TO DATE    0                         9     -9        0
  SINCE MAR 1     15                        65    -50       12
  SINCE JUL 1    323                       536   -213      467

 COOLING
  TODAY           15                        10      5       11
  MONTH TO DATE  261                       201     60      377
  SINCE MAR 1    476                       327    149      643
  SINCE JAN 1    554                       440    114      710
..................................................................


WIND (MPH)
  RESULTANT WIND SPEED   4   RESULTANT WIND DIRECTION   S (190)
  HIGHEST WIND SPEED    14   HIGHEST WIND DIRECTION     W (270)
  HIGHEST GUST SPEED    17   HIGHEST GUST DIRECTION     W (270)
  AVERAGE WIND SPEED     6.6


SKY COVER
  POSSIBLE SUNSHINE  MM
  AVERAGE SKY COVER 0.3


WEATHER CONDITIONS
 THE FOLLOWING WEATHER WAS RECORDED TODAY.
  NO SIGNIFICANT WEATHER WAS OBSERVED.


RELATIVE HUMIDITY (PERCENT)
 HIGHEST    84           100 AM
 LOWEST     51           300 PM

..........................................................


THE TAMPA CLIMATE NORMALS FOR TOMORROW
                         NORMAL    RECORD    YEAR
 MAXIMUM TEMPERATURE (F)   84        91      1991
                                             1984
 MINIMUM TEMPERATURE (F)   66        44      1992


SUNRISE AND SUNSET
APRIL 28 2016.........SUNRISE   652 AM EDT   SUNSET   803 PM EDT
APRIL 29 2016.........SUNRISE   652 AM EDT   SUNSET   804 PM EDT


-  INDICATES NEGATIVE NUMBERS.
R  INDICATES RECORD WAS SET OR TIED.
MM INDICATES DATA IS MISSING.
T  INDICATES TRACE AMOUNT.




$$


&&
------------------------------------------------------------------
******************** SUPPLEMENTAL DATA ***************************

...RUSKIN                HIGH 87    LOW 67    PCPN 0.00
...SARASOTA/BRADENTON    HIGH 85    LOW 68    PCPN 0.00
...ST. PETERSBURG        HIGH 83    LOW 72    PCPN 0.00
...GULF WATER TEMPERATURE AT CLEARWATER BEACH 79 DEGREES
