897
CDUS45 KLKN 240928
CLITPH


CLIMATE REPORT
NATIONAL WEATHER SERVICE ELKO NV
228 AM PDT SUN JUL 24 2016


...................................

...THE TONOPAH AIRPORT NV CLIMATE SUMMARY FOR JULY 23 2016...

CLIMATE NORMAL PERIOD 1981 TO 2010
CLIMATE RECORD PERIOD 1954 TO 2016


WEATHER ITEM   OBSERVED TIME   RECORD YEAR NORMAL DEPARTURE LAST
                VALUE   (LST)  VALUE       VALUE  FROM      YEAR
                                                  NORMAL
..................................................................
TEMPERATURE (F)
 YESTERDAY
  MAXIMUM         98    322 PM 103    1996  93      5       86
  MINIMUM         59    405 AM  45    1987  58      1       55
                                      1983
  AVERAGE         79                        75      4       71

PRECIPITATION (IN)
  YESTERDAY        0.00          0.45 2012   0.02  -0.02     0.00
  MONTH TO DATE    0.08                      0.30  -0.22     0.11
  SINCE OCT 1      5.74                      4.20   1.54     2.66
  SINCE JAN 1      2.36                      3.11  -0.75     2.18

DEGREE DAYS
 HEATING
  YESTERDAY        0                         0      0        0
  MONTH TO DATE    0                         0      0        0
  SINCE JUN 1     10                        50    -40        6
  SINCE JUL 1      0                         0      0        0

 COOLING
  YESTERDAY       14                        10      4        6
  MONTH TO DATE  241                       218     23      190
  SINCE JUN 1    511                       363    148      481
  SINCE JAN 1    519                       390    129      504
..................................................................


WIND (MPH)
  HIGHEST WIND SPEED    16   HIGHEST WIND DIRECTION     N (350)
  HIGHEST GUST SPEED    20   HIGHEST GUST DIRECTION    NW (330)
  AVERAGE WIND SPEED     8.6



WEATHER CONDITIONS
 THE FOLLOWING WEATHER WAS RECORDED YESTERDAY.
  NO SIGNIFICANT WEATHER WAS OBSERVED.


RELATIVE HUMIDITY (PERCENT)
 HIGHEST    15           400 AM
 LOWEST      4           600 PM
 AVERAGE    10

..........................................................


THE TONOPAH AIRPORT NV CLIMATE NORMALS FOR TODAY
                         NORMAL    RECORD    YEAR
 MAXIMUM TEMPERATURE (F)   93       101      1996
                                             1980
 MINIMUM TEMPERATURE (F)   58        45      1987


SUNRISE AND SUNSET
JULY 24 2016..........SUNRISE   545 AM PDT   SUNSET   804 PM PDT
JULY 25 2016..........SUNRISE   546 AM PDT   SUNSET   803 PM PDT


-  INDICATES NEGATIVE NUMBERS.
R  INDICATES RECORD WAS SET OR TIED.
MM INDICATES DATA IS MISSING.
T  INDICATES TRACE AMOUNT.




$$
