000
CDUS45 KLKN 210930
CLITPH


CLIMATE REPORT
NATIONAL WEATHER SERVICE ELKO NV
228 AM PDT SUN SEP 21 2014


...................................

...THE TONOPAH AIRPORT NV CLIMATE SUMMARY FOR SEPTEMBER 20 2014...

CLIMATE NORMAL PERIOD 1981 TO 2010
CLIMATE RECORD PERIOD 1954 TO 2014


WEATHER ITEM   OBSERVED TIME   RECORD YEAR NORMAL DEPARTURE LAST
                VALUE   (LST)  VALUE       VALUE  FROM      YEAR
                                                  NORMAL
..................................................................
TEMPERATURE (F)
 YESTERDAY
  MAXIMUM         78    202 PM  89    1991  79     -1       82
  MINIMUM         55    626 AM  30    1978  47      8       48
  AVERAGE         67                        63      4       65

PRECIPITATION (IN)
  YESTERDAY        0.45R         0.37 2005   0.01   0.44     0.00
  MONTH TO DATE    0.63                      0.26   0.37     1.38
  SINCE OCT 1      4.11                      5.12  -1.01     5.25
  SINCE JAN 1      3.65                      4.03  -0.38     4.03

DEGREE DAYS
 HEATING
  YESTERDAY        0                         3     -3        0
  MONTH TO DATE    0                        36    -36        5
  SINCE SEP 1      0                        36    -36        5
  SINCE JUL 1      0                        42    -42        5

 COOLING
  YESTERDAY        2                         1      1        0
  MONTH TO DATE  128                        61     67      121
  SINCE SEP 1    128                        61     67      121
  SINCE JAN 1    991                       774    217     1042
..................................................................


WIND (MPH)
  HIGHEST WIND SPEED    29   HIGHEST WIND DIRECTION    NE (30)
  HIGHEST GUST SPEED    35   HIGHEST GUST DIRECTION    NE (30)
  AVERAGE WIND SPEED     9.9



WEATHER CONDITIONS
 THE FOLLOWING WEATHER WAS RECORDED YESTERDAY.
  THUNDERSTORM
  HEAVY RAIN
  RAIN
  LIGHT RAIN


RELATIVE HUMIDITY (PERCENT)
 HIGHEST    38           500 AM
 LOWEST     27           100 PM
 AVERAGE    33

..........................................................


THE TONOPAH AIRPORT NV CLIMATE NORMALS FOR TODAY
                         NORMAL    RECORD    YEAR
 MAXIMUM TEMPERATURE (F)   79        89      1987
 MINIMUM TEMPERATURE (F)   46        30      1968


SUNRISE AND SUNSET
SEPTEMBER 21 2014.....SUNRISE   635 AM PDT   SUNSET   647 PM PDT
SEPTEMBER 22 2014.....SUNRISE   636 AM PDT   SUNSET   645 PM PDT


-  INDICATES NEGATIVE NUMBERS.
R  INDICATES RECORD WAS SET OR TIED.
MM INDICATES DATA IS MISSING.
T  INDICATES TRACE AMOUNT.




$$
