000
CDUS45 KLKN 240930
CLITPH


CLIMATE REPORT
NATIONAL WEATHER SERVICE ELKO NV
228 AM PDT FRI MAR 24 2017


...................................

...THE TONOPAH AIRPORT NV CLIMATE SUMMARY FOR MARCH 23 2017...

CLIMATE NORMAL PERIOD 1981 TO 2010
CLIMATE RECORD PERIOD 1954 TO 2017


WEATHER ITEM   OBSERVED TIME   RECORD YEAR NORMAL DEPARTURE LAST
                VALUE   (LST)  VALUE       VALUE  FROM      YEAR
                                                  NORMAL
..................................................................
TEMPERATURE (F)
 YESTERDAY
  MAXIMUM         55    417 PM  76    1998  59     -4       56
  MINIMUM         34   1159 PM  16    1994  30      4       27
  AVERAGE         45                        44      1       42

PRECIPITATION (IN)
  YESTERDAY        0.00          0.22 2011   0.01  -0.01     0.00
  MONTH TO DATE    0.08                      0.45  -0.37     0.38
  SINCE OCT 1      1.59                      2.55  -0.96     4.83
  SINCE JAN 1      1.06                      1.46  -0.40     1.45

DEGREE DAYS
 HEATING
  YESTERDAY       20                        21     -1       23
  MONTH TO DATE  375                       525   -150      423
  SINCE MAR 1    375                       525   -150      423
  SINCE JUL 1   4240                      4567   -327     4350

 COOLING
  YESTERDAY        0                         0      0        0
  MONTH TO DATE    0                         0      0        0
  SINCE MAR 1      0                         0      0        0
  SINCE JAN 1      0                         0      0        0
..................................................................


WIND (MPH)
  HIGHEST WIND SPEED    36   HIGHEST WIND DIRECTION    NW (330)
  HIGHEST GUST SPEED    46   HIGHEST GUST DIRECTION    NW (320)
  AVERAGE WIND SPEED    17.6



WEATHER CONDITIONS
 THE FOLLOWING WEATHER WAS RECORDED YESTERDAY.
  NO SIGNIFICANT WEATHER WAS OBSERVED.


RELATIVE HUMIDITY (PERCENT)
 HIGHEST    76           100 AM
 LOWEST     22           500 PM
 AVERAGE    49

..........................................................


THE TONOPAH AIRPORT NV CLIMATE NORMALS FOR TODAY
                         NORMAL    RECORD    YEAR
 MAXIMUM TEMPERATURE (F)   59        75      1960
 MINIMUM TEMPERATURE (F)   30        10      2011


SUNRISE AND SUNSET
MARCH 24 2017.........SUNRISE   645 AM PDT   SUNSET   704 PM PDT
MARCH 25 2017.........SUNRISE   644 AM PDT   SUNSET   705 PM PDT


-  INDICATES NEGATIVE NUMBERS.
R  INDICATES RECORD WAS SET OR TIED.
MM INDICATES DATA IS MISSING.
T  INDICATES TRACE AMOUNT.




$$
