000
CDUS45 KLKN 220030
CLITPH


CLIMATE REPORT
NATIONAL WEATHER SERVICE ELKO NV
530 PM PDT MON AUG 21 2017


...................................

...THE TONOPAH AIRPORT NV CLIMATE SUMMARY FOR AUGUST 21 2017...
VALID TODAY AS OF 0500 PM LOCAL TIME.

CLIMATE NORMAL PERIOD 1981 TO 2010
CLIMATE RECORD PERIOD 1954 TO 2017


WEATHER ITEM   OBSERVED TIME   RECORD YEAR NORMAL DEPARTURE LAST
                VALUE   (LST)  VALUE       VALUE  FROM      YEAR
                                                  NORMAL
..................................................................
TEMPERATURE (F)
 TODAY
  MAXIMUM         84    152 PM  96    2009  89     -5       93
  MINIMUM         57    532 AM  38    1959  55      2       59
  AVERAGE         71                        72     -1       76

PRECIPITATION (IN)
  TODAY            0.00          0.58 2012   0.01  -0.01      T
  MONTH TO DATE    0.19                      0.34  -0.15      T
  SINCE OCT 1      3.63                      4.69  -1.06     5.74
  SINCE JAN 1      3.10                      3.60  -0.50     2.36

DEGREE DAYS
 HEATING
  TODAY            0                         0      0        0
  MONTH TO DATE    0                         0      0        0
  SINCE JUN 1     31                        52    -21       10
  SINCE JUL 1      0                         2     -2        0

 COOLING
  TODAY            6                         7     -1       11
  MONTH TO DATE  238                       179     59      224
  SINCE JUN 1    963                       627    336      873
  SINCE JAN 1    996                       654    342      881
..................................................................


WIND (MPH)
  HIGHEST WIND SPEED    18   HIGHEST WIND DIRECTION     S (170)
  HIGHEST GUST SPEED    23   HIGHEST GUST DIRECTION    SW (210)



WEATHER CONDITIONS
 THE FOLLOWING WEATHER WAS RECORDED TODAY.
  NO SIGNIFICANT WEATHER WAS OBSERVED.


RELATIVE HUMIDITY (PERCENT)
 HIGHEST    43           500 AM
 LOWEST     23           900 AM
 AVERAGE    33

..........................................................


THE TONOPAH AIRPORT NV CLIMATE NORMALS FOR TOMORROW
                         NORMAL    RECORD    YEAR
 MAXIMUM TEMPERATURE (F)   89        95      1969
 MINIMUM TEMPERATURE (F)   55        38      1978
                                             1968


SUNRISE AND SUNSET
AUGUST 21 2017........SUNRISE   609 AM PDT   SUNSET   733 PM PDT
AUGUST 22 2017........SUNRISE   610 AM PDT   SUNSET   732 PM PDT


-  INDICATES NEGATIVE NUMBERS.
R  INDICATES RECORD WAS SET OR TIED.
MM INDICATES DATA IS MISSING.
T  INDICATES TRACE AMOUNT.




$$
