000
CDUS45 KLKN 140048
CLITPH


CLIMATE REPORT
NATIONAL WEATHER SERVICE ELKO NV
548 PM PDT SUN JUL 13 2014


...................................

...THE TONOPAH AIRPORT NV CLIMATE SUMMARY FOR JULY 13 2014...
VALID TODAY AS OF 0500 PM LOCAL TIME.

CLIMATE NORMAL PERIOD 1981 TO 2010
CLIMATE RECORD PERIOD 1954 TO 2014


WEATHER ITEM   OBSERVED TIME   RECORD YEAR NORMAL DEPARTURE LAST
                VALUE   (LST)  VALUE       VALUE  FROM      YEAR
                                                  NORMAL
..................................................................
TEMPERATURE (F)
 TODAY
  MAXIMUM        101    153 PM 103    2002  92      9       92
                                      2003
  MINIMUM         63    456 AM  44    1966  58      5       58
                                      1956
  AVERAGE         82                        75      7       75

PRECIPITATION (IN)
  TODAY            0.00          0.59 1967   0.02  -0.02     0.00
  MONTH TO DATE    0.21                      0.13   0.08     0.14
  SINCE OCT 1      1.59                      4.03  -2.44     2.31
  SINCE JAN 1      1.13                      2.94  -1.81     1.09

DEGREE DAYS
 HEATING
  TODAY            0                         0      0        0
  MONTH TO DATE    0                         0      0        0
  SINCE JUN 1     15                        50    -35        3
  SINCE JUL 1      0                         0      0        0

 COOLING
  TODAY           17                        10      7       10
  MONTH TO DATE  174                       118     56      183
  SINCE JUN 1    390                       263    127      435
  SINCE JAN 1    424                       290    134      458
..................................................................


WIND (MPH)
  HIGHEST WIND SPEED    20   HIGHEST WIND DIRECTION    SW (210)
  HIGHEST GUST SPEED    28   HIGHEST GUST DIRECTION    SW (210)



WEATHER CONDITIONS
 THE FOLLOWING WEATHER WAS RECORDED TODAY.
  NO SIGNIFICANT WEATHER WAS OBSERVED.


RELATIVE HUMIDITY (PERCENT)
 HIGHEST    20           100 AM
 LOWEST      8          1000 AM
 AVERAGE    14

..........................................................


THE TONOPAH AIRPORT NV CLIMATE NORMALS FOR TOMORROW
                         NORMAL    RECORD    YEAR
 MAXIMUM TEMPERATURE (F)   92       100      2005
                                             1972
 MINIMUM TEMPERATURE (F)   58        41      1956


SUNRISE AND SUNSET
JULY 13 2014..........SUNRISE   536 AM PDT   SUNSET   812 PM PDT
JULY 14 2014..........SUNRISE   537 AM PDT   SUNSET   811 PM PDT


-  INDICATES NEGATIVE NUMBERS.
R  INDICATES RECORD WAS SET OR TIED.
MM INDICATES DATA IS MISSING.
T  INDICATES TRACE AMOUNT.




$$
