000
CDUS45 KLKN 060939
CLITPH


CLIMATE REPORT
NATIONAL WEATHER SERVICE ELKO NV
137 AM PST FRI MAR 6 2015


...................................

...THE TONOPAH AIRPORT NV CLIMATE SUMMARY FOR MARCH 5 2015...

CLIMATE NORMAL PERIOD 1981 TO 2010
CLIMATE RECORD PERIOD 1954 TO 2015


WEATHER ITEM   OBSERVED TIME   RECORD YEAR NORMAL DEPARTURE LAST
                VALUE   (LST)  VALUE       VALUE  FROM      YEAR
                                                  NORMAL
..................................................................
TEMPERATURE (F)
 YESTERDAY
  MAXIMUM         57    429 PM  73    1972  54      3       60
  MINIMUM         21    624 AM  12    1985  28     -7       34
  AVERAGE         39                        41     -2       47

PRECIPITATION (IN)
  YESTERDAY        0.00          0.15 1975   0.02  -0.02     0.00
  MONTH TO DATE    0.26                      0.11   0.15      T
  SINCE OCT 1      0.92                      2.21  -1.29     1.12
  SINCE JAN 1      0.44                      1.12  -0.68     0.66

DEGREE DAYS
 HEATING
  YESTERDAY       26                        24      2       18
  MONTH TO DATE  146                       123     23      113
  SINCE MAR 1    146                       123     23      113
  SINCE JUL 1   3268                      4165   -897     3886

 COOLING
  YESTERDAY        0                         0      0        0
  MONTH TO DATE    0                         0      0        0
  SINCE MAR 1      0                         0      0        0
  SINCE JAN 1      0                         0      0        0
..................................................................


WIND (MPH)
  HIGHEST WIND SPEED    14   HIGHEST WIND DIRECTION     N (10)
  HIGHEST GUST SPEED    17   HIGHEST GUST DIRECTION     N (10)
  AVERAGE WIND SPEED     7.1



WEATHER CONDITIONS
 THE FOLLOWING WEATHER WAS RECORDED YESTERDAY.
  NO SIGNIFICANT WEATHER WAS OBSERVED.


RELATIVE HUMIDITY (PERCENT)
 HIGHEST    71           500 AM
 LOWEST     10           500 PM
 AVERAGE    41

..........................................................


THE TONOPAH AIRPORT NV CLIMATE NORMALS FOR TODAY
                         NORMAL    RECORD    YEAR
 MAXIMUM TEMPERATURE (F)   54        74      1972
 MINIMUM TEMPERATURE (F)   28         8      1956


SUNRISE AND SUNSET
MARCH  6 2015.........SUNRISE   613 AM PST   SUNSET   547 PM PST
MARCH  7 2015.........SUNRISE   612 AM PST   SUNSET   548 PM PST


-  INDICATES NEGATIVE NUMBERS.
R  INDICATES RECORD WAS SET OR TIED.
MM INDICATES DATA IS MISSING.
T  INDICATES TRACE AMOUNT.




$$
