389
CDUS45 KLKN 180928
CLITPH


CLIMATE REPORT
NATIONAL WEATHER SERVICE ELKO NV
226 AM PDT WED OCT 18  2017


...................................

...THE TONOPAH AIRPORT NV CLIMATE SUMMARY FOR OCTOBER 17 2017...

CLIMATE NORMAL PERIOD 1981 TO 2010
CLIMATE RECORD PERIOD 1954 TO 2017


WEATHER ITEM   OBSERVED TIME   RECORD YEAR NORMAL DEPARTURE LAST
                VALUE   (LST)  VALUE       VALUE  FROM      YEAR
                                                  NORMAL
..................................................................
TEMPERATURE (F)
 YESTERDAY
  MAXIMUM         77    247 PM  82    1988  68      9       63
                                      1958
  MINIMUM         34    622 AM  20    1971  37     -3       40
  AVERAGE         56                        52      4       52

PRECIPITATION (IN)
  YESTERDAY        0.00          0.05 2010   0.01  -0.01     0.00
  MONTH TO DATE    0.00                      0.18  -0.18     0.00
  SINCE OCT 1      0.00                      0.18  -0.18     0.00
  SINCE JAN 1      3.51                      4.33  -0.82     3.57

DEGREE DAYS
 HEATING
  YESTERDAY        9                        13     -4       13
  MONTH TO DATE  227                       163     64      155
  SINCE SEP 1    359                       248    111      224
  SINCE JUL 1    359                       254    105      224

 COOLING
  YESTERDAY        0                         0      0        0
  MONTH TO DATE    0                         0      0        0
  SINCE SEP 1    117                        68     49       59
  SINCE JAN 1   1222                       781    441     1022
..................................................................


WIND (MPH)
  HIGHEST WIND SPEED    15   HIGHEST WIND DIRECTION     N (20)
  HIGHEST GUST SPEED    17   HIGHEST GUST DIRECTION     N (20)
  AVERAGE WIND SPEED     7.3



WEATHER CONDITIONS
 THE FOLLOWING WEATHER WAS RECORDED YESTERDAY.
  NO SIGNIFICANT WEATHER WAS OBSERVED.


RELATIVE HUMIDITY (PERCENT)
 HIGHEST    19           700 AM
 LOWEST      6           200 PM
 AVERAGE    13

..........................................................


THE TONOPAH AIRPORT NV CLIMATE NORMALS FOR TODAY
                         NORMAL    RECORD    YEAR
 MAXIMUM TEMPERATURE (F)   67        83      1988
 MINIMUM TEMPERATURE (F)   37        13      1984


SUNRISE AND SUNSET
OCTOBER 18 2017.......SUNRISE   700 AM PDT   SUNSET   606 PM PDT
OCTOBER 19 2017.......SUNRISE   701 AM PDT   SUNSET   605 PM PDT


-  INDICATES NEGATIVE NUMBERS.
R  INDICATES RECORD WAS SET OR TIED.
MM INDICATES DATA IS MISSING.
T  INDICATES TRACE AMOUNT.




$$
