000
CDUS45 KLKN 260031
CLITPH


CLIMATE REPORT
NATIONAL WEATHER SERVICE ELKO NV
527 PM PDT WED MAY 25 2016


...................................

...THE TONOPAH AIRPORT NV CLIMATE SUMMARY FOR MAY 25 2016...
VALID TODAY AS OF 500 PM LOCAL TIME.

CLIMATE NORMAL PERIOD 1981 TO 2010
CLIMATE RECORD PERIOD 1954 TO 2016


WEATHER ITEM   OBSERVED TIME   RECORD YEAR NORMAL DEPARTURE LAST
                VALUE   (LST)  VALUE       VALUE  FROM      YEAR
                                                  NORMAL
..................................................................
TEMPERATURE (F)
 TODAY
  MAXIMUM         61    947 AM  93    1986  77    -16       75
  MINIMUM         43    503 AM  28    1980  46     -3       45
  AVERAGE         52                        62    -10       60

PRECIPITATION (IN)
  TODAY            0.06          0.61 2008   0.02   0.04      T
  MONTH TO DATE    0.27                      0.42  -0.15     1.24
  SINCE OCT 1      5.50                      3.51   1.99     2.29
  SINCE JAN 1      2.12                      2.42  -0.30     1.81

DEGREE DAYS
 HEATING
  TODAY           13                         5      8        5
  MONTH TO DATE  213                       194     19      239
  SINCE MAR 1   1192                      1345   -153     1125
  SINCE JUL 1   5119                      5387   -268     4247

 COOLING
  TODAY            0                         1     -1        0
  MONTH TO DATE    1                        12    -11        0
  SINCE MAR 1      1                        13    -12        0
  SINCE JAN 1      1                        13    -12        0
..................................................................


WIND (MPH)
  HIGHEST WIND SPEED    26   HIGHEST WIND DIRECTION     N (360)
  HIGHEST GUST SPEED    30   HIGHEST GUST DIRECTION     N (10)



WEATHER CONDITIONS
 THE FOLLOWING WEATHER WAS RECORDED TODAY.
  THUNDERSTORM
  RAIN
  LIGHT RAIN


RELATIVE HUMIDITY (PERCENT)
 HIGHEST    82           400 AM
 LOWEST     43          1000 AM
 AVERAGE    63

..........................................................


THE TONOPAH AIRPORT NV CLIMATE NORMALS FOR TOMORROW
                         NORMAL    RECORD    YEAR
 MAXIMUM TEMPERATURE (F)   78        91      1986
 MINIMUM TEMPERATURE (F)   46        31      1980


SUNRISE AND SUNSET
MAY 25 2016...........SUNRISE   530 AM PDT   SUNSET   801 PM PDT
MAY 26 2016...........SUNRISE   530 AM PDT   SUNSET   802 PM PDT


-  INDICATES NEGATIVE NUMBERS.
R  INDICATES RECORD WAS SET OR TIED.
MM INDICATES DATA IS MISSING.
T  INDICATES TRACE AMOUNT.




$$
