000
CDUS45 KLKN 310926
CLITPH


CLIMATE REPORT
NATIONAL WEATHER SERVICE ELKO NV
226 AM PDT THU JUL 31 2014


...................................

...THE TONOPAH AIRPORT NV CLIMATE SUMMARY FOR JULY 30 2014...

CLIMATE NORMAL PERIOD 1981 TO 2010
CLIMATE RECORD PERIOD 1954 TO 2014


WEATHER ITEM   OBSERVED TIME   RECORD YEAR NORMAL DEPARTURE LAST
                VALUE   (LST)  VALUE       VALUE  FROM      YEAR
                                                  NORMAL
..................................................................
TEMPERATURE (F)
 YESTERDAY
  MAXIMUM         90    231 PM 100    2000  92     -2       92
                                      1971
  MINIMUM         62    505 AM  51    2001  58      4       58
                                      1998
                                      1987
  AVERAGE         76                        75      1       75

PRECIPITATION (IN)
  YESTERDAY        0.04          0.76 1968   0.02   0.02     0.00
  MONTH TO DATE    1.33                      0.43   0.90     0.91
  SINCE OCT 1      2.71                      4.33  -1.62     3.08
  SINCE JAN 1      2.25                      3.24  -0.99     1.86

DEGREE DAYS
 HEATING
  YESTERDAY        0                         0      0        0
  MONTH TO DATE    0                         0      0        0
  SINCE JUN 1     15                        50    -35        3
  SINCE JUL 1      0                         0      0        0

 COOLING
  YESTERDAY       11                        10      1       10
  MONTH TO DATE  391                       288    103      388
  SINCE JUN 1    607                       433    174      640
  SINCE JAN 1    641                       460    181      663
..................................................................


WIND (MPH)
  HIGHEST WIND SPEED    35   HIGHEST WIND DIRECTION    NE (60)
  HIGHEST GUST SPEED    42   HIGHEST GUST DIRECTION    NE (60)
  AVERAGE WIND SPEED     9.2



WEATHER CONDITIONS
 THE FOLLOWING WEATHER WAS RECORDED YESTERDAY.
  THUNDERSTORM
  LIGHT RAIN


RELATIVE HUMIDITY (PERCENT)
 HIGHEST    68           900 PM
 LOWEST     16           200 PM
 AVERAGE    42

..........................................................


THE TONOPAH AIRPORT NV CLIMATE NORMALS FOR TODAY
                         NORMAL    RECORD    YEAR
 MAXIMUM TEMPERATURE (F)   92       102      2000
 MINIMUM TEMPERATURE (F)   58        48      1974


SUNRISE AND SUNSET
JULY 31 2014..........SUNRISE   550 AM PDT   SUNSET   758 PM PDT
AUGUST  1 2014........SUNRISE   551 AM PDT   SUNSET   757 PM PDT


-  INDICATES NEGATIVE NUMBERS.
R  INDICATES RECORD WAS SET OR TIED.
MM INDICATES DATA IS MISSING.
T  INDICATES TRACE AMOUNT.




$$
