000
CDUS45 KLKN 250930
CLITPH


CLIMATE REPORT
NATIONAL WEATHER SERVICE ELKO NV
227 AM PDT SUN JUN 25 2017


...................................

...THE TONOPAH AIRPORT NV CLIMATE SUMMARY FOR JUNE 24 2017...

CLIMATE NORMAL PERIOD 1981 TO 2010
CLIMATE RECORD PERIOD 1954 TO 2017


WEATHER ITEM   OBSERVED TIME   RECORD YEAR NORMAL DEPARTURE LAST
                VALUE   (LST)  VALUE       VALUE  FROM      YEAR
                                                  NORMAL
..................................................................
TEMPERATURE (F)
 YESTERDAY
  MAXIMUM         98R   349 PM  98    2006  88     10       92
                                      1994
                                      1961
  MINIMUM         66    504 AM  39    1963  54     12       58
  AVERAGE         82                        71     11       75

PRECIPITATION (IN)
  YESTERDAY        0.00          0.07 2000   0.00   0.00     0.00
  MONTH TO DATE    T                         0.25  -0.25     0.07
  SINCE OCT 1      2.78                      3.87  -1.09     5.62
  SINCE JAN 1      2.25                      2.78  -0.53     2.24

DEGREE DAYS
 HEATING
  YESTERDAY        0                         0      0        0
  MONTH TO DATE   31                        48    -17       10
  SINCE JUN 1     31                        48    -17       10
  SINCE JUL 1   5010                      5459   -449     5148

 COOLING
  YESTERDAY       17                         6     11       10
  MONTH TO DATE  214                       101    113      187
  SINCE JUN 1    214                       101    113      187
  SINCE JAN 1    247                       128    119      195
..................................................................


WIND (MPH)
  HIGHEST WIND SPEED    28   HIGHEST WIND DIRECTION     W (290)
  HIGHEST GUST SPEED    34   HIGHEST GUST DIRECTION    NW (300)
  AVERAGE WIND SPEED    12.0



WEATHER CONDITIONS
 THE FOLLOWING WEATHER WAS RECORDED YESTERDAY.
  NO SIGNIFICANT WEATHER WAS OBSERVED.


RELATIVE HUMIDITY (PERCENT)
 HIGHEST    20           500 AM
 LOWEST      7           500 PM
 AVERAGE    14

..........................................................


THE TONOPAH AIRPORT NV CLIMATE NORMALS FOR TODAY
                         NORMAL    RECORD    YEAR
 MAXIMUM TEMPERATURE (F)   88       100      1961
 MINIMUM TEMPERATURE (F)   54        38      1975


SUNRISE AND SUNSET
JUNE 25 2017..........SUNRISE   527 AM PDT   SUNSET   815 PM PDT
JUNE 26 2017..........SUNRISE   527 AM PDT   SUNSET   815 PM PDT


-  INDICATES NEGATIVE NUMBERS.
R  INDICATES RECORD WAS SET OR TIED.
MM INDICATES DATA IS MISSING.
T  INDICATES TRACE AMOUNT.




$$
