000
CDUS45 KLKN 020927
CLITPH


CLIMATE REPORT
NATIONAL WEATHER SERVICE ELKO NV
227 AM PDT TUE JUN 2 2015


...................................

...THE TONOPAH AIRPORT NV CLIMATE SUMMARY FOR JUNE 1 2015...

CLIMATE NORMAL PERIOD 1981 TO 2010
CLIMATE RECORD PERIOD 1954 TO 2015


WEATHER ITEM   OBSERVED TIME   RECORD YEAR NORMAL DEPARTURE LAST
                VALUE   (LST)  VALUE       VALUE  FROM      YEAR
                                                  NORMAL
..................................................................
TEMPERATURE (F)
 YESTERDAY
  MAXIMUM         85    339 PM  94    2001  80      5       85
  MINIMUM         53    417 AM  27    1971  48      5       49
  AVERAGE         69                        64      5       67

PRECIPITATION (IN)
  YESTERDAY        0.00          0.09 1961   0.02  -0.02     0.00
  MONTH TO DATE    0.00                      0.02  -0.02     0.00
  SINCE OCT 1      2.29                      3.64  -1.35     1.38
  SINCE JAN 1      1.81                      2.55  -0.74     0.92

DEGREE DAYS
 HEATING
  YESTERDAY        0                         4     -4        0
  MONTH TO DATE    0                         4     -4        0
  SINCE JUN 1      0                         4     -4        0
  SINCE JUL 1   4249                      5415  -1166     4936

 COOLING
  YESTERDAY        4                         2      2        2
  MONTH TO DATE    4                         2      2        2
  SINCE JUN 1      4                         2      2        2
  SINCE JAN 1     27                        29     -2       36
..................................................................


WIND (MPH)
  HIGHEST WIND SPEED    26   HIGHEST WIND DIRECTION    NW (320)
  HIGHEST GUST SPEED    37   HIGHEST GUST DIRECTION     N (350)
  AVERAGE WIND SPEED     9.1



WEATHER CONDITIONS
 THE FOLLOWING WEATHER WAS RECORDED YESTERDAY.
  NO SIGNIFICANT WEATHER WAS OBSERVED.


RELATIVE HUMIDITY (PERCENT)
 HIGHEST    32           400 AM
 LOWEST      6           500 PM
 AVERAGE    19

..........................................................


THE TONOPAH AIRPORT NV CLIMATE NORMALS FOR TODAY
                         NORMAL    RECORD    YEAR
 MAXIMUM TEMPERATURE (F)   80        94      1986
 MINIMUM TEMPERATURE (F)   48        31      2011


SUNRISE AND SUNSET
JUNE  2 2015..........SUNRISE   527 AM PDT   SUNSET   806 PM PDT
JUNE  3 2015..........SUNRISE   527 AM PDT   SUNSET   807 PM PDT


-  INDICATES NEGATIVE NUMBERS.
R  INDICATES RECORD WAS SET OR TIED.
MM INDICATES DATA IS MISSING.
T  INDICATES TRACE AMOUNT.




$$
