000
CDUS45 KLKN 220930
CLITPH


CLIMATE REPORT
NATIONAL WEATHER SERVICE ELKO NV
130 AM PST THU FEB 22 2018


...................................

...THE TONOPAH AIRPORT NV CLIMATE SUMMARY FOR FEBRUARY 21 2018...

CLIMATE NORMAL PERIOD 1981 TO 2010
CLIMATE RECORD PERIOD 1954 TO 2018


WEATHER ITEM   OBSERVED TIME   RECORD YEAR NORMAL DEPARTURE LAST
                VALUE   (LST)  VALUE       VALUE  FROM      YEAR
                                                  NORMAL
..................................................................
TEMPERATURE (F)
 YESTERDAY
  MAXIMUM         38    335 PM  69    1982  51    -13       55
  MINIMUM         17    621 AM   8    1969  25     -8       34
                                      1962
  AVERAGE         28                        38    -10       45

PRECIPITATION (IN)
  YESTERDAY        0.00          0.34 2005   0.02  -0.02     0.00
  MONTH TO DATE    0.02                      0.37  -0.35     0.61
  SINCE OCT 1      0.48                      1.95  -1.47     1.50
  SINCE JAN 1      0.47                      0.86  -0.39     0.97

DEGREE DAYS
 HEATING
  YESTERDAY       37                        27     10       20
  MONTH TO DATE  550                       608    -58      476
  SINCE DEC 1   2239                      2642   -403     2610
  SINCE JUL 1   3315                      3859   -544     3627

 COOLING
  YESTERDAY        0                         0      0        0
  MONTH TO DATE    0                         0      0        0
  SINCE DEC 1      0                         0      0        0
  SINCE JAN 1      0                         0      0        0
..................................................................


WIND (MPH)
  HIGHEST WIND SPEED    13   HIGHEST WIND DIRECTION    NW (300)
  HIGHEST GUST SPEED    18   HIGHEST GUST DIRECTION     W (290)
  AVERAGE WIND SPEED     5.5



WEATHER CONDITIONS
 THE FOLLOWING WEATHER WAS RECORDED YESTERDAY.
  NO SIGNIFICANT WEATHER WAS OBSERVED.


RELATIVE HUMIDITY (PERCENT)
 HIGHEST    47          1100 PM
 LOWEST     18          1200 AM
 AVERAGE    33

..........................................................


THE TONOPAH AIRPORT NV CLIMATE NORMALS FOR TODAY
                         NORMAL    RECORD    YEAR
 MAXIMUM TEMPERATURE (F)   51        67      1995
 MINIMUM TEMPERATURE (F)   26        11      1962


SUNRISE AND SUNSET
FEBRUARY 22 2018......SUNRISE   629 AM PST   SUNSET   535 PM PST
FEBRUARY 23 2018......SUNRISE   628 AM PST   SUNSET   536 PM PST


-  INDICATES NEGATIVE NUMBERS.
R  INDICATES RECORD WAS SET OR TIED.
MM INDICATES DATA IS MISSING.
T  INDICATES TRACE AMOUNT.




$$
