000
CDUS45 KLKN 180030
CLITPH


CLIMATE REPORT
NATIONAL WEATHER SERVICE ELKO NV
430 PM PST TUE JAN 17 2017


...................................

...THE TONOPAH AIRPORT NV CLIMATE SUMMARY FOR JANUARY 17 2017...
VALID TODAY AS OF 0400 PM LOCAL TIME.

CLIMATE NORMAL PERIOD 1981 TO 2010
CLIMATE RECORD PERIOD 1954 TO 2017


WEATHER ITEM   OBSERVED TIME   RECORD YEAR NORMAL DEPARTURE LAST
                VALUE   (LST)  VALUE       VALUE  FROM      YEAR
                                                  NORMAL
..................................................................
TEMPERATURE (F)
 TODAY
  MAXIMUM         43    325 PM  64    1971  45     -2       43
  MINIMUM         15    635 AM  -4    1955  20     -5       18
  AVERAGE         29                        33     -4       31

PRECIPITATION (IN)
  TODAY            0.00          0.35 1988   0.02  -0.02     0.00
  MONTH TO DATE    0.14                      0.26  -0.12     0.49
  SINCE OCT 1      0.67                      1.35  -0.68     3.87
  SINCE JAN 1      0.14                      0.26  -0.12     0.49

DEGREE DAYS
 HEATING
  TODAY           36                        32      4       34
  MONTH TO DATE  559                       563     -4      620
  SINCE DEC 1   1600                      1591      9     1662
  SINCE JUL 1   2617                      2808   -191     2736

 COOLING
  TODAY            0                         0      0        0
  MONTH TO DATE    0                         0      0        0
  SINCE DEC 1      0                         0      0        0
  SINCE JAN 1      0                         0      0        0
..................................................................


WIND (MPH)
  HIGHEST WIND SPEED    14   HIGHEST WIND DIRECTION     N (10)
  HIGHEST GUST SPEED    17   HIGHEST GUST DIRECTION    NW (330)



WEATHER CONDITIONS
 THE FOLLOWING WEATHER WAS RECORDED TODAY.
  NO SIGNIFICANT WEATHER WAS OBSERVED.


RELATIVE HUMIDITY (PERCENT)
 HIGHEST    88           400 AM
 LOWEST     27           300 PM
 AVERAGE    58

..........................................................


THE TONOPAH AIRPORT NV CLIMATE NORMALS FOR TOMORROW
                         NORMAL    RECORD    YEAR
 MAXIMUM TEMPERATURE (F)   45        67      1971
 MINIMUM TEMPERATURE (F)   20         5      1955


SUNRISE AND SUNSET
JANUARY 17 2017.......SUNRISE   702 AM PST   SUNSET   455 PM PST
JANUARY 18 2017.......SUNRISE   702 AM PST   SUNSET   456 PM PST


-  INDICATES NEGATIVE NUMBERS.
R  INDICATES RECORD WAS SET OR TIED.
MM INDICATES DATA IS MISSING.
T  INDICATES TRACE AMOUNT.




$$
