000
CDUS44 KMRX 162127
CLITRI

CLIMATE REPORT
NATIONAL WEATHER SERVICE MORRISTOWN TN
524 PM EDT WED APR 16 2014


...................................

...THE TRI-CITIES CLIMATE SUMMARY FOR APRIL 16 2014...
VALID TODAY AS OF 0500 PM LOCAL TIME.

CLIMATE NORMAL PERIOD 1981 TO 2010
CLIMATE RECORD PERIOD 1934 TO 2014


WEATHER ITEM   OBSERVED TIME   RECORD YEAR NORMAL DEPARTURE LAST
                VALUE   (LST)  VALUE       VALUE  FROM      YEAR
                                                  NORMAL
..................................................................
TEMPERATURE (F)
 TODAY
  MAXIMUM         61    414 PM  87    2002  68     -7       81
  MINIMUM         25R   509 AM  27    2008  43    -18       49
                                      1950
  AVERAGE         43                        55    -12       65

PRECIPITATION (IN)
  TODAY            0.00          1.56 1998   0.11  -0.11     0.00
  MONTH TO DATE    1.63                      1.75  -0.12     2.06
  SINCE MAR 1      3.90                      5.19  -1.29     6.68
  SINCE JAN 1      8.96                     12.01  -3.05    18.53

SNOWFALL (IN)
  TODAY            0.0                       0.1   -0.1      0.0
  MONTH TO DATE    T                         0.8   -0.8      0.0
  SINCE MAR 1      0.7                       2.2   -1.5      1.5
  SINCE JUL 1     13.0                      13.0    0.0      9.2
  SNOW DEPTH       0

DEGREE DAYS
 HEATING
  TODAY           22                        10     12        0
  MONTH TO DATE  137                       192    -55      162
  SINCE MAR 1    753                       760     -7      908
  SINCE JUL 1   4248                      4142    106     4077

 COOLING
  TODAY            0                         0      0        0
  MONTH TO DATE    6                         0      6        5
  SINCE MAR 1      6                         1      5        5
  SINCE JAN 1      6                         1      5        5
..................................................................


WIND (MPH)
  HIGHEST WIND SPEED    12   HIGHEST WIND DIRECTION     E (100)
  HIGHEST GUST SPEED    19   HIGHEST GUST DIRECTION     E (110)
  AVERAGE WIND SPEED     4.9


SKY COVER
  POSSIBLE SUNSHINE  MM
  AVERAGE SKY COVER  MM


WEATHER CONDITIONS
 THE FOLLOWING WEATHER WAS RECORDED TODAY.
  NO SIGNIFICANT WEATHER WAS OBSERVED.


RELATIVE HUMIDITY (PERCENT)
 HIGHEST    75           700 AM
 LOWEST     22           400 PM
 AVERAGE    49

..........................................................


THE TRI-CITIES CLIMATE NORMALS FOR TOMORROW
                         NORMAL    RECORD    YEAR
 MAXIMUM TEMPERATURE (F)   69        85      2002
 MINIMUM TEMPERATURE (F)   43        24      1949


SUNRISE AND SUNSET
APRIL 16 2014.........SUNRISE   655 AM EDT   SUNSET   805 PM EDT
APRIL 17 2014.........SUNRISE   653 AM EDT   SUNSET   806 PM EDT


-  INDICATES NEGATIVE NUMBERS.
R  INDICATES RECORD WAS SET OR TIED.
MM INDICATES DATA IS MISSING.
T  INDICATES TRACE AMOUNT.




$$
