000
CDUS44 KMRX 290939 RRB
CLITRI

CLIMATE REPORT
NATIONAL WEATHER SERVICE MORRISTOWN TN
538 AM EDT FRI MAY 29 2015


...................................

...THE TRI-CITIES CLIMATE SUMMARY FOR MAY 28 2015...

CLIMATE NORMAL PERIOD 1981 TO 2010
CLIMATE RECORD PERIOD 1934 TO 2015


WEATHER ITEM   OBSERVED TIME   RECORD YEAR NORMAL DEPARTURE LAST
                VALUE   (LST)  VALUE       VALUE  FROM      YEAR
                                                  NORMAL
..................................................................
TEMPERATURE (F)
 YESTERDAY
  MAXIMUM         89    336 PM  92    1941  79     10       87
  MINIMUM         62    538 AM  37    1961  55      7       59
  AVERAGE         76                        67      9       73

PRECIPITATION (IN)
  YESTERDAY        T             1.33 1990   0.12  -0.12     0.00
  MONTH TO DATE    0.69                      3.41  -2.72     1.89
  SINCE MAR 1      9.57                     10.18  -0.61     6.63
  SINCE JAN 1     14.90                     17.00  -2.10    11.69

SNOWFALL (IN)
  YESTERDAY        0.0                       0.0    0.0      0.0
  MONTH TO DATE    0.0                       0.0    0.0      0.0
  SINCE MAR 1      T                         2.5   -2.5      0.7
  SINCE JUL 1     15.5                      13.3    2.2     13.0
  SNOW DEPTH       0

DEGREE DAYS
 HEATING
  YESTERDAY        0                         2     -2        0
  MONTH TO DATE   41                       105    -64       80
  SINCE MAR 1    749                       977   -228      915
  SINCE JUL 1   4376                      4359     17     4410

 COOLING
  YESTERDAY       11                         3      8        8
  MONTH TO DATE  129                        52     77       85
  SINCE MAR 1    139                        63     76      106
  SINCE JAN 1    139                        63     76      106
..................................................................


WIND (MPH)
  HIGHEST WIND SPEED    18   HIGHEST WIND DIRECTION     S (160)
  HIGHEST GUST SPEED    24   HIGHEST GUST DIRECTION     S (160)
  AVERAGE WIND SPEED     2.1


SKY COVER
  POSSIBLE SUNSHINE  MM
  AVERAGE SKY COVER 0.7


WEATHER CONDITIONS
 THE FOLLOWING WEATHER WAS RECORDED YESTERDAY.
  THUNDERSTORM
  LIGHT RAIN


RELATIVE HUMIDITY (PERCENT)
 HIGHEST    93           300 AM
 LOWEST     37           200 PM
 AVERAGE    65

..........................................................


THE TRI-CITIES      ASOS CLIMATE NORMALS FOR TODAY
                         NORMAL    RECORD    YEAR
 MAXIMUM TEMPERATURE (F)   79        92      1941
 MINIMUM TEMPERATURE (F)   55        44      2005
                                             1949


SUNRISE AND SUNSET
MAY 29 2015...........SUNRISE   614 AM EDT   SUNSET   840 PM EDT
MAY 30 2015...........SUNRISE   614 AM EDT   SUNSET   841 PM EDT


-  INDICATES NEGATIVE NUMBERS.
R  INDICATES RECORD WAS SET OR TIED.
MM INDICATES DATA IS MISSING.
T  INDICATES TRACE AMOUNT.




$$
