000
CDUS44 KMRX 232122 RRA
CLITRI

CLIMATE REPORT
NATIONAL WEATHER SERVICE MORRISTOWN TN
523 PM EDT TUE SEP 23 2014


...................................

...THE TRI-CITIES CLIMATE SUMMARY FOR SEPTEMBER 23 2014...
VALID TODAY AS OF 0500 PM LOCAL TIME.

CLIMATE NORMAL PERIOD 1981 TO 2010
CLIMATE RECORD PERIOD 1934 TO 2014


WEATHER ITEM   OBSERVED TIME   RECORD YEAR NORMAL DEPARTURE LAST
                VALUE   (LST)  VALUE       VALUE  FROM      YEAR
                                                  NORMAL
..................................................................
TEMPERATURE (F)
 TODAY
  MAXIMUM         76    303 PM  94    1955  77     -1       77
  MINIMUM         43    645 AM  35    1999  52     -9       46
  AVERAGE         60                        64     -4       62

PRECIPITATION (IN)
  TODAY            0.00          0.81 1975   0.10  -0.10     0.00
  MONTH TO DATE    1.39                      2.37  -0.98     1.65
  SINCE SEP 1      1.39                      2.37  -0.98     1.65
  SINCE JAN 1     26.43                     31.82  -5.39    46.52

SNOWFALL (IN)
  TODAY            0.0                       0.0    0.0      0.0
  MONTH TO DATE    0.0                       0.0    0.0      0.0
  SINCE SEP 1      0.0                       0.0    0.0      0.0
  SINCE JUL 1      0.0                       0.0    0.0      0.0
  SNOW DEPTH       0

DEGREE DAYS
 HEATING
  TODAY            5                         3      2        3
  MONTH TO DATE   10                        23    -13       13
  SINCE SEP 1     10                        23    -13       13
  SINCE JUL 1     10                        24    -14       13

 COOLING
  TODAY            0                         2     -2        0
  MONTH TO DATE  159                       104     55      119
  SINCE SEP 1    159                       104     55      119
  SINCE JAN 1   1116                       956    160      977
..................................................................


WIND (MPH)
  HIGHEST WIND SPEED     9   HIGHEST WIND DIRECTION     S (180)
  HIGHEST GUST SPEED    12   HIGHEST GUST DIRECTION    SE (120)
  AVERAGE WIND SPEED     3.0


SKY COVER
  POSSIBLE SUNSHINE  MM
  AVERAGE SKY COVER  MM


WEATHER CONDITIONS
 THE FOLLOWING WEATHER WAS RECORDED TODAY.
  FOG


RELATIVE HUMIDITY (PERCENT)
 HIGHEST    92           500 AM
 LOWEST     36           300 PM
 AVERAGE    64

..........................................................


THE TRI-CITIES CLIMATE NORMALS FOR TOMORROW
                         NORMAL    RECORD    YEAR
 MAXIMUM TEMPERATURE (F)   76        92      2007
 MINIMUM TEMPERATURE (F)   52        34      1983


SUNRISE AND SUNSET
SEPTEMBER 23 2014.....SUNRISE   718 AM EDT   SUNSET   725 PM EDT
SEPTEMBER 24 2014.....SUNRISE   719 AM EDT   SUNSET   723 PM EDT


-  INDICATES NEGATIVE NUMBERS.
R  INDICATES RECORD WAS SET OR TIED.
MM INDICATES DATA IS MISSING.
T  INDICATES TRACE AMOUNT.




$$
