000
CDUS44 KMRX 290957
CLITRI

CLIMATE REPORT
NATIONAL WEATHER SERVICE MORRISTOWN TN
457 AM EST MON DEC 29 2014


...................................

...THE TRI-CITIES CLIMATE SUMMARY FOR DECEMBER 28 2014...

CLIMATE NORMAL PERIOD 1981 TO 2010
CLIMATE RECORD PERIOD 1934 TO 2014


WEATHER ITEM   OBSERVED TIME   RECORD YEAR NORMAL DEPARTURE LAST
                VALUE   (LST)  VALUE       VALUE  FROM      YEAR
                                                  NORMAL
..................................................................
TEMPERATURE (F)
 YESTERDAY
  MAXIMUM         49    712 PM  69    1984  46      3       44
  MINIMUM         45    114 AM   8    2010  26     19       20
  AVERAGE         47                        36     11       32

PRECIPITATION (IN)
  YESTERDAY        0.20          1.13 1958   0.10   0.10     0.48
  MONTH TO DATE    2.55                      3.06  -0.51     5.59
  SINCE DEC 1      2.55                      3.06  -0.51     5.59
  SINCE JAN 1     37.65                     40.70  -3.05    56.93

SNOWFALL (IN)
  YESTERDAY        0.0                       0.1   -0.1      0.0
  MONTH TO DATE    0.0                       2.1   -2.1       T
  SINCE DEC 1      0.0                       2.1   -2.1       T
  SINCE JUL 1      1.2                       2.4   -1.2      1.4
  SNOW DEPTH       0

DEGREE DAYS
 HEATING
  YESTERDAY       18                        29    -11       33
  MONTH TO DATE  640                       755   -115      659
  SINCE DEC 1    640                       755   -115      659
  SINCE JUL 1   1623                      1641    -18     1550

 COOLING
  YESTERDAY        0                         0      0        0
  MONTH TO DATE    0                         0      0        0
  SINCE DEC 1      0                         0      0        0
  SINCE JAN 1   1141                       981    160     1003
..................................................................


WIND (MPH)
  HIGHEST WIND SPEED     7   HIGHEST WIND DIRECTION    NW (330)
  HIGHEST GUST SPEED     8   HIGHEST GUST DIRECTION    NW (320)
  AVERAGE WIND SPEED     0.7


SKY COVER
  POSSIBLE SUNSHINE  MM
  AVERAGE SKY COVER  MM


WEATHER CONDITIONS
 THE FOLLOWING WEATHER WAS RECORDED YESTERDAY.
  RAIN
  LIGHT RAIN
  FOG
  FOG W/VISIBILITY <= 1/4 MILE


RELATIVE HUMIDITY (PERCENT)
 HIGHEST   100           200 PM
 LOWEST     76          1200 AM
 AVERAGE    88

..........................................................


THE TRI-CITIES CLIMATE NORMALS FOR TODAY
                         NORMAL    RECORD    YEAR
 MAXIMUM TEMPERATURE (F)   46        70      1954
 MINIMUM TEMPERATURE (F)   26         9      1977


SUNRISE AND SUNSET
DECEMBER 29 2014......SUNRISE   741 AM EST   SUNSET   523 PM EST
DECEMBER 30 2014......SUNRISE   741 AM EST   SUNSET   523 PM EST


-  INDICATES NEGATIVE NUMBERS.
R  INDICATES RECORD WAS SET OR TIED.
MM INDICATES DATA IS MISSING.
T  INDICATES TRACE AMOUNT.




$$
