000
CDUS44 KMRX 272110
CLITRI

CLIMATE REPORT
NATIONAL WEATHER SERVICE MORRISTOWN TN
508 PM EDT SUN JUL 27 2014


...................................

...THE TRI-CITIES CLIMATE SUMMARY FOR JULY 27 2014...
VALID TODAY AS OF 0500 PM LOCAL TIME.

CLIMATE NORMAL PERIOD 1981 TO 2010
CLIMATE RECORD PERIOD 1934 TO 2014


WEATHER ITEM   OBSERVED TIME   RECORD YEAR NORMAL DEPARTURE LAST
                VALUE   (LST)  VALUE       VALUE  FROM      YEAR
                                                  NORMAL
..................................................................
TEMPERATURE (F)
 TODAY
  MAXIMUM         84    219 PM  99    1952  85     -1       81
  MINIMUM         69    617 AM  51    1962  64      5       67
  AVERAGE         77                        75      2       74

PRECIPITATION (IN)
  TODAY            0.15          1.47 1985   0.15   0.00     0.07
  MONTH TO DATE    3.70                      4.09  -0.39     6.51
  SINCE JUN 1      7.28                      7.99  -0.71    14.88
  SINCE JAN 1     19.28                     25.38  -6.10    39.57

SNOWFALL (IN)
  TODAY            0.0                       0.0    0.0      0.0
  MONTH TO DATE    0.0                       0.0    0.0      0.0
  SINCE JUN 1      0.0                       0.0    0.0      0.0
  SINCE JUL 1      0.0                       0.0    0.0      0.0
  SNOW DEPTH       0

DEGREE DAYS
 HEATING
  TODAY            0                         0      0        0
  MONTH TO DATE    0                         0      0        0
  SINCE JUN 1      0                        11    -11        0
  SINCE JUL 1      0                         0      0        0

 COOLING
  TODAY           12                        10      2        9
  MONTH TO DATE  249                       267    -18      278
  SINCE JUN 1    545                       473     72      501
  SINCE JAN 1    679                       546    133      573
..................................................................


WIND (MPH)
  HIGHEST WIND SPEED    14   HIGHEST WIND DIRECTION    SW (240)
  HIGHEST GUST SPEED    19   HIGHEST GUST DIRECTION     W (250)
  AVERAGE WIND SPEED     2.4


SKY COVER
  POSSIBLE SUNSHINE  MM
  AVERAGE SKY COVER  MM


WEATHER CONDITIONS
 THE FOLLOWING WEATHER WAS RECORDED TODAY.
  THUNDERSTORM
  LIGHT RAIN
  FOG
  HAZE


RELATIVE HUMIDITY (PERCENT)
 HIGHEST    90          1200 AM
 LOWEST     65           200 PM
 AVERAGE    78

..........................................................


THE TRI-CITIES CLIMATE NORMALS FOR TOMORROW
                         NORMAL    RECORD    YEAR
 MAXIMUM TEMPERATURE (F)   85       102      1952
 MINIMUM TEMPERATURE (F)   64        53      1962


SUNRISE AND SUNSET
JULY 27 2014..........SUNRISE   632 AM EDT   SUNSET   840 PM EDT
JULY 28 2014..........SUNRISE   633 AM EDT   SUNSET   839 PM EDT


-  INDICATES NEGATIVE NUMBERS.
R  INDICATES RECORD WAS SET OR TIED.
MM INDICATES DATA IS MISSING.
T  INDICATES TRACE AMOUNT.




$$
