000
CDUS46 KSGX 281423
CLITRM


CLIMATE REPORT
NATIONAL WEATHER SERVICE SAN DIEGO, CA
722 AM PDT WED SEP 28 2016


...................................

...THE THERMAL AIRPORT CA CLIMATE SUMMARY FOR SEPTEMBER 27 2016...

CLIMATE NORMAL PERIOD 1981 TO 2010
CLIMATE RECORD PERIOD 1950 TO 2016


WEATHER ITEM   OBSERVED TIME   RECORD YEAR NORMAL DEPARTURE LAST
                VALUE   (LST)  VALUE       VALUE  FROM      YEAR
                                                  NORMAL
..................................................................
TEMPERATURE (F)
 YESTERDAY
  MAXIMUM         91    211 PM 111    2009  98     -7      105
  MINIMUM         67    609 AM  55    1995  62      5       70
  AVERAGE         79                        80     -1       88

PRECIPITATION (IN)
  YESTERDAY        0.00          0.01 1991   0.01  -0.01     0.00
  MONTH TO DATE    0.29                      0.22   0.07     0.03
  SINCE OCT 1      2.27                      3.18  -0.91     1.75
  SINCE JAN 1      1.84                      2.37  -0.53     1.60

DEGREE DAYS
 HEATING
  YESTERDAY        0                         0      0        0
  MONTH TO DATE    0                         0      0        0
  SINCE SEP 1      0                         0      0        0
  SINCE JUL 1      0                         0      0        0

 COOLING
  YESTERDAY       14                        15     -1       23
  MONTH TO DATE  499                       524    -25      598
  SINCE SEP 1    499                       524    -25      598
  SINCE JAN 1   3836                      3357    479     3720
..................................................................


WIND (MPH)
  RESULTANT WIND SPEED   1   RESULTANT WIND DIRECTION   N (360)
  HIGHEST WIND SPEED     8   HIGHEST WIND DIRECTION    SE (140)
  HIGHEST GUST SPEED    10   HIGHEST GUST DIRECTION    SE (120)
  AVERAGE WIND SPEED     3.6


SKY COVER
  POSSIBLE SUNSHINE  MM
  AVERAGE SKY COVER 0.0


WEATHER CONDITIONS
 THE FOLLOWING WEATHER WAS RECORDED YESTERDAY.
  NO SIGNIFICANT WEATHER WAS OBSERVED.


RELATIVE HUMIDITY (PERCENT)
 HIGHEST    63           600 AM
 LOWEST     24          1200 PM
 AVERAGE    44

..........................................................


THE THERMAL AIRPORT CA CLIMATE NORMALS FOR TODAY
                         NORMAL    RECORD    YEAR
 MAXIMUM TEMPERATURE (F)   97       110      1963
 MINIMUM TEMPERATURE (F)   62        52      2013


SUNRISE AND SUNSET
SEPTEMBER 28 2016.....SUNRISE   637 AM PDT   SUNSET   632 PM PDT
SEPTEMBER 29 2016.....SUNRISE   638 AM PDT   SUNSET   631 PM PDT


-  INDICATES NEGATIVE NUMBERS.
R  INDICATES RECORD WAS SET OR TIED.
MM INDICATES DATA IS MISSING.
T  INDICATES TRACE AMOUNT.




$$
