000
CDUS46 KSGX 241136
CLITRM


CLIMATE REPORT
NATIONAL WEATHER SERVICE SAN DIEGO, CA
436 AM PDT MON APR 24 2017


...................................

...THE THERMAL AIRPORT CA CLIMATE SUMMARY FOR APRIL 23 2017...

CLIMATE NORMAL PERIOD 1981 TO 2010
CLIMATE RECORD PERIOD 1950 TO 2017


WEATHER ITEM   OBSERVED TIME   RECORD YEAR NORMAL DEPARTURE LAST
                VALUE   (LST)  VALUE       VALUE  FROM      YEAR
                                                  NORMAL
..................................................................
TEMPERATURE (F)
 YESTERDAY
  MAXIMUM        100R   236 PM 100    1987  89     11       91
  MINIMUM         54    426 AM  43    2010  55     -1       66
  AVERAGE         77                        72      5       79

PRECIPITATION (IN)
  YESTERDAY        0.00          0.02 1999   0.00   0.00     0.00
  MONTH TO DATE    T                         0.05  -0.05     0.35
  SINCE OCT 1      3.69                      2.57   1.12     1.98
  SINCE JAN 1      2.01                      1.76   0.25     1.55

DEGREE DAYS
 HEATING
  YESTERDAY        0                         0      0        0
  MONTH TO DATE    0                        19    -19        0
  SINCE MAR 1     34                       111    -77       22
  SINCE JUL 1    899                      1176   -277     1047

 COOLING
  YESTERDAY       12                         8      4       14
  MONTH TO DATE  208                       123     85      198
  SINCE MAR 1    398                       185    213      326
  SINCE JAN 1    430                       197    233      391
..................................................................


WIND (MPH)
  RESULTANT WIND SPEED   7   RESULTANT WIND DIRECTION  NW (300)
  HIGHEST WIND SPEED    29   HIGHEST WIND DIRECTION     N (340)
  HIGHEST GUST SPEED    39   HIGHEST GUST DIRECTION     N (350)
  AVERAGE WIND SPEED    11.5


SKY COVER
  POSSIBLE SUNSHINE  MM
  AVERAGE SKY COVER 0.0


WEATHER CONDITIONS
 THE FOLLOWING WEATHER WAS RECORDED YESTERDAY.
  HAZE


RELATIVE HUMIDITY (PERCENT)
 HIGHEST    57           500 AM
 LOWEST      3           300 PM
 AVERAGE    30

..........................................................


THE THERMAL AIRPORT CA CLIMATE NORMALS FOR TODAY
                         NORMAL    RECORD    YEAR
 MAXIMUM TEMPERATURE (F)   89       102      1996
 MINIMUM TEMPERATURE (F)   56        45      1968


SUNRISE AND SUNSET
APRIL 24 2017.........SUNRISE   603 AM PDT   SUNSET   723 PM PDT
APRIL 25 2017.........SUNRISE   602 AM PDT   SUNSET   723 PM PDT


-  INDICATES NEGATIVE NUMBERS.
R  INDICATES RECORD WAS SET OR TIED.
MM INDICATES DATA IS MISSING.
T  INDICATES TRACE AMOUNT.




$$
