000
CDUS46 KSGX 231519
CLITRM


CLIMATE REPORT
NATIONAL WEATHER SERVICE SAN DIEGO, CA
719 AM PST THU FEB 23 2017


...................................

...THE THERMAL AIRPORT CA CLIMATE SUMMARY FOR FEBRUARY 22 2017...

CLIMATE NORMAL PERIOD 1981 TO 2010
CLIMATE RECORD PERIOD 1950 TO 2017


WEATHER ITEM   OBSERVED TIME   RECORD YEAR NORMAL DEPARTURE LAST
                VALUE   (LST)  VALUE       VALUE  FROM      YEAR
                                                  NORMAL
..................................................................
TEMPERATURE (F)
 YESTERDAY
  MAXIMUM         77    144 PM  92    1954  76      1       89
  MINIMUM         48    707 AM  27    1955  43      5       44
  AVERAGE         63                        59      4       67

PRECIPITATION (IN)
  YESTERDAY        0.00          0.65 2004   0.03  -0.03     0.00
  MONTH TO DATE    0.37                      0.52  -0.15     0.00
  SINCE OCT 1      3.36                      2.00   1.36     1.63
  SINCE JAN 1      1.68                      1.19   0.49     1.20

DEGREE DAYS
 HEATING
  YESTERDAY        2                         6     -4        0
  MONTH TO DATE   65                       172   -107       89
  SINCE DEC 1    693                       865   -172      813
  SINCE JUL 1    811                      1032   -221     1012

 COOLING
  YESTERDAY        0                         1     -1        2
  MONTH TO DATE   32                         2     30       52
  SINCE DEC 1     34                         5     29       52
  SINCE JAN 1     32                         4     28       52
..................................................................


WIND (MPH)
  RESULTANT WIND SPEED   6   RESULTANT WIND DIRECTION  NW (320)
  HIGHEST WIND SPEED    28   HIGHEST WIND DIRECTION     W (280)
  HIGHEST GUST SPEED    36   HIGHEST GUST DIRECTION     W (290)
  AVERAGE WIND SPEED     9.0


SKY COVER
  POSSIBLE SUNSHINE  MM
  AVERAGE SKY COVER 0.0


WEATHER CONDITIONS
 THE FOLLOWING WEATHER WAS RECORDED YESTERDAY.
  NO SIGNIFICANT WEATHER WAS OBSERVED.


RELATIVE HUMIDITY (PERCENT)
 HIGHEST    86          1200 AM
 LOWEST     21           100 PM
 AVERAGE    54

..........................................................


THE THERMAL AIRPORT CA CLIMATE NORMALS FOR TODAY
                         NORMAL    RECORD    YEAR
 MAXIMUM TEMPERATURE (F)   76        93      1954
 MINIMUM TEMPERATURE (F)   43        30      1994


SUNRISE AND SUNSET
FEBRUARY 23 2017......SUNRISE   620 AM PST   SUNSET   537 PM PST
FEBRUARY 24 2017......SUNRISE   619 AM PST   SUNSET   537 PM PST


-  INDICATES NEGATIVE NUMBERS.
R  INDICATES RECORD WAS SET OR TIED.
MM INDICATES DATA IS MISSING.
T  INDICATES TRACE AMOUNT.




$$
