000
CDUS46 KPQR 041143
CLITTD


CLIMATE REPORT
NATIONAL WEATHER SERVICE PORTLAND OREGON
442 AM PDT FRI SEP 4 2015


...................................

...THE TROUTDALE OR CLIMATE SUMMARY FOR SEPTEMBER 3 2015...

CLIMATE NORMAL PERIOD 1981 TO 2010
CLIMATE RECORD PERIOD 1948 TO 2015


WEATHER ITEM   OBSERVED TIME   RECORD YEAR NORMAL DEPARTURE LAST
                VALUE   (LST)  VALUE       VALUE  FROM      YEAR
                                                  NORMAL
..................................................................
TEMPERATURE (F)
 YESTERDAY
  MAXIMUM         70   1245 PM  95    2003  79     -9       74
  MINIMUM         48    611 AM  41    1958  52     -4       52
  AVERAGE         59                        66     -7       63

PRECIPITATION (IN)
  YESTERDAY        T                         0.05  -0.05     0.00
  MONTH TO DATE    0.29                      0.13   0.16     0.00
  SINCE OCT 1     31.18                     45.25 -14.07    29.27
  SINCE JAN 1     16.22                     26.85 -10.63    21.68

DEGREE DAYS
 HEATING
  YESTERDAY        6                         2      4        2
  MONTH TO DATE    8                         6      2        2

 COOLING
  YESTERDAY        0                         2     -2        0
  MONTH TO DATE    3                         7     -4        6
..................................................................


WIND (MPH)
  HIGHEST WIND SPEED    10   HIGHEST WIND DIRECTION    NW (310)
  HIGHEST GUST SPEED    16   HIGHEST GUST DIRECTION    NW (330)
  AVERAGE WIND SPEED     2.1


SKY COVER
  POSSIBLE SUNSHINE  MM
  AVERAGE SKY COVER 0.4


WEATHER CONDITIONS
 THE FOLLOWING WEATHER WAS RECORDED YESTERDAY.
  FOG


RELATIVE HUMIDITY (PERCENT)
 HIGHEST    96           300 AM
 LOWEST     42           100 PM
 AVERAGE    69

..........................................................


THE TROUTDALE OR CLIMATE NORMALS FOR TODAY
                         NORMAL    RECORD    YEAR
 MAXIMUM TEMPERATURE (F)   79        96      1990
 MINIMUM TEMPERATURE (F)   51        36      1989


SUNRISE AND SUNSET
SEPTEMBER  4 2015.....SUNRISE   634 AM PDT   SUNSET   742 PM PDT
SEPTEMBER  5 2015.....SUNRISE   636 AM PDT   SUNSET   740 PM PDT


-  INDICATES NEGATIVE NUMBERS.
R  INDICATES RECORD WAS SET OR TIED.
MM INDICATES DATA IS MISSING.
T  INDICATES TRACE AMOUNT.




$$
