000
CDUS46 KPQR 200230
CLITTD


CLIMATE REPORT
NATIONAL WEATHER SERVICE PORTLAND OREGON
630 PM PST MON FEB 19 2018


...................................

...THE TROUTDALE OR CLIMATE SUMMARY FOR FEBRUARY 19 2018...
VALID TODAY AS OF 0600 PM LOCAL TIME.

CLIMATE NORMAL PERIOD 1981 TO 2010
CLIMATE RECORD PERIOD 1948 TO 2018


WEATHER ITEM   OBSERVED TIME   RECORD YEAR NORMAL DEPARTURE LAST
                VALUE   (LST)  VALUE       VALUE  FROM      YEAR
                                                  NORMAL
..................................................................
TEMPERATURE (F)
 TODAY
  MAXIMUM         41    330 PM  64    1977  50     -9       53
  MINIMUM         32    917 AM  24    2006  36     -4       40
  AVERAGE         37                        43     -6       47

PRECIPITATION (IN)
  TODAY            0.00                      0.17  -0.17     0.24
  MONTH TO DATE    1.27                      3.48  -2.21     6.36
  SINCE OCT 1     20.60                     28.06  -7.46    29.82
  SINCE JAN 1      6.26                      9.66  -3.40     8.73

DEGREE DAYS
 HEATING
  TODAY           28                        22      6       18
  MONTH TO DATE  353                       434    -81      442

 COOLING
  TODAY            0                         0      0        0
  MONTH TO DATE    0                         0      0        0
..................................................................


WIND (MPH)
  HIGHEST WIND SPEED    14   HIGHEST WIND DIRECTION     E (100)
  HIGHEST GUST SPEED    16   HIGHEST GUST DIRECTION     E (100)
  AVERAGE WIND SPEED     7.3


SKY COVER
  POSSIBLE SUNSHINE  MM
  AVERAGE SKY COVER 0.8


WEATHER CONDITIONS
 THE FOLLOWING WEATHER WAS RECORDED TODAY.
  NO SIGNIFICANT WEATHER WAS OBSERVED.


RELATIVE HUMIDITY (PERCENT)
 HIGHEST    82          1200 AM
 LOWEST     50           200 PM
 AVERAGE    66

..........................................................


THE TROUTDALE OR CLIMATE NORMALS FOR TOMORROW
                         NORMAL    RECORD    YEAR
 MAXIMUM TEMPERATURE (F)   51        64      1995
 MINIMUM TEMPERATURE (F)   36        18      2006


SUNRISE AND SUNSET
FEBRUARY 19 2018......SUNRISE   705 AM PST   SUNSET   543 PM PST
FEBRUARY 20 2018......SUNRISE   703 AM PST   SUNSET   544 PM PST


-  INDICATES NEGATIVE NUMBERS.
R  INDICATES RECORD WAS SET OR TIED.
MM INDICATES DATA IS MISSING.
T  INDICATES TRACE AMOUNT.




$$
