000
CDUS46 KPQR 231141
CLITTD


CLIMATE REPORT
NATIONAL WEATHER SERVICE PORTLAND OREGON
440 AM PDT THU MAR 23 2017


...................................

...THE TROUTDALE OR CLIMATE SUMMARY FOR MARCH 22 2017...

CLIMATE NORMAL PERIOD 1981 TO 2010
CLIMATE RECORD PERIOD 1948 TO 2017


WEATHER ITEM   OBSERVED TIME   RECORD YEAR NORMAL DEPARTURE LAST
                VALUE   (LST)  VALUE       VALUE  FROM      YEAR
                                                  NORMAL
..................................................................
TEMPERATURE (F)
 YESTERDAY
  MAXIMUM         56    336 PM  73    1998  58     -2       56
  MINIMUM         42   1127 PM  30    1982  39      3       46
  AVERAGE         49                        48      1       51

PRECIPITATION (IN)
  YESTERDAY        0.03                      0.15  -0.12     0.21
  MONTH TO DATE    5.05                      3.34   1.71     4.14
  SINCE OCT 1     36.52                     33.01   3.51    32.10
  SINCE JAN 1     15.43                     14.61   0.82    12.28

DEGREE DAYS
 HEATING
  YESTERDAY       16                        16      0       14
  MONTH TO DATE  370                       403    -33      327

 COOLING
  YESTERDAY        0                         0      0        0
  MONTH TO DATE    0                         0      0        0
..................................................................


WIND (MPH)
  HIGHEST WIND SPEED    20   HIGHEST WIND DIRECTION    SW (220)
  HIGHEST GUST SPEED    26   HIGHEST GUST DIRECTION    SW (220)
  AVERAGE WIND SPEED     8.8


SKY COVER
  POSSIBLE SUNSHINE  MM
  AVERAGE SKY COVER 0.8


WEATHER CONDITIONS
 THE FOLLOWING WEATHER WAS RECORDED YESTERDAY.
  LIGHT RAIN


RELATIVE HUMIDITY (PERCENT)
 HIGHEST    93           600 AM
 LOWEST     59           900 AM
 AVERAGE    76

..........................................................


THE TROUTDALE OR CLIMATE NORMALS FOR TODAY
                         NORMAL    RECORD    YEAR
 MAXIMUM TEMPERATURE (F)   58        74      1979
 MINIMUM TEMPERATURE (F)   39        30      2012
                                             1951


SUNRISE AND SUNSET
MARCH 23 2017.........SUNRISE   706 AM PDT   SUNSET   727 PM PDT
MARCH 24 2017.........SUNRISE   704 AM PDT   SUNSET   728 PM PDT


-  INDICATES NEGATIVE NUMBERS.
R  INDICATES RECORD WAS SET OR TIED.
MM INDICATES DATA IS MISSING.
T  INDICATES TRACE AMOUNT.




$$
