961
CDUS41 KPHI 222128
CLITTN


CLIMATE REPORT
NATIONAL WEATHER SERVICE MOUNT HOLLY NJ
527 PM EDT TUE AUG 22 2017


...................................

...THE TRENTON NJ CLIMATE SUMMARY FOR AUGUST 22 2017...
VALID TODAY AS OF 0500 PM LOCAL TIME.

CLIMATE NORMAL PERIOD 1981 TO 2010
CLIMATE RECORD PERIOD 1865 TO 2017


WEATHER ITEM   OBSERVED TIME   RECORD YEAR NORMAL DEPARTURE LAST
                VALUE   (LST)  VALUE       VALUE  FROM      YEAR
                                                  NORMAL
..................................................................
TEMPERATURE (F)
 TODAY
  MAXIMUM         91    354 PM  97    1916  83      8       81
  MINIMUM         73    448 AM  50    1982  64      9       59
  AVERAGE         82                        73      9       70

PRECIPITATION (IN)
  TODAY            0.00          3.29 2009   0.14  -0.14     0.00
  MONTH TO DATE    2.12                      3.06  -0.94     1.19
  SINCE JUN 1     12.44                     12.42   0.02    10.76
  SINCE JAN 1     30.20                     29.94   0.26    24.80

DEGREE DAYS
 HEATING
  TODAY            0                         0      0        0
  MONTH TO DATE    0                         0      0        0
  SINCE JUN 1     25                        24      1        8
  SINCE JUL 1      0                         0      0        0

 COOLING
  TODAY           17                         8      9        5
  MONTH TO DATE  214                       211      3      302
  SINCE JUN 1    804                       731     73      950
  SINCE JAN 1    887                       788     99     1042
..................................................................


WIND (MPH)
  HIGHEST WIND SPEED    21   HIGHEST WIND DIRECTION    SW (210)
  HIGHEST GUST SPEED    30   HIGHEST GUST DIRECTION     S (200)
  AVERAGE WIND SPEED     7.6


SKY COVER
  POSSIBLE SUNSHINE  MM
  AVERAGE SKY COVER 0.5


WEATHER CONDITIONS
 THE FOLLOWING WEATHER WAS RECORDED TODAY.
  FOG
  HAZE


RELATIVE HUMIDITY (PERCENT)
 HIGHEST   100           500 AM
 LOWEST     52           300 PM
 AVERAGE    76

..........................................................


THE TRENTON NJ CLIMATE NORMALS FOR TOMORROW
                         NORMAL    RECORD    YEAR
 MAXIMUM TEMPERATURE (F)   83        95      1936
 MINIMUM TEMPERATURE (F)   63        48      1923


SUNRISE AND SUNSET
AUGUST 22 2017........SUNRISE   617 AM EDT   SUNSET   746 PM EDT
AUGUST 23 2017........SUNRISE   618 AM EDT   SUNSET   745 PM EDT


-  INDICATES NEGATIVE NUMBERS.
R  INDICATES RECORD WAS SET OR TIED.
MM INDICATES DATA IS MISSING.
T  INDICATES TRACE AMOUNT.




$$
