000
CDUS41 KPHI 170547
CLITTN


CLIMATE REPORT
NATIONAL WEATHER SERVICE MOUNT HOLLY NJ
146 AM EDT TUE OCT 17 2017


...................................

...THE TRENTON NJ CLIMATE SUMMARY FOR OCTOBER 16 2017...

CLIMATE NORMAL PERIOD 1981 TO 2010
CLIMATE RECORD PERIOD 1865 TO 2017


WEATHER ITEM   OBSERVED TIME   RECORD YEAR NORMAL DEPARTURE LAST
                VALUE   (LST)  VALUE       VALUE  FROM      YEAR
                                                  NORMAL
..................................................................
TEMPERATURE (F)
 YESTERDAY
  MAXIMUM         70   1240 AM  88    1897  65      5       70
  MINIMUM         45   1159 PM  32    2006  44      1       40
  AVERAGE         58                        54      4       55

PRECIPITATION (IN)
  YESTERDAY        0.03          1.65 1974   0.12  -0.09     0.00
  MONTH TO DATE    1.40                      2.24  -0.84     0.84
  SINCE SEP 1      3.26                      6.51  -3.25     3.22
  SINCE JAN 1     34.43                     37.49  -3.06    28.02

DEGREE DAYS
 HEATING
  YESTERDAY        7                        11     -4       10
  MONTH TO DATE   38                       136    -98      120
  SINCE SEP 1     71                       198   -127      148
  SINCE JUL 1     72                       201   -129      148

 COOLING
  YESTERDAY        0                         0      0        0
  MONTH TO DATE   60                         7     53        1
  SINCE SEP 1    225                       106    119      202
  SINCE JAN 1   1145                       962    183     1353
..................................................................


WIND (MPH)
  HIGHEST WIND SPEED    20   HIGHEST WIND DIRECTION    NW (330)
  HIGHEST GUST SPEED    26   HIGHEST GUST DIRECTION     N (350)
  AVERAGE WIND SPEED     9.9


SKY COVER
  POSSIBLE SUNSHINE  MM
  AVERAGE SKY COVER 0.1


WEATHER CONDITIONS
 THE FOLLOWING WEATHER WAS RECORDED YESTERDAY.
  LIGHT RAIN
  FOG


RELATIVE HUMIDITY (PERCENT)
 HIGHEST    72           700 AM
 LOWEST     47           400 PM
 AVERAGE    60

..........................................................


THE TRENTON NJ CLIMATE NORMALS FOR TODAY
                         NORMAL    RECORD    YEAR
 MAXIMUM TEMPERATURE (F)   65        87      1938
 MINIMUM TEMPERATURE (F)   43        32      1985


SUNRISE AND SUNSET
OCTOBER 17 2017.......SUNRISE   712 AM EDT   SUNSET   616 PM EDT
OCTOBER 18 2017.......SUNRISE   713 AM EDT   SUNSET   615 PM EDT


-  INDICATES NEGATIVE NUMBERS.
R  INDICATES RECORD WAS SET OR TIED.
MM INDICATES DATA IS MISSING.
T  INDICATES TRACE AMOUNT.




$$
