510
CDUS44 KTSA 240717
CLITUL

CLIMATE REPORT
NATIONAL WEATHER SERVICE TULSA OK
217 AM CDT SAT JUN 24 2017


...................................

...THE TULSA OKLAHOMA CLIMATE SUMMARY FOR JUNE 23 2017...

CLIMATE NORMAL PERIOD 1981 TO 2010
CLIMATE RECORD PERIOD 1882 TO 2017


WEATHER ITEM   OBSERVED TIME   RECORD YEAR NORMAL DEPARTURE LAST
                VALUE   (LST)  VALUE       VALUE  FROM      YEAR
                                                  NORMAL
..................................................................
TEMPERATURE (F)
 YESTERDAY
  MAXIMUM         89    356 PM 103    1934  90     -1       98
                                      1933
  MINIMUM         72   1043 PM  56    2004  70      2       79
  AVERAGE         81                        80      1       89

PRECIPITATION (IN)
  YESTERDAY        T             2.79 1995   0.14  -0.14     0.00
  MONTH TO DATE    1.62                      3.79  -2.17     0.65
  SINCE JUN 1      1.62                      3.79  -2.17     0.65
  SINCE JAN 1     25.55                     20.29   5.26    14.51

DEGREE DAYS
 COOLING
  YESTERDAY       16                        15      1       24
  MONTH TO DATE  303                       270     33      391
  SINCE JUN 1    303                       270     33      391
  SINCE JAN 1    590                       504     86      595
..................................................................


WIND (MPH)
  HIGHEST WIND SPEED    23   HIGHEST WIND DIRECTION     N (20)
  HIGHEST GUST SPEED    32   HIGHEST GUST DIRECTION     N (20)
  AVERAGE WIND SPEED     9.7


SKY COVER
  POSSIBLE SUNSHINE  MM
  AVERAGE SKY COVER 0.4


WEATHER CONDITIONS
 THE FOLLOWING WEATHER WAS RECORDED YESTERDAY.
  NO SIGNIFICANT WEATHER WAS OBSERVED.


RELATIVE HUMIDITY (PERCENT)
 HIGHEST    94           500 AM
 LOWEST     35           600 PM
 AVERAGE    65

..........................................................


THE TULSA OKLAHOMA CLIMATE NORMALS FOR TODAY
                         NORMAL    RECORD    YEAR
 MAXIMUM TEMPERATURE (F)   90       104      1933
                                             1922
                                             1918
 MINIMUM TEMPERATURE (F)   70        55      1974


SUNRISE AND SUNSET
JUNE 24 2017..........SUNRISE   607 AM CDT   SUNSET   845 PM CDT
JUNE 25 2017..........SUNRISE   608 AM CDT   SUNSET   845 PM CDT


-  INDICATES NEGATIVE NUMBERS.
R  INDICATES RECORD WAS SET OR TIED.
MM INDICATES DATA IS MISSING.
T  INDICATES TRACE AMOUNT.




$$

&&
...........................................................

THE TULSA PRECIPITATION NORMALS FOR TODAY
                       NORMAL    RECORD      YEAR
  TODAY                 0.13      5.30       1921
  MONTH TO DATE         3.92
  YEAR TO DATE         20.42
...........................................................
ALL DATA MEASURED AT THE TULSA INTERNATIONAL AIRPORT...
EXCEPT SNOWFALL...WHICH IS MEASURED AT THE NWS OFFICE.
