000
CDUS44 KTSA 210700
CLITUL

CLIMATE REPORT
NATIONAL WEATHER SERVICE TULSA OK
1247 AM CST SUN JAN 21 2018


...................................

...THE TULSA OKLAHOMA CLIMATE SUMMARY FOR JANUARY 20 2018...

CLIMATE NORMAL PERIOD 1981 TO 2010
CLIMATE RECORD PERIOD 1882 TO 2018


WEATHER ITEM   OBSERVED TIME   RECORD YEAR NORMAL DEPARTURE LAST
                VALUE   (LST)  VALUE       VALUE  FROM      YEAR
                                                  NORMAL
..................................................................
TEMPERATURE (F)
 YESTERDAY
  MAXIMUM         70    351 PM  77    1986  48     22       70
  MINIMUM         49   1255 AM  -3    1985  27     22       49
  AVERAGE         60                        38     22       60

PRECIPITATION (IN)
  YESTERDAY        0.00          1.63 1904   0.06  -0.06     0.00
  MONTH TO DATE    0.25                      1.05  -0.80     1.75
  SINCE DEC 1      1.68                      3.54  -1.86     2.19
  SINCE JAN 1      0.25                      1.05  -0.80     1.75

SNOWFALL (IN)
  YESTERDAY        0.0                                       0.0
  MONTH TO DATE    T                                         0.2
  SINCE DEC 1      2.0                                       0.7
  SINCE JUL 1      2.0                                       0.7

DEGREE DAYS
 HEATING
  YESTERDAY        5                        27    -22        5
  MONTH TO DATE  654                       555     99      493
  SINCE DEC 1   1373                      1347     26     1277
  SINCE JUL 1   1875                      1983   -108     1616
..................................................................


WIND (MPH)
  HIGHEST WIND SPEED    28   HIGHEST WIND DIRECTION     S (180)
  HIGHEST GUST SPEED    33   HIGHEST GUST DIRECTION     S (180)
  AVERAGE WIND SPEED    17.0


SKY COVER
  POSSIBLE SUNSHINE  MM
  AVERAGE SKY COVER 0.6


WEATHER CONDITIONS
 THE FOLLOWING WEATHER WAS RECORDED YESTERDAY.
  NO SIGNIFICANT WEATHER WAS OBSERVED.


RELATIVE HUMIDITY (PERCENT)
 HIGHEST    89           600 AM
 LOWEST     44           300 PM
 AVERAGE    67

..........................................................


THE TULSA OKLAHOMA CLIMATE NORMALS FOR TODAY
                         NORMAL    RECORD    YEAR
 MAXIMUM TEMPERATURE (F)   48        75      1957
 MINIMUM TEMPERATURE (F)   27        -1      1918


SUNRISE AND SUNSET
JANUARY 21 2018.......SUNRISE   732 AM CST   SUNSET   539 PM CST
JANUARY 22 2018.......SUNRISE   731 AM CST   SUNSET   540 PM CST


-  INDICATES NEGATIVE NUMBERS.
R  INDICATES RECORD WAS SET OR TIED.
MM INDICATES DATA IS MISSING.
T  INDICATES TRACE AMOUNT.




$$

&&
...........................................................

THE TULSA PRECIPITATION NORMALS FOR TODAY
                       NORMAL    RECORD      YEAR
  TODAY                 0.05      2.20       1916
  MONTH TO DATE         1.10
  YEAR TO DATE          1.10
...........................................................
ALL DATA MEASURED AT THE TULSA INTERNATIONAL AIRPORT...
EXCEPT SNOWFALL...WHICH IS MEASURED AT THE NWS OFFICE.
