000
CDUS44 KTSA 191517
CLITUL

CLIMATE REPORT
NATIONAL WEATHER SERVICE TULSA OK
912 AM CST FRI DEC 19 2014


...................................

...THE TULSA OKLAHOMA CLIMATE SUMMARY FOR DECEMBER 19 2014...
VALID AS OF 0900 AM LOCAL TIME.

CLIMATE NORMAL PERIOD 1981 TO 2010
CLIMATE RECORD PERIOD 1882 TO 2014


WEATHER ITEM   OBSERVED TIME   RECORD YEAR NORMAL DEPARTURE LAST
                VALUE   (LST)  VALUE       VALUE  FROM      YEAR
                                                  NORMAL
..................................................................
TEMPERATURE (F)
 TODAY
  MAXIMUM         40   1218 AM  70    2012  48     -8       63
                                      1967
  MINIMUM         37    759 AM  -1    1924  29      8       53
  AVERAGE         39                        38      1       58

PRECIPITATION (IN)
  TODAY            0.00          2.66 1898   0.08  -0.08     0.00
  MONTH TO DATE    1.79                      1.61   0.18     0.58
  SINCE DEC 1      1.79                      1.61   0.18     0.58
  SINCE JAN 1     29.42                     40.09 -10.67    31.89

SNOWFALL (IN)
  TODAY            0.0                                       0.0
  MONTH TO DATE    T                                         5.0
  SINCE DEC 1      T                                         5.0
  SINCE JUL 1      0.4                                       5.0

DEGREE DAYS
 HEATING
  TODAY           26                        27     -1        7
  MONTH TO DATE  382                       466    -84      545
  SINCE DEC 1    382                       466    -84      545
  SINCE JUL 1   1083                      1102    -19     1246
..................................................................


WIND (MPH)
  HIGHEST WIND SPEED    12   HIGHEST WIND DIRECTION     N (350)
  HIGHEST GUST SPEED    14   HIGHEST GUST DIRECTION     N (350)
  AVERAGE WIND SPEED     7.5


SKY COVER
  POSSIBLE SUNSHINE  MM
  AVERAGE SKY COVER 1.0


WEATHER CONDITIONS
 THE FOLLOWING WEATHER WAS RECORDED TODAY.
  FOG


RELATIVE HUMIDITY (PERCENT)
 HIGHEST   100           300 AM
 LOWEST     92          1200 AM
 AVERAGE    96

..........................................................


THE TULSA OKLAHOMA CLIMATE NORMALS FOR TOMORROW
                         NORMAL    RECORD    YEAR
 MAXIMUM TEMPERATURE (F)   48        75      1966
 MINIMUM TEMPERATURE (F)   29         3      1924


SUNRISE AND SUNSET
DECEMBER 19 2014......SUNRISE   730 AM CST   SUNSET   512 PM CST
DECEMBER 20 2014......SUNRISE   730 AM CST   SUNSET   512 PM CST


-  INDICATES NEGATIVE NUMBERS.
R  INDICATES RECORD WAS SET OR TIED.
MM INDICATES DATA IS MISSING.
T  INDICATES TRACE AMOUNT.




$$

&&
...........................................................

HOURLY TEMPERATURE DATA
 YESTERDAY
11AM NOON  1PM  2PM  3PM  4PM  5PM  6PM  7PM  8PM  9PM 10PM 11PM
  40   40   41   42   42   42   41   41   41   41   40   40   40

 TODAY
 MID  1AM  2AM  3AM  4AM  5AM  6AM  7AM  8AM  9AM
  40   39   39   38   38   37   37   37   37   37
...........................................................
ALL DATA MEASURED AT THE TULSA INTERNATIONAL AIRPORT...
EXCEPT SNOWFALL...WHICH IS MEASURED AT THE NWS OFFICE.
