000
CDUS44 KTSA 300648
CLITUL

CLIMATE REPORT
NATIONAL WEATHER SERVICE TULSA OK
147 AM CDT WED JUL 30 2014


...................................

...THE TULSA OKLAHOMA CLIMATE SUMMARY FOR JULY 29 2014...

CLIMATE NORMAL PERIOD 1981 TO 2010
CLIMATE RECORD PERIOD 1882 TO 2014


WEATHER ITEM   OBSERVED TIME   RECORD YEAR NORMAL DEPARTURE LAST
                VALUE   (LST)  VALUE       VALUE  FROM      YEAR
                                                  NORMAL
..................................................................
TEMPERATURE (F)
 YESTERDAY
  MAXIMUM         92    429 PM 110    1986  94     -2       90
  MINIMUM         64    605 AM  60    2005  73     -9       69
                                      1969
  AVERAGE         78                        84     -6       80

PRECIPITATION (IN)
  YESTERDAY        0.00          1.64 2000   0.09  -0.09     0.73
  MONTH TO DATE    2.48                      3.17  -0.69     4.43
  SINCE JUN 1      7.15                      7.89  -0.74     6.12
  SINCE JAN 1     15.60                     24.39  -8.79    20.00

DEGREE DAYS
 COOLING
  YESTERDAY       13                        19     -6       15
  MONTH TO DATE  403                       518   -115      476
  SINCE JUN 1    806                       897    -91      907
  SINCE JAN 1   1077                      1131    -54     1099
..................................................................


WIND (MPH)
  HIGHEST WIND SPEED    13   HIGHEST WIND DIRECTION    SE (120)
  HIGHEST GUST SPEED    16   HIGHEST GUST DIRECTION     N (360)
  AVERAGE WIND SPEED     4.2


SKY COVER
  POSSIBLE SUNSHINE  MM
  AVERAGE SKY COVER 0.4


WEATHER CONDITIONS
 THE FOLLOWING WEATHER WAS RECORDED YESTERDAY.
  NO SIGNIFICANT WEATHER WAS OBSERVED.


RELATIVE HUMIDITY (PERCENT)
 HIGHEST    87           200 AM
 LOWEST     34           200 PM
 AVERAGE    61

..........................................................


THE TULSA OKLAHOMA CLIMATE NORMALS FOR TODAY
                         NORMAL    RECORD    YEAR
 MAXIMUM TEMPERATURE (F)   94       110      1986
 MINIMUM TEMPERATURE (F)   73        55      1971


SUNRISE AND SUNSET
JULY 30 2014..........SUNRISE   629 AM CDT   SUNSET   831 PM CDT
JULY 31 2014..........SUNRISE   630 AM CDT   SUNSET   830 PM CDT


-  INDICATES NEGATIVE NUMBERS.
R  INDICATES RECORD WAS SET OR TIED.
MM INDICATES DATA IS MISSING.
T  INDICATES TRACE AMOUNT.




$$

&&
...........................................................

THE TULSA PRECIPITATION NORMALS FOR TODAY
                       NORMAL    RECORD      YEAR
  TODAY                 0.09      3.78       1981
  MONTH TO DATE         3.26
  YEAR TO DATE         24.48
...........................................................
ALL DATA MEASURED AT THE TULSA INTERNATIONAL AIRPORT...
EXCEPT SNOWFALL...WHICH IS MEASURED AT THE NWS OFFICE.
