000
CDUS44 KTSA 190650
CLITUL

CLIMATE REPORT
NATIONAL WEATHER SERVICE TULSA OK
1247 AM CST SUN FEB 19 2017


...................................

...THE TULSA OKLAHOMA CLIMATE SUMMARY FOR FEBRUARY 18 2017...

CLIMATE NORMAL PERIOD 1981 TO 2010
CLIMATE RECORD PERIOD 1882 TO 2017


WEATHER ITEM   OBSERVED TIME   RECORD YEAR NORMAL DEPARTURE LAST
                VALUE   (LST)  VALUE       VALUE  FROM      YEAR
                                                  NORMAL
..................................................................
TEMPERATURE (F)
 YESTERDAY
  MAXIMUM         65    431 PM  78    2016  54     11       78
                                      1930
  MINIMUM         48   1157 PM   2    1936  32     16       50
  AVERAGE         57                        43     14       64

PRECIPITATION (IN)
  YESTERDAY        0.00          1.35 1974   0.07  -0.07     0.00
  MONTH TO DATE    0.84                      1.09  -0.25     0.11
  SINCE DEC 1      4.70                      5.24  -0.54     9.32
  SINCE JAN 1      4.26                      2.75   1.51     0.72

SNOWFALL (IN)
  YESTERDAY        0.0                                       0.0
  MONTH TO DATE    0.0                                       0.0
  SINCE DEC 1      0.7                                       3.0
  SINCE JUL 1      0.7                                       3.0

DEGREE DAYS
 HEATING
  YESTERDAY        8                        22    -14        1
  MONTH TO DATE  295                       435   -140      342
  SINCE DEC 1   1784                      2072   -288     1729
  SINCE JUL 1   2123                      2708   -585     2204
..................................................................


WIND (MPH)
  HIGHEST WIND SPEED    12   HIGHEST WIND DIRECTION    SE (140)
  HIGHEST GUST SPEED    15   HIGHEST GUST DIRECTION    SE (140)
  AVERAGE WIND SPEED     5.9


SKY COVER
  POSSIBLE SUNSHINE  MM
  AVERAGE SKY COVER 0.8


WEATHER CONDITIONS
 THE FOLLOWING WEATHER WAS RECORDED YESTERDAY.
  NO SIGNIFICANT WEATHER WAS OBSERVED.


RELATIVE HUMIDITY (PERCENT)
 HIGHEST    89           900 PM
 LOWEST     63           500 PM
 AVERAGE    76

..........................................................


THE TULSA OKLAHOMA CLIMATE NORMALS FOR TODAY
                         NORMAL    RECORD    YEAR
 MAXIMUM TEMPERATURE (F)   54        78      2016
 MINIMUM TEMPERATURE (F)   32         9      1978


SUNRISE AND SUNSET
FEBRUARY 19 2017......SUNRISE   706 AM CST   SUNSET   609 PM CST
FEBRUARY 20 2017......SUNRISE   705 AM CST   SUNSET   610 PM CST


-  INDICATES NEGATIVE NUMBERS.
R  INDICATES RECORD WAS SET OR TIED.
MM INDICATES DATA IS MISSING.
T  INDICATES TRACE AMOUNT.




$$

&&
...........................................................

THE TULSA PRECIPITATION NORMALS FOR TODAY
                       NORMAL    RECORD      YEAR
  TODAY                 0.07      1.31       1955
  MONTH TO DATE         1.16
  YEAR TO DATE          2.82
...........................................................
ALL DATA MEASURED AT THE TULSA INTERNATIONAL AIRPORT...
EXCEPT SNOWFALL...WHICH IS MEASURED AT THE NWS OFFICE.
