000
CDUS44 KTSA 222130
CLITUL

CLIMATE REPORT
NATIONAL WEATHER SERVICE TULSA OK
430 PM CDT SUN OCT 22 2017


...................................

...THE TULSA OKLAHOMA CLIMATE SUMMARY FOR OCTOBER 22 2017...
VALID TODAY AS OF 0400 PM LOCAL TIME.

CLIMATE NORMAL PERIOD 1981 TO 2010
CLIMATE RECORD PERIOD 1882 TO 2017


WEATHER ITEM   OBSERVED TIME   RECORD YEAR NORMAL DEPARTURE LAST
                VALUE   (LST)  VALUE       VALUE  FROM      YEAR
                                                  NORMAL
..................................................................
TEMPERATURE (F)
 TODAY
  MAXIMUM         71    259 PM  88    1963  71      0       78
                                      1939
                                      1921
  MINIMUM         52    804 AM  31    1911  49      3       46
  AVERAGE         62                        60      2       62

PRECIPITATION (IN)
  TODAY            0.12          4.05 1920   0.14  -0.02     0.00
  MONTH TO DATE    7.16                      2.80   4.36     2.47
  SINCE SEP 1      8.96                      7.06   1.90     4.78
  SINCE JAN 1     43.96                     34.54   9.42    25.48

SNOWFALL (IN)
  TODAY            0.0                                       0.0
  MONTH TO DATE    0.0                                       0.0
  SINCE SEP 1      0.0                                       0.0
  SINCE JUL 1      0.0                                       0.0

DEGREE DAYS
 HEATING
  TODAY            3                         6     -3        3
  MONTH TO DATE   39                        93    -54       47
  SINCE SEP 1     39                       117    -78       49
  SINCE JUL 1     39                       117    -78       49

 COOLING
  TODAY            0                         1     -1        0
  MONTH TO DATE  110                        53     57      123
  SINCE SEP 1    419                       317    102      493
  SINCE JAN 1   2120                      2018    102     2433
..................................................................


WIND (MPH)
  HIGHEST WIND SPEED    18   HIGHEST WIND DIRECTION     N (340)
  HIGHEST GUST SPEED    23   HIGHEST GUST DIRECTION     N (350)
  AVERAGE WIND SPEED    11.2


SKY COVER
  POSSIBLE SUNSHINE  MM
  AVERAGE SKY COVER 0.6


WEATHER CONDITIONS
 THE FOLLOWING WEATHER WAS RECORDED TODAY.
  THUNDERSTORM
  RAIN
  LIGHT RAIN
  FOG


RELATIVE HUMIDITY (PERCENT)
 HIGHEST   100           400 AM
 LOWEST     27           300 PM
 AVERAGE    64

..........................................................


THE TULSA OKLAHOMA CLIMATE NORMALS FOR TOMORROW
                         NORMAL    RECORD    YEAR
 MAXIMUM TEMPERATURE (F)   71        92      1939
 MINIMUM TEMPERATURE (F)   49        26      1937


SUNRISE AND SUNSET
OCTOBER 22 2017.......SUNRISE   737 AM CDT   SUNSET   638 PM CDT
OCTOBER 23 2017.......SUNRISE   738 AM CDT   SUNSET   637 PM CDT


-  INDICATES NEGATIVE NUMBERS.
R  INDICATES RECORD WAS SET OR TIED.
MM INDICATES DATA IS MISSING.
T  INDICATES TRACE AMOUNT.




$$

&&
...........................................................

TULSA RECORD LOW MAX AND HIGH MIN TEMPERATURES FOR TOMORROW
                      RECORD        YEAR
  LOW MAXIMUM           41          1908
  HIGH MINIMUM          70          1991
...........................................................
ALL DATA MEASURED AT THE TULSA INTERNATIONAL AIRPORT...
EXCEPT SNOWFALL...WHICH IS MEASURED AT THE NWS OFFICE.
