000
CDUS44 KTSA 250647
CLITUL

CLIMATE REPORT
NATIONAL WEATHER SERVICE TULSA OK
147 AM CDT SAT OCT 25 2014


...................................

...THE TULSA OKLAHOMA CLIMATE SUMMARY FOR OCTOBER 24 2014...

CLIMATE NORMAL PERIOD 1981 TO 2010
CLIMATE RECORD PERIOD 1882 TO 2014


WEATHER ITEM   OBSERVED TIME   RECORD YEAR NORMAL DEPARTURE LAST
                VALUE   (LST)  VALUE       VALUE  FROM      YEAR
                                                  NORMAL
..................................................................
TEMPERATURE (F)
 YESTERDAY
  MAXIMUM         81    422 PM  89    2003  71     10       58
  MINIMUM         58    114 AM  24    1917  48     10       41
  AVERAGE         70                        59     11       50

PRECIPITATION (IN)
  YESTERDAY        0.00          0.77 2002   0.13  -0.13     0.00
  MONTH TO DATE    4.72                      3.06   1.66     2.38
  SINCE SEP 1      6.91                      7.32  -0.41     4.88
  SINCE JAN 1     25.43                     34.80  -9.37    28.26

SNOWFALL (IN)
  YESTERDAY        0.0                                       0.0
  MONTH TO DATE    0.0                                       0.0
  SINCE SEP 1      0.0                                       0.0
  SINCE JUL 1      0.0                                       0.0

DEGREE DAYS
 HEATING
  YESTERDAY        0                         7     -7       15
  MONTH TO DATE   62                       107    -45      137
  SINCE SEP 1     74                       131    -57      138
  SINCE JUL 1     75                       131    -56      138

 COOLING
  YESTERDAY        5                         1      4        0
  MONTH TO DATE   86                        55     31       66
  SINCE SEP 1    367                       319     48      414
  SINCE JAN 1   2020                      2020      0     2043
..................................................................


WIND (MPH)
  HIGHEST WIND SPEED    16   HIGHEST WIND DIRECTION     S (190)
  HIGHEST GUST SPEED    19   HIGHEST GUST DIRECTION     S (190)
  AVERAGE WIND SPEED     8.9


SKY COVER
  POSSIBLE SUNSHINE  MM
  AVERAGE SKY COVER 0.7


WEATHER CONDITIONS
 THE FOLLOWING WEATHER WAS RECORDED YESTERDAY.
  NO SIGNIFICANT WEATHER WAS OBSERVED.


RELATIVE HUMIDITY (PERCENT)
 HIGHEST    84          1200 AM
 LOWEST     54           200 PM
 AVERAGE    69

..........................................................


THE TULSA OKLAHOMA CLIMATE NORMALS FOR TODAY
                         NORMAL    RECORD    YEAR
 MAXIMUM TEMPERATURE (F)   70        91      1939
 MINIMUM TEMPERATURE (F)   48        31      2005
                                             1925


SUNRISE AND SUNSET
OCTOBER 25 2014.......SUNRISE   740 AM CDT   SUNSET   635 PM CDT
OCTOBER 26 2014.......SUNRISE   741 AM CDT   SUNSET   634 PM CDT


-  INDICATES NEGATIVE NUMBERS.
R  INDICATES RECORD WAS SET OR TIED.
MM INDICATES DATA IS MISSING.
T  INDICATES TRACE AMOUNT.




$$

&&
...........................................................

THE TULSA PRECIPITATION NORMALS FOR TODAY
                       NORMAL    RECORD      YEAR
  TODAY                 0.13      1.53       1932
  MONTH TO DATE         3.19
  YEAR TO DATE         34.93
...........................................................
ALL DATA MEASURED AT THE TULSA INTERNATIONAL AIRPORT...
EXCEPT SNOWFALL...WHICH IS MEASURED AT THE NWS OFFICE.
