000
CDUS44 KMEG 200632
CLITUP


CLIMATE REPORT
NATIONAL WEATHER SERVICE MEMPHIS TN
132 AM CDT SUN APR 20 2014


...................................

...THE TUPELO CLIMATE SUMMARY FOR APRIL 19 2014...

CLIMATE NORMAL PERIOD 1981 TO 2010
CLIMATE RECORD PERIOD 1930 TO 2014


WEATHER ITEM   OBSERVED TIME   RECORD YEAR NORMAL DEPARTURE LAST
                VALUE   (LST)  VALUE       VALUE  FROM      YEAR
                                                  NORMAL
..................................................................
TEMPERATURE (F)
 YESTERDAY
  MAXIMUM         79    357 PM  91    2006  75      4       57
  MINIMUM         48    556 AM  29    1983  51     -3       42
  AVERAGE         64                        63      1       50

PRECIPITATION (IN)
  YESTERDAY        0.00          1.55 1970   0.16  -0.16     0.11
  MONTH TO DATE    4.86                      2.92   1.94     4.49
  SINCE MAR 1      7.94                      7.74   0.20     8.82
  SINCE JAN 1     14.03                     17.18  -3.15    21.25

SNOWFALL (IN)
  YESTERDAY        0.0          MM      MM   0.0    0.0      0.0
  MONTH TO DATE    0.0                       0.0    0.0      0.0
  SINCE MAR 1      T                         0.3   -0.3       T
  SINCE JUL 1      0.5                       2.1   -1.6       T
  SNOW DEPTH       0

DEGREE DAYS
 HEATING
  YESTERDAY        1                         4     -3       15
  MONTH TO DATE  134                       113     21      109
  SINCE MAR 1    594                       468    126      624
  SINCE JUL 1   3424                      2899    525     2850

 COOLING
  YESTERDAY        0                         2     -2        0
  MONTH TO DATE   21                        29     -8       48
  SINCE MAR 1     21                        43    -22       49
  SINCE JAN 1     21                        45    -24       55
..................................................................


WIND (MPH)
  HIGHEST WIND SPEED    18   HIGHEST WIND DIRECTION    NE (30)
  HIGHEST GUST SPEED    24   HIGHEST GUST DIRECTION    NE (30)
  AVERAGE WIND SPEED     5.0


SKY COVER
  POSSIBLE SUNSHINE  MM
  AVERAGE SKY COVER 0.0


WEATHER CONDITIONS
 THE FOLLOWING WEATHER WAS RECORDED YESTERDAY.
  FOG


RELATIVE HUMIDITY (PERCENT)
 HIGHEST    93           300 AM
 LOWEST     27           400 PM
 AVERAGE    60

..........................................................


THE TUPELO CLIMATE NORMALS FOR TODAY
                         NORMAL    RECORD    YEAR
 MAXIMUM TEMPERATURE (F)   75        91      1987
 MINIMUM TEMPERATURE (F)   52        29      1983


SUNRISE AND SUNSET
APRIL 20 2014.........SUNRISE   618 AM CDT   SUNSET   731 PM CDT
APRIL 21 2014.........SUNRISE   617 AM CDT   SUNSET   731 PM CDT


-  INDICATES NEGATIVE NUMBERS.
R  INDICATES RECORD WAS SET OR TIED.
MM INDICATES DATA IS MISSING.
T  INDICATES TRACE AMOUNT.




$$
