000
CDUS44 KMEG 300643
CLITUP


CLIMATE REPORT
NATIONAL WEATHER SERVICE MEMPHIS TN
142 AM CDT THU OCT 30 2014


...................................

...THE TUPELO CLIMATE SUMMARY FOR OCTOBER 29 2014...

CLIMATE NORMAL PERIOD 1981 TO 2010
CLIMATE RECORD PERIOD 1930 TO 2014


WEATHER ITEM   OBSERVED TIME   RECORD YEAR NORMAL DEPARTURE LAST
                VALUE   (LST)  VALUE       VALUE  FROM      YEAR
                                                  NORMAL
..................................................................
TEMPERATURE (F)
 YESTERDAY
  MAXIMUM         69    333 PM  86    2000  71     -2       80
  MINIMUM         47   1153 PM  30    1976  47      0       52
                                      1952
  AVERAGE         58                        59     -1       66

PRECIPITATION (IN)
  YESTERDAY        0.57          1.04 1970   0.13   0.44     0.00
  MONTH TO DATE    8.34                      3.87   4.47     1.05
  SINCE SEP 1     11.57                      7.31   4.26     4.13
  SINCE JAN 1     47.50                     43.78   3.72    41.41

SNOWFALL (IN)
  YESTERDAY        0.0           0.0  2002   0.0    0.0      0.0
                                      2001
  MONTH TO DATE    0.0                       0.0    0.0      0.0
  SINCE SEP 1      0.0                       0.0    0.0      0.0
  SINCE JUL 1      0.0                       0.0    0.0      0.0
  SNOW DEPTH       0

DEGREE DAYS
 HEATING
  YESTERDAY        7                         7      0        0
  MONTH TO DATE   75                       121    -46      119
  SINCE SEP 1     76                       133    -57      119
  SINCE JUL 1     76                       133    -57      119

 COOLING
  YESTERDAY        0                         1     -1        1
  MONTH TO DATE  104                        74     30       94
  SINCE SEP 1    427                       360     67      425
  SINCE JAN 1   1974                      2032    -58     2020
..................................................................


WIND (MPH)
  HIGHEST WIND SPEED    21   HIGHEST WIND DIRECTION     N (20)
  HIGHEST GUST SPEED    26   HIGHEST GUST DIRECTION     N (20)
  AVERAGE WIND SPEED     8.2


SKY COVER
  POSSIBLE SUNSHINE  MM
  AVERAGE SKY COVER 0.2


WEATHER CONDITIONS
 THE FOLLOWING WEATHER WAS RECORDED YESTERDAY.
  THUNDERSTORM
  HEAVY RAIN
  LIGHT RAIN
  FOG


RELATIVE HUMIDITY (PERCENT)
 HIGHEST    93           300 AM
 LOWEST     32           400 PM
 AVERAGE    63

..........................................................


THE TUPELO CLIMATE NORMALS FOR TODAY
                         NORMAL    RECORD    YEAR
 MAXIMUM TEMPERATURE (F)   71        89      1937
 MINIMUM TEMPERATURE (F)   46        28      1952


SUNRISE AND SUNSET
OCTOBER 30 2014.......SUNRISE   713 AM CDT   SUNSET   604 PM CDT
OCTOBER 31 2014.......SUNRISE   714 AM CDT   SUNSET   603 PM CDT


-  INDICATES NEGATIVE NUMBERS.
R  INDICATES RECORD WAS SET OR TIED.
MM INDICATES DATA IS MISSING.
T  INDICATES TRACE AMOUNT.




$$
