000
CDUS44 KMEG 250637
CLITUP


CLIMATE REPORT
NATIONAL WEATHER SERVICE MEMPHIS TN
137 AM CDT MON SEP 25 2017


...................................

...THE TUPELO CLIMATE SUMMARY FOR SEPTEMBER 24 2017...

CLIMATE NORMAL PERIOD 1981 TO 2010
CLIMATE RECORD PERIOD 1930 TO 2017


WEATHER ITEM   OBSERVED TIME   RECORD YEAR NORMAL DEPARTURE LAST
                VALUE   (LST)  VALUE       VALUE  FROM      YEAR
                                                  NORMAL
..................................................................
TEMPERATURE (F)
 YESTERDAY
  MAXIMUM         90    239 PM  98    2016  83      7       98
  MINIMUM         68    611 AM  35    1983  59      9       67
  AVERAGE         79                        71      8       83

PRECIPITATION (IN)
  YESTERDAY        0.00          2.65 1991   0.13  -0.13     0.00
  MONTH TO DATE    2.28                      2.64  -0.36     0.43
  SINCE SEP 1      2.28                      2.64  -0.36     0.43
  SINCE JAN 1     38.33                     39.11  -0.78    36.28

SNOWFALL (IN)
  YESTERDAY        0.0           0.0  2002   0.0    0.0      0.0
                                      2001
  MONTH TO DATE    0.0                       0.0    0.0      0.0
  SINCE SEP 1      0.0                       0.0    0.0      0.0
  SINCE JUL 1      0.0                       0.0    0.0      0.0
  SNOW DEPTH       0

DEGREE DAYS
 HEATING
  YESTERDAY        0                         1     -1        0
  MONTH TO DATE    5                         4      1        0
  SINCE SEP 1      5                         4      1        0
  SINCE JUL 1      5                         4      1        0

 COOLING
  YESTERDAY       14                         7      7       18
  MONTH TO DATE  215                       251    -36      381
  SINCE SEP 1    215                       251    -36      381
  SINCE JAN 1   1913                      1923    -10     2304
..................................................................


WIND (MPH)
  HIGHEST WIND SPEED    12   HIGHEST WIND DIRECTION     E (100)
  HIGHEST GUST SPEED    16   HIGHEST GUST DIRECTION     E (100)
  AVERAGE WIND SPEED     3.4


SKY COVER
  POSSIBLE SUNSHINE  MM
  AVERAGE SKY COVER 0.1


WEATHER CONDITIONS
 THE FOLLOWING WEATHER WAS RECORDED YESTERDAY.
  FOG


RELATIVE HUMIDITY (PERCENT)
 HIGHEST    90          1200 AM
 LOWEST     38           200 PM
 AVERAGE    64

..........................................................


THE TUPELO CLIMATE NORMALS FOR TODAY
                         NORMAL    RECORD    YEAR
 MAXIMUM TEMPERATURE (F)   82        98      2016
                                             1931
 MINIMUM TEMPERATURE (F)   59        43      1994
                                             1983
                                             1965


SUNRISE AND SUNSET
SEPTEMBER 25 2017.....SUNRISE   645 AM CDT   SUNSET   647 PM CDT
SEPTEMBER 26 2017.....SUNRISE   646 AM CDT   SUNSET   646 PM CDT


-  INDICATES NEGATIVE NUMBERS.
R  INDICATES RECORD WAS SET OR TIED.
MM INDICATES DATA IS MISSING.
T  INDICATES TRACE AMOUNT.




$$
