000
CDUS44 KMEG 290643
CLITUP


CLIMATE REPORT
NATIONAL WEATHER SERVICE MEMPHIS TN
143 AM CDT MON MAY 29 2017


...................................

...THE TUPELO CLIMATE SUMMARY FOR MAY 28 2017...

CLIMATE NORMAL PERIOD 1981 TO 2010
CLIMATE RECORD PERIOD 1930 TO 2017


WEATHER ITEM   OBSERVED TIME   RECORD YEAR NORMAL DEPARTURE LAST
                VALUE   (LST)  VALUE       VALUE  FROM      YEAR
                                                  NORMAL
..................................................................
TEMPERATURE (F)
 YESTERDAY
  MAXIMUM         84    339 PM  95    1962  85     -1       89
                                      1941
  MINIMUM         64   1233 AM  47    1961  63      1       70
  AVERAGE         74                        74      0       80

PRECIPITATION (IN)
  YESTERDAY        1.08          2.37 1978   0.17   0.91     0.11
  MONTH TO DATE    3.69                      5.07  -1.38     1.01
  SINCE MAR 1     13.29                     14.67  -1.38    14.75
  SINCE JAN 1     21.76                     24.11  -2.35    21.92

SNOWFALL (IN)
  YESTERDAY        0.0          MM      MM   0.0    0.0      0.0
  MONTH TO DATE    0.0                       0.0    0.0      0.0
  SINCE MAR 1      T                         0.3   -0.3      0.0
  SINCE JUL 1      T                         2.1   -2.1       T
  SNOW DEPTH       0

DEGREE DAYS
 HEATING
  YESTERDAY        0                         0      0        0
  MONTH TO DATE   27                        23      4       21
  SINCE MAR 1    368                       524   -156      345
  SINCE JUL 1   1986                      2955   -969     2282

 COOLING
  YESTERDAY        9                         9      0       15
  MONTH TO DATE  148                       172    -24      153
  SINCE MAR 1    293                       246     47      243
  SINCE JAN 1    305                       248     57      243
..................................................................


WIND (MPH)
  HIGHEST WIND SPEED    32   HIGHEST WIND DIRECTION     N (350)
  HIGHEST GUST SPEED    45   HIGHEST GUST DIRECTION     N (350)
  AVERAGE WIND SPEED     6.3


SKY COVER
  POSSIBLE SUNSHINE  MM
  AVERAGE SKY COVER 0.6


WEATHER CONDITIONS
 THE FOLLOWING WEATHER WAS RECORDED YESTERDAY.
  THUNDERSTORM
  HEAVY RAIN
  RAIN
  LIGHT RAIN
  FOG


RELATIVE HUMIDITY (PERCENT)
 HIGHEST    93           500 AM
 LOWEST     51           100 PM
 AVERAGE    72

..........................................................


THE TUPELO CLIMATE NORMALS FOR TODAY
                         NORMAL    RECORD    YEAR
 MAXIMUM TEMPERATURE (F)   85        96      1941
                                             1937
 MINIMUM TEMPERATURE (F)   63        44      1971


SUNRISE AND SUNSET
MAY 29 2017...........SUNRISE   545 AM CDT   SUNSET   800 PM CDT
MAY 30 2017...........SUNRISE   545 AM CDT   SUNSET   801 PM CDT


-  INDICATES NEGATIVE NUMBERS.
R  INDICATES RECORD WAS SET OR TIED.
MM INDICATES DATA IS MISSING.
T  INDICATES TRACE AMOUNT.




$$
