000
CDUS44 KMEG 230624
CLITUP


CLIMATE REPORT
NATIONAL WEATHER SERVICE MEMPHIS TN
123 AM CDT SUN APR 23 2017


...................................

...THE TUPELO CLIMATE SUMMARY FOR APRIL 22 2017...

CLIMATE NORMAL PERIOD 1981 TO 2010
CLIMATE RECORD PERIOD 1930 TO 2017


WEATHER ITEM   OBSERVED TIME   RECORD YEAR NORMAL DEPARTURE LAST
                VALUE   (LST)  VALUE       VALUE  FROM      YEAR
                                                  NORMAL
..................................................................
TEMPERATURE (F)
 YESTERDAY
  MAXIMUM         82   1258 PM  88    1989  76      6       79
                                      1980
                                      1963
  MINIMUM         56   1159 PM  32    1978  52      4       57
  AVERAGE         69                        64      5       68

PRECIPITATION (IN)
  YESTERDAY        0.74          1.82 1996   0.16   0.58     0.16
  MONTH TO DATE    4.63                      3.40   1.23     3.50
  SINCE MAR 1      8.74                      8.22   0.52    11.39
  SINCE JAN 1     17.21                     17.66  -0.45    18.56

SNOWFALL (IN)
  YESTERDAY        0.0           T    1934   0.0    0.0      0.0
  MONTH TO DATE    0.0                       0.0    0.0      0.0
  SINCE MAR 1      T                         0.3   -0.3      0.0
  SINCE JUL 1      T                         2.1   -2.1       T
  SNOW DEPTH       0

DEGREE DAYS
 HEATING
  YESTERDAY        0                         4     -4        0
  MONTH TO DATE   31                       125    -94       94
  SINCE MAR 1    321                       480   -159      324
  SINCE JUL 1   1939                      2911   -972     2261

 COOLING
  YESTERDAY        4                         2      2        3
  MONTH TO DATE   81                        35     46       19
  SINCE MAR 1    115                        49     66       48
  SINCE JAN 1    127                        51     76       48
..................................................................


WIND (MPH)
  HIGHEST WIND SPEED    21   HIGHEST WIND DIRECTION     E (110)
  HIGHEST GUST SPEED    26   HIGHEST GUST DIRECTION     E (110)
  AVERAGE WIND SPEED     8.4


SKY COVER
  POSSIBLE SUNSHINE  MM
  AVERAGE SKY COVER 0.8


WEATHER CONDITIONS
 THE FOLLOWING WEATHER WAS RECORDED YESTERDAY.
  THUNDERSTORM
  HEAVY RAIN
  RAIN
  LIGHT RAIN
  FOG


RELATIVE HUMIDITY (PERCENT)
 HIGHEST    93           400 PM
 LOWEST     62           100 PM
 AVERAGE    78

..........................................................


THE TUPELO CLIMATE NORMALS FOR TODAY
                         NORMAL    RECORD    YEAR
 MAXIMUM TEMPERATURE (F)   76        90      1965
                                             1961
 MINIMUM TEMPERATURE (F)   52        31      1982


SUNRISE AND SUNSET
APRIL 23 2017.........SUNRISE   614 AM CDT   SUNSET   733 PM CDT
APRIL 24 2017.........SUNRISE   613 AM CDT   SUNSET   734 PM CDT


-  INDICATES NEGATIVE NUMBERS.
R  INDICATES RECORD WAS SET OR TIED.
MM INDICATES DATA IS MISSING.
T  INDICATES TRACE AMOUNT.




$$
