000
CDUS44 KMEG 082252
CLITUP


CLIMATE REPORT
NATIONAL WEATHER SERVICE MEMPHIS TN
452 PM CST MON FEB 8 2016


...................................

...THE TUPELO CLIMATE SUMMARY FOR FEBRUARY 8 2016...
VALID TODAY AS OF 0400 PM LOCAL TIME.

CLIMATE NORMAL PERIOD 1981 TO 2010
CLIMATE RECORD PERIOD 1930 TO 2016


WEATHER ITEM   OBSERVED TIME   RECORD YEAR NORMAL DEPARTURE LAST
                VALUE   (LST)  VALUE       VALUE  FROM      YEAR
                                                  NORMAL
..................................................................
TEMPERATURE (F)
 TODAY
  MAXIMUM         49   1141 AM  80    1937  55     -6       68
  MINIMUM         43    707 AM   9    1933  34      9       43
  AVERAGE         46                        44      2       56

PRECIPITATION (IN)
  TODAY            0.00          3.43 1946   0.16  -0.16     0.00
  MONTH TO DATE    1.26                      1.30  -0.04     0.42
  SINCE DEC 1     12.46                     12.06   0.40     9.74
  SINCE JAN 1      5.10                      5.78  -0.68     4.66

SNOWFALL (IN)
  TODAY            0.0

DEGREE DAYS
 HEATING
  TODAY           19                        21     -2        9
  MONTH TO DATE  134                       172    -38      185
  SINCE DEC 1   1242                      1546   -304     1485
  SINCE JUL 1   1583                      2068   -485     2122

 COOLING
  TODAY            0                         0      0        0
  MONTH TO DATE    0                         0      0        0
  SINCE DEC 1     27                         3     24        0
  SINCE JAN 1      0                         1     -1        0
..................................................................


WIND (MPH)
  HIGHEST WIND SPEED    23   HIGHEST WIND DIRECTION    NW (310)
  HIGHEST GUST SPEED    30   HIGHEST GUST DIRECTION    NW (310)
  AVERAGE WIND SPEED     9.3


SKY COVER
  POSSIBLE SUNSHINE  MM
  AVERAGE SKY COVER 0.5


WEATHER CONDITIONS
 THE FOLLOWING WEATHER WAS RECORDED TODAY.
  NO SIGNIFICANT WEATHER WAS OBSERVED.


RELATIVE HUMIDITY (PERCENT)
 HIGHEST    58           400 AM
 LOWEST     31          1100 AM
 AVERAGE    45

..........................................................


THE TUPELO CLIMATE NORMALS FOR TOMORROW
                         NORMAL    RECORD    YEAR
 MAXIMUM TEMPERATURE (F)   55        78      1957
                                             1939
 MINIMUM TEMPERATURE (F)   34         5      1971


SUNRISE AND SUNSET
FEBRUARY  8 2016......SUNRISE   647 AM CST   SUNSET   532 PM CST
FEBRUARY  9 2016......SUNRISE   646 AM CST   SUNSET   533 PM CST


-  INDICATES NEGATIVE NUMBERS.
R  INDICATES RECORD WAS SET OR TIED.
MM INDICATES DATA IS MISSING.
T  INDICATES TRACE AMOUNT.




$$
