000
CDUS44 KMEG 242249
CLITUP


CLIMATE REPORT
NATIONAL WEATHER SERVICE MEMPHIS TN
449 PM CST SAT FEB 24 2018


...................................

...THE TUPELO CLIMATE SUMMARY FOR FEBRUARY 24 2018...
VALID TODAY AS OF 0400 PM LOCAL TIME.

CLIMATE NORMAL PERIOD 1981 TO 2010
CLIMATE RECORD PERIOD 1930 TO 2018


WEATHER ITEM   OBSERVED TIME   RECORD YEAR NORMAL DEPARTURE LAST
                VALUE   (LST)  VALUE       VALUE  FROM      YEAR
                                                  NORMAL
..................................................................
TEMPERATURE (F)
 TODAY
  MAXIMUM         79    335 PM  80    2017  59     20       80
  MINIMUM         65    257 AM  16    1978  38     27       55
  AVERAGE         72                        48     24       68

PRECIPITATION (IN)
  TODAY            0.00          1.77 1931   0.20  -0.20     0.00
  MONTH TO DATE   10.68                      4.21   6.47     1.67
  SINCE DEC 1     20.51                     14.97   5.54    12.34
  SINCE JAN 1     14.05                      8.69   5.36     7.44

SNOWFALL (IN)
  TODAY            0.0

DEGREE DAYS
 HEATING
  TODAY            0                        17    -17        0
  MONTH TO DATE  318                       471   -153      255
  SINCE DEC 1   1804                      1845    -41     1274
  SINCE JUL 1   2294                      2367    -73     1568

 COOLING
  TODAY            7                         0      7        3
  MONTH TO DATE   24                         0     24        3
  SINCE DEC 1     24                         3     21       18
  SINCE JAN 1     24                         1     23       11
..................................................................


WIND (MPH)
  HIGHEST WIND SPEED    24   HIGHEST WIND DIRECTION     S (160)
  HIGHEST GUST SPEED    30   HIGHEST GUST DIRECTION    SE (130)
  AVERAGE WIND SPEED    11.9


SKY COVER
  POSSIBLE SUNSHINE  MM
  AVERAGE SKY COVER 0.8


WEATHER CONDITIONS
 THE FOLLOWING WEATHER WAS RECORDED TODAY.
  NO SIGNIFICANT WEATHER WAS OBSERVED.


RELATIVE HUMIDITY (PERCENT)
 HIGHEST    93           100 AM
 LOWEST     54           400 PM
 AVERAGE    74

..........................................................


THE TUPELO CLIMATE NORMALS FOR TOMORROW
                         NORMAL    RECORD    YEAR
 MAXIMUM TEMPERATURE (F)   60        83      1977
 MINIMUM TEMPERATURE (F)   38        14      1967


SUNRISE AND SUNSET
FEBRUARY 24 2018......SUNRISE   630 AM CST   SUNSET   547 PM CST
FEBRUARY 25 2018......SUNRISE   629 AM CST   SUNSET   548 PM CST


-  INDICATES NEGATIVE NUMBERS.
R  INDICATES RECORD WAS SET OR TIED.
MM INDICATES DATA IS MISSING.
T  INDICATES TRACE AMOUNT.




$$
