000
CDUS44 KMEG 260638
CLITUP


CLIMATE REPORT
NATIONAL WEATHER SERVICE MEMPHIS TN
137 AM CDT SUN MAR 26 2017


...................................

...THE TUPELO CLIMATE SUMMARY FOR MARCH 25 2017...

CLIMATE NORMAL PERIOD 1981 TO 2010
CLIMATE RECORD PERIOD 1930 TO 2017


WEATHER ITEM   OBSERVED TIME   RECORD YEAR NORMAL DEPARTURE LAST
                VALUE   (LST)  VALUE       VALUE  FROM      YEAR
                                                  NORMAL
..................................................................
TEMPERATURE (F)
 YESTERDAY
  MAXIMUM         66    255 AM  86    2007  68     -2       61
  MINIMUM         59    806 PM  23    1983  45     14       40
  AVERAGE         63                        56      7       51

PRECIPITATION (IN)
  YESTERDAY        0.46          2.36 2009   0.15   0.31     0.00
  MONTH TO DATE    2.55                      3.93  -1.38     4.42
  SINCE MAR 1      2.55                      3.93  -1.38     4.42
  SINCE JAN 1     11.02                     13.37  -2.35    11.59

SNOWFALL (IN)
  YESTERDAY        0.0           T    1930   0.0    0.0      0.0
  MONTH TO DATE    T                         0.3   -0.3      0.0
  SINCE MAR 1      T                         0.3   -0.3      0.0
  SINCE JUL 1      T                         2.1   -2.1       T
  SNOW DEPTH       0

DEGREE DAYS
 HEATING
  YESTERDAY        2                         9     -7       14
  MONTH TO DATE  287                       304    -17      198
  SINCE MAR 1    287                       304    -17      198
  SINCE JUL 1   1905                      2735   -830     2135

 COOLING
  YESTERDAY        0                         1     -1        0
  MONTH TO DATE   15                         3     12       22
  SINCE MAR 1     15                         3     12       22
  SINCE JAN 1     27                         5     22       22
..................................................................


WIND (MPH)
  HIGHEST WIND SPEED    23   HIGHEST WIND DIRECTION    SE (140)
  HIGHEST GUST SPEED    33   HIGHEST GUST DIRECTION    SE (150)
  AVERAGE WIND SPEED    12.8


SKY COVER
  POSSIBLE SUNSHINE  MM
  AVERAGE SKY COVER 0.7


WEATHER CONDITIONS
 THE FOLLOWING WEATHER WAS RECORDED YESTERDAY.
  THUNDERSTORM
  RAIN
  LIGHT RAIN
  FOG
  HAZE


RELATIVE HUMIDITY (PERCENT)
 HIGHEST    90           800 AM
 LOWEST     68           100 AM
 AVERAGE    79

..........................................................


THE TUPELO CLIMATE NORMALS FOR TODAY
                         NORMAL    RECORD    YEAR
 MAXIMUM TEMPERATURE (F)   69        84      2007
                                             2005
                                             1991
 MINIMUM TEMPERATURE (F)   45        22      1955


SUNRISE AND SUNSET
MARCH 26 2017.........SUNRISE   650 AM CDT   SUNSET   712 PM CDT
MARCH 27 2017.........SUNRISE   649 AM CDT   SUNSET   712 PM CDT


-  INDICATES NEGATIVE NUMBERS.
R  INDICATES RECORD WAS SET OR TIED.
MM INDICATES DATA IS MISSING.
T  INDICATES TRACE AMOUNT.




$$
