000
CDUS44 KMEG 230738
CLITUP


CLIMATE REPORT
NATIONAL WEATHER SERVICE MEMPHIS TN
137 AM CST THU NOV 23 2017


...................................

...THE TUPELO CLIMATE SUMMARY FOR NOVEMBER 22 2017...

CLIMATE NORMAL PERIOD 1981 TO 2010
CLIMATE RECORD PERIOD 1930 TO 2017


WEATHER ITEM   OBSERVED TIME   RECORD YEAR NORMAL DEPARTURE LAST
                VALUE   (LST)  VALUE       VALUE  FROM      YEAR
                                                  NORMAL
..................................................................
TEMPERATURE (F)
 YESTERDAY
  MAXIMUM         53    258 PM  79    1931  61     -8       69
  MINIMUM         31   1159 PM  15    1964  40     -9       31
  AVERAGE         42                        51     -9       50

PRECIPITATION (IN)
  YESTERDAY        0.00          4.14 1934   0.18  -0.18     0.00
  MONTH TO DATE    1.44                      3.17  -1.73     0.80
  SINCE SEP 1      5.14                     10.73  -5.59     1.67
  SINCE JAN 1     41.19                     47.20  -6.01    37.52

SNOWFALL (IN)
  YESTERDAY        0.0           0.0  2002   0.0    0.0      0.0
                                      2001
  MONTH TO DATE    0.0                       0.0    0.0      0.0
  SINCE SEP 1      0.0                       0.0    0.0      0.0
  SINCE JUL 1      0.0                       0.0    0.0      0.0
  SNOW DEPTH       0

DEGREE DAYS
 HEATING
  YESTERDAY       23                        15      8       15
  MONTH TO DATE  233                       246    -13      169
  SINCE SEP 1    371                       394    -23      191
  SINCE JUL 1    371                       394    -23      191

 COOLING
  YESTERDAY        0                         0      0        0
  MONTH TO DATE   29                         9     20       25
  SINCE SEP 1    435                       370     65      616
  SINCE JAN 1   2133                      2042     91     2539
..................................................................


WIND (MPH)
  HIGHEST WIND SPEED    22   HIGHEST WIND DIRECTION     N (350)
  HIGHEST GUST SPEED    26   HIGHEST GUST DIRECTION     N (340)
  AVERAGE WIND SPEED    11.5


SKY COVER
  POSSIBLE SUNSHINE  MM
  AVERAGE SKY COVER 0.0


WEATHER CONDITIONS
 THE FOLLOWING WEATHER WAS RECORDED YESTERDAY.
  NO SIGNIFICANT WEATHER WAS OBSERVED.


RELATIVE HUMIDITY (PERCENT)
 HIGHEST    92          1200 AM
 LOWEST     32           100 PM
 AVERAGE    62

..........................................................


THE TUPELO CLIMATE NORMALS FOR TODAY
                         NORMAL    RECORD    YEAR
 MAXIMUM TEMPERATURE (F)   61        76      1931
 MINIMUM TEMPERATURE (F)   40        16      1976


SUNRISE AND SUNSET
NOVEMBER 23 2017......SUNRISE   636 AM CST   SUNSET   447 PM CST
NOVEMBER 24 2017......SUNRISE   637 AM CST   SUNSET   447 PM CST


-  INDICATES NEGATIVE NUMBERS.
R  INDICATES RECORD WAS SET OR TIED.
MM INDICATES DATA IS MISSING.
T  INDICATES TRACE AMOUNT.




$$
