000
CDUS44 KMEG 230634
CLITUP


CLIMATE REPORT
NATIONAL WEATHER SERVICE MEMPHIS TN
133 AM CDT TUE SEP 23 2014


...................................

...THE TUPELO CLIMATE SUMMARY FOR SEPTEMBER 22 2014...

CLIMATE NORMAL PERIOD 1981 TO 2010
CLIMATE RECORD PERIOD 1930 TO 2014


WEATHER ITEM   OBSERVED TIME   RECORD YEAR NORMAL DEPARTURE LAST
                VALUE   (LST)  VALUE       VALUE  FROM      YEAR
                                                  NORMAL
..................................................................
TEMPERATURE (F)
 YESTERDAY
  MAXIMUM         78    222 PM  99    1935  83     -5       79
  MINIMUM         55   1159 PM  40    1982  60     -5       53
  AVERAGE         67                        72     -5       66

PRECIPITATION (IN)
  YESTERDAY        0.00          1.51 2003   0.12  -0.12     0.00
  MONTH TO DATE    3.23                      2.39   0.84     2.41
  SINCE SEP 1      3.23                      2.39   0.84     2.41
  SINCE JAN 1     39.16                     38.86   0.30    39.69

SNOWFALL (IN)
  YESTERDAY        0.0           0.0  2002   0.0    0.0      0.0
                                      2001
  MONTH TO DATE    0.0                       0.0    0.0      0.0
  SINCE SEP 1      0.0                       0.0    0.0      0.0
  SINCE JUL 1      0.0                       0.0    0.0      0.0
  SNOW DEPTH       0

DEGREE DAYS
 HEATING
  YESTERDAY        0                         1     -1        0
  MONTH TO DATE    1                         2     -1        0
  SINCE SEP 1      1                         2     -1        0
  SINCE JUL 1      1                         2     -1        0

 COOLING
  YESTERDAY        2                         7     -5        1
  MONTH TO DATE  276                       237     39      280
  SINCE SEP 1    276                       237     39      280
  SINCE JAN 1   1823                      1909    -86     1875
..................................................................


WIND (MPH)
  HIGHEST WIND SPEED    18   HIGHEST WIND DIRECTION    NE (50)
  HIGHEST GUST SPEED    23   HIGHEST GUST DIRECTION    NE (50)
  AVERAGE WIND SPEED     9.8


SKY COVER
  POSSIBLE SUNSHINE  MM
  AVERAGE SKY COVER 0.0


WEATHER CONDITIONS
 THE FOLLOWING WEATHER WAS RECORDED YESTERDAY.
  NO SIGNIFICANT WEATHER WAS OBSERVED.


RELATIVE HUMIDITY (PERCENT)
 HIGHEST    80           600 AM
 LOWEST     36           400 PM
 AVERAGE    58

..........................................................


THE TUPELO CLIMATE NORMALS FOR TODAY
                         NORMAL    RECORD    YEAR
 MAXIMUM TEMPERATURE (F)   83        99      1935
 MINIMUM TEMPERATURE (F)   60        42      1974


SUNRISE AND SUNSET
SEPTEMBER 23 2014.....SUNRISE   644 AM CDT   SUNSET   650 PM CDT
SEPTEMBER 24 2014.....SUNRISE   644 AM CDT   SUNSET   649 PM CDT


-  INDICATES NEGATIVE NUMBERS.
R  INDICATES RECORD WAS SET OR TIED.
MM INDICATES DATA IS MISSING.
T  INDICATES TRACE AMOUNT.




$$
