000
CDUS44 KMEG 300734
CLITUP


CLIMATE REPORT
NATIONAL WEATHER SERVICE MEMPHIS TN
133 AM CST FRI JAN 30 2015


...................................

...THE TUPELO CLIMATE SUMMARY FOR JANUARY 29 2015...

CLIMATE NORMAL PERIOD 1981 TO 2010
CLIMATE RECORD PERIOD 1930 TO 2015


WEATHER ITEM   OBSERVED TIME   RECORD YEAR NORMAL DEPARTURE LAST
                VALUE   (LST)  VALUE       VALUE  FROM      YEAR
                                                  NORMAL
..................................................................
TEMPERATURE (F)
 YESTERDAY
  MAXIMUM         68    200 PM  77    1947  53     15       33
  MINIMUM         43   1154 PM   0    1966  32     11        6
  AVERAGE         56                        42     14       20

PRECIPITATION (IN)
  YESTERDAY        T             1.18 2003   0.15  -0.15     0.00
  MONTH TO DATE    4.24                      4.18   0.06     1.77
  SINCE DEC 1      9.32                     10.46  -1.14     7.95
  SINCE JAN 1      4.24                      4.18   0.06     1.77

SNOWFALL (IN)
  YESTERDAY        0.0           0.5  1936   0.0    0.0      0.0
  MONTH TO DATE    T                         0.8   -0.8       T
  SINCE DEC 1      T                         1.1   -1.1       T
  SINCE JUL 1      T                         1.1   -1.1       T
  SNOW DEPTH       0

DEGREE DAYS
 HEATING
  YESTERDAY        9                        23    -14       45
  MONTH TO DATE  692                       681     11      859
  SINCE DEC 1   1252                      1332    -80     1529
  SINCE JUL 1   1889                      1854     35     2152

 COOLING
  YESTERDAY        0                         0      0        0
  MONTH TO DATE    0                         0      0        0
  SINCE DEC 1      0                         2     -2        9
  SINCE JAN 1      0                         0      0        0
..................................................................


WIND (MPH)
  HIGHEST WIND SPEED    29   HIGHEST WIND DIRECTION    NE (30)
  HIGHEST GUST SPEED    33   HIGHEST GUST DIRECTION    NE (30)
  AVERAGE WIND SPEED    12.8


SKY COVER
  POSSIBLE SUNSHINE  MM
  AVERAGE SKY COVER 0.4


WEATHER CONDITIONS
 THE FOLLOWING WEATHER WAS RECORDED YESTERDAY.
  NO SIGNIFICANT WEATHER WAS OBSERVED.


RELATIVE HUMIDITY (PERCENT)
 HIGHEST    65          1000 PM
 LOWEST     48           200 PM
 AVERAGE    57

..........................................................


THE TUPELO CLIMATE NORMALS FOR TODAY
                         NORMAL    RECORD    YEAR
 MAXIMUM TEMPERATURE (F)   53        73      2013
                                             1975
 MINIMUM TEMPERATURE (F)   32        -5      1966


SUNRISE AND SUNSET
JANUARY 30 2015.......SUNRISE   654 AM CST   SUNSET   523 PM CST
JANUARY 31 2015.......SUNRISE   653 AM CST   SUNSET   524 PM CST


-  INDICATES NEGATIVE NUMBERS.
R  INDICATES RECORD WAS SET OR TIED.
MM INDICATES DATA IS MISSING.
T  INDICATES TRACE AMOUNT.




$$
