000
CDUS45 KTWC 050036
CLITUS

CLIMATE REPORT
NATIONAL WEATHER SERVICE TUCSON AZ
535 PM MST WED MAY 4 2016


...................................

...THE TUCSON AZ CLIMATE SUMMARY FOR MAY 4 2016...
VALID TODAY AS OF 0500 PM LOCAL TIME.

CLIMATE NORMAL PERIOD 1981 TO 2010
CLIMATE RECORD PERIOD 1895 TO 2016


WEATHER ITEM   OBSERVED TIME   RECORD YEAR NORMAL DEPARTURE LAST
                VALUE   (LST)  VALUE       VALUE  FROM      YEAR
                                                  NORMAL
..................................................................
TEMPERATURE (F)
 TODAY
  MAXIMUM         99    446 PM 103    1947  88     11       83
  MINIMUM         62    517 AM  35    1899  57      5       59
  AVERAGE         81                        72      9       71

PRECIPITATION (IN)
  TODAY            0.00          0.18 1918   0.00   0.00     0.03
  MONTH TO DATE    0.00                      0.02  -0.02     0.03
  SINCE OCT 1      5.41                      5.25   0.16     7.14
  SINCE JAN 1      2.53                      2.86  -0.33     3.64

DEGREE DAYS
 HEATING
  TODAY            0                         0      0        0
  MONTH TO DATE    0                         3     -3        0
  SINCE MAR 1     89                       242   -153       60
  SINCE JUL 1   1217                      1509   -292      902

 COOLING
  TODAY           16                         8      8        6
  MONTH TO DATE   29                        30     -1       47
  SINCE MAR 1    244                       180     64      282
  SINCE JAN 1    278                       184     94      290
..................................................................


WIND (MPH)
  HIGHEST WIND SPEED    25   HIGHEST WIND DIRECTION    SE (140)
  HIGHEST GUST SPEED    30   HIGHEST GUST DIRECTION    SE (130)
  AVERAGE WIND SPEED     9.2


SKY COVER
  POSSIBLE SUNSHINE  MM
  AVERAGE SKY COVER 0.0


WEATHER CONDITIONS
 THE FOLLOWING WEATHER WAS RECORDED TODAY.
  NO SIGNIFICANT WEATHER WAS OBSERVED.


RELATIVE HUMIDITY (PERCENT)
 HIGHEST    23
 LOWEST      6
 AVERAGE    15

..........................................................


THE TUCSON AZ CLIMATE NORMALS FOR TOMORROW
                         NORMAL    RECORD    YEAR
 MAXIMUM TEMPERATURE (F)   88       102      1947
 MINIMUM TEMPERATURE (F)   57        38      1950


SUNRISE AND SUNSET
MAY  4 2016...........SUNRISE   534 AM MST   SUNSET   707 PM MST
MAY  5 2016...........SUNRISE   533 AM MST   SUNSET   708 PM MST


-  INDICATES NEGATIVE NUMBERS.
R  INDICATES RECORD WAS SET OR TIED.
MM INDICATES DATA IS MISSING.
T  INDICATES TRACE AMOUNT.

$$
