000
CDUS45 KTWC 280025
CLITUS

CLIMATE REPORT
NATIONAL WEATHER SERVICE TUCSON AZ
525 PM MST SUN JUL 27 2014


...................................

...THE TUCSON AZ CLIMATE SUMMARY FOR JULY 27 2014...
VALID TODAY AS OF 0500 PM LOCAL TIME.

CLIMATE NORMAL PERIOD 1981 TO 2010
CLIMATE RECORD PERIOD 1895 TO 2014


WEATHER ITEM   OBSERVED TIME   RECORD YEAR NORMAL DEPARTURE LAST
                VALUE   (LST)  VALUE       VALUE  FROM      YEAR
                                                  NORMAL
..................................................................
TEMPERATURE (F)
 TODAY
  MAXIMUM         99    434 PM 113    1995  98      1       97
  MINIMUM         76    611 AM  59    1913  74      2       77
  AVERAGE         88                        86      2       87

PRECIPITATION (IN)
  TODAY            0.01          1.84 1945   0.09  -0.08     0.02
  MONTH TO DATE    1.42                      1.86  -0.44     2.60
  SINCE OCT 1      5.08                      7.52  -2.44     5.58
  SINCE JAN 1      2.03                      5.13  -3.10     4.37

DEGREE DAYS
 HEATING
  TODAY            0                         0      0        0
  MONTH TO DATE    0                         0      0        0
  SINCE JUN 1      0                         0      0        0
  SINCE JUL 1      0                         0      0        0

 COOLING
  TODAY           23                        21      2       22
  MONTH TO DATE  632                       602     30      621
  SINCE JUN 1   1357                      1196    161     1362
  SINCE JAN 1   1960                      1698    262     2073
..................................................................


WIND (MPH)
  HIGHEST WIND SPEED    24   HIGHEST WIND DIRECTION     S (180)
  HIGHEST GUST SPEED    30   HIGHEST GUST DIRECTION     S (180)
  AVERAGE WIND SPEED     9.9


SKY COVER
  POSSIBLE SUNSHINE  MM
  AVERAGE SKY COVER 0.2


WEATHER CONDITIONS
 THE FOLLOWING WEATHER WAS RECORDED TODAY.
  THUNDERSTORM
  LIGHT RAIN


RELATIVE HUMIDITY (PERCENT)
 HIGHEST    54
 LOWEST     22
 AVERAGE    38

..........................................................


THE TUCSON AZ CLIMATE NORMALS FOR TOMORROW
                         NORMAL    RECORD    YEAR
 MAXIMUM TEMPERATURE (F)   98       114      1995
 MINIMUM TEMPERATURE (F)   74        62      1913


SUNRISE AND SUNSET
JULY 27 2014..........SUNRISE   536 AM MST   SUNSET   724 PM MST
JULY 28 2014..........SUNRISE   536 AM MST   SUNSET   724 PM MST


-  INDICATES NEGATIVE NUMBERS.
R  INDICATES RECORD WAS SET OR TIED.
MM INDICATES DATA IS MISSING.
T  INDICATES TRACE AMOUNT.




$$
