000
CDUS45 KTWC 270029
CLITUS

CLIMATE REPORT
NATIONAL WEATHER SERVICE TUCSON AZ
528 PM MST THU MAR 26 2015


...................................

...THE TUCSON AZ CLIMATE SUMMARY FOR MARCH 26 2015...
VALID TODAY AS OF 0500 PM LOCAL TIME.

CLIMATE NORMAL PERIOD 1981 TO 2010
CLIMATE RECORD PERIOD 1895 TO 2015


WEATHER ITEM   OBSERVED TIME   RECORD YEAR NORMAL DEPARTURE LAST
                VALUE   (LST)  VALUE       VALUE  FROM      YEAR
                                                  NORMAL
..................................................................
TEMPERATURE (F)
 TODAY
  MAXIMUM         86    424 PM  99    1988  77      9       83
  MINIMUM         52    622 AM  26    1913  48      4       54
  AVERAGE         69                        62      7       69

PRECIPITATION (IN)
  TODAY            0.00          0.62 1989   0.03  -0.03     0.00
  MONTH TO DATE    0.50                      0.64  -0.14     0.58
  SINCE OCT 1      6.95                      4.83   2.12     3.64
  SINCE JAN 1      3.45                      2.44   1.01     0.59

DEGREE DAYS
 HEATING
  TODAY            0                         4     -4        0
  MONTH TO DATE   47                       159   -112       36
  SINCE MAR 1     47                       159   -112       36
  SINCE JUL 1    889                      1426   -537      869

 COOLING
  TODAY            4                         1      3        4
  MONTH TO DATE   43                        18     25       23
  SINCE MAR 1     43                        18     25       23
  SINCE JAN 1     51                        22     29       47
..................................................................


WIND (MPH)
  HIGHEST WIND SPEED    13   HIGHEST WIND DIRECTION    SE (140)
  HIGHEST GUST SPEED    16   HIGHEST GUST DIRECTION    NE (50)
  AVERAGE WIND SPEED     6.6


SKY COVER
  POSSIBLE SUNSHINE  MM
  AVERAGE SKY COVER 0.0


WEATHER CONDITIONS
 THE FOLLOWING WEATHER WAS RECORDED TODAY.
  NO SIGNIFICANT WEATHER WAS OBSERVED.


RELATIVE HUMIDITY (PERCENT)
 HIGHEST    45
 LOWEST     10
 AVERAGE    28

..........................................................


THE TUCSON AZ CLIMATE NORMALS FOR TOMORROW
                         NORMAL    RECORD    YEAR
 MAXIMUM TEMPERATURE (F)   77        94      1988
 MINIMUM TEMPERATURE (F)   48        28      1913


SUNRISE AND SUNSET
MARCH 26 2015.........SUNRISE   620 AM MST   SUNSET   639 PM MST
MARCH 27 2015.........SUNRISE   619 AM MST   SUNSET   640 PM MST


-  INDICATES NEGATIVE NUMBERS.
R  INDICATES RECORD WAS SET OR TIED.
MM INDICATES DATA IS MISSING.
T  INDICATES TRACE AMOUNT.




$$
