000
CDUS45 KTWC 220742
CLITUS

CLIMATE REPORT
NATIONAL WEATHER SERVICE TUCSON AZ
1229 AM MST MON DEC 22 2014


...................................

...THE TUCSON AZ CLIMATE SUMMARY FOR DECEMBER 21 2014...

CLIMATE NORMAL PERIOD 1981 TO 2010
CLIMATE RECORD PERIOD 1895 TO 2014


WEATHER ITEM   OBSERVED TIME   RECORD YEAR NORMAL DEPARTURE LAST
                VALUE   (LST)  VALUE       VALUE  FROM      YEAR
                                                  NORMAL
..................................................................
TEMPERATURE (F)
 YESTERDAY
  MAXIMUM         64    334 PM  80    1917  64      0       54
  MINIMUM         40    709 AM  20    1930  39      1       44
  AVERAGE         52                        51      1       49

PRECIPITATION (IN)
  YESTERDAY        0.00          0.36 1923   0.03  -0.03      T
  MONTH TO DATE    1.47                      0.64   0.83     0.83
  SINCE OCT 1      2.80                      2.10   0.70     3.05
  SINCE JAN 1      9.49                     11.30  -1.81     8.53

DEGREE DAYS
 HEATING
  YESTERDAY       13                        14     -1       16
  MONTH TO DATE  167                       268   -101      240
  SINCE DEC 1    167                       268   -101      240
  SINCE JUL 1    303                       474   -171      346

 COOLING
  YESTERDAY        0                         0      0        0
  MONTH TO DATE    3                         0      3        0
  SINCE DEC 1      3                         0      3        0
  SINCE JAN 1   3619                      3146    473     3653
..................................................................


WIND (MPH)
  HIGHEST WIND SPEED    12   HIGHEST WIND DIRECTION     S (170)
  HIGHEST GUST SPEED    13   HIGHEST GUST DIRECTION    SE (150)
  AVERAGE WIND SPEED     3.8


SKY COVER
  POSSIBLE SUNSHINE  MM
  AVERAGE SKY COVER 0.0


WEATHER CONDITIONS
 THE FOLLOWING WEATHER WAS RECORDED YESTERDAY.
  NO SIGNIFICANT WEATHER WAS OBSERVED.


RELATIVE HUMIDITY (PERCENT)
 HIGHEST    83
 LOWEST     34
 AVERAGE    59

..........................................................


THE TUCSON AZ CLIMATE NORMALS FOR TODAY
                         NORMAL    RECORD    YEAR
 MAXIMUM TEMPERATURE (F)   64        82      1917
 MINIMUM TEMPERATURE (F)   39        16      1897


SUNRISE AND SUNSET
DECEMBER 22 2014......SUNRISE   721 AM MST   SUNSET   524 PM MST
DECEMBER 23 2014......SUNRISE   721 AM MST   SUNSET   524 PM MST


-  INDICATES NEGATIVE NUMBERS.
R  INDICATES RECORD WAS SET OR TIED.
MM INDICATES DATA IS MISSING.
T  INDICATES TRACE AMOUNT.




$$
