000
CDUS45 KTWC 300731
CLITUS

CLIMATE REPORT
NATIONAL WEATHER SERVICE TUCSON AZ
1230 AM MST TUE JUN 30 2015


...................................

...THE TUCSON AZ CLIMATE SUMMARY FOR JUNE 29 2015...

CLIMATE NORMAL PERIOD 1981 TO 2010
CLIMATE RECORD PERIOD 1895 TO 2015


WEATHER ITEM   OBSERVED TIME   RECORD YEAR NORMAL DEPARTURE LAST
                VALUE   (LST)  VALUE       VALUE  FROM      YEAR
                                                  NORMAL
..................................................................
TEMPERATURE (F)
 YESTERDAY
  MAXIMUM        106    248 PM 116    1994 102      4      106
  MINIMUM         75    515 AM  57    1906  73      2       80
  AVERAGE         91                        87      4       93

PRECIPITATION (IN)
  YESTERDAY        T             0.55 1912   0.01  -0.01     0.00
  MONTH TO DATE    0.47                      0.18   0.29     0.00
  SINCE OCT 1      7.67                      5.64   2.03     3.66
  SINCE JAN 1      4.17                      3.25   0.92     0.61

DEGREE DAYS
 HEATING
  YESTERDAY        0                         0      0        0
  MONTH TO DATE    0                         0      0        0
  SINCE JUN 1      0                         0      0        0
  SINCE JUL 1    905                      1511   -606      899

 COOLING
  YESTERDAY       26                        22      4       28
  MONTH TO DATE  691                       569    122      697
  SINCE JUN 1    691                       569    122      697
  SINCE JAN 1   1205                      1071    134     1300
..................................................................


WIND (MPH)
  HIGHEST WIND SPEED    25   HIGHEST WIND DIRECTION    SW (220)
  HIGHEST GUST SPEED    31   HIGHEST GUST DIRECTION    SW (210)
  AVERAGE WIND SPEED     6.9


SKY COVER
  POSSIBLE SUNSHINE  MM
  AVERAGE SKY COVER 0.1


WEATHER CONDITIONS
 THE FOLLOWING WEATHER WAS RECORDED YESTERDAY.
  THUNDERSTORM
  LIGHT RAIN


RELATIVE HUMIDITY (PERCENT)
 HIGHEST    64
 LOWEST     17
 AVERAGE    41

..........................................................


THE TUCSON AZ CLIMATE NORMALS FOR TODAY
                         NORMAL    RECORD    YEAR
 MAXIMUM TEMPERATURE (F)  102       112      1989
 MINIMUM TEMPERATURE (F)   73        58      1913


SUNRISE AND SUNSET
JUNE 30 2015..........SUNRISE   521 AM MST   SUNSET   734 PM MST
JULY  1 2015..........SUNRISE   521 AM MST   SUNSET   734 PM MST


-  INDICATES NEGATIVE NUMBERS.
R  INDICATES RECORD WAS SET OR TIED.
MM INDICATES DATA IS MISSING.
T  INDICATES TRACE AMOUNT.




$$
