000
CDUS43 KAPX 282226
CLITVC


CLIMATE REPORT
NATIONAL WEATHER SERVICE GAYLORD MI
526 PM EST SUN DEC 28 2014


...................................

...THE TRAVERSE CITY MI CLIMATE SUMMARY FOR DECEMBER 28 2014...
VALID TODAY AS OF 0500 PM LOCAL TIME.

CLIMATE NORMAL PERIOD 1981 TO 2010
CLIMATE RECORD PERIOD 1896 TO 2014


WEATHER ITEM   OBSERVED TIME   RECORD YEAR NORMAL DEPARTURE LAST
                VALUE   (LST)  VALUE       VALUE  FROM      YEAR
                                                  NORMAL
..................................................................
TEMPERATURE (F)
 TODAY
  MAXIMUM         33    301 AM  59    1984  29      4       45
  MINIMUM         26    911 AM  -8    1964  18      8       35
  AVERAGE         30                        24      6       40

PRECIPITATION (IN)
  TODAY            0.01          0.95 1968   0.08  -0.07     0.00
  MONTH TO DATE    1.06                      2.23  -1.17     0.97
  SINCE DEC 1      1.06                      2.23  -1.17     0.97
  SINCE JAN 1     32.54                     32.79  -0.25    36.12

SNOWFALL (IN)
  TODAY           MM            MM      MM   1.2   MM       MM
  MONTH TO DATE   MM                        23.4   MM       MM
  SINCE OCT 1     MM                        32.6   MM       MM
  SINCE JUL 1     MM                        32.6   MM       MM

DEGREE DAYS
 HEATING
  TODAY           35                        41     -6       25
  MONTH TO DATE  928                      1062   -134     1185
  SINCE DEC 1    928                      1062   -134     1185
  SINCE JUL 1   2607                      2681    -74     2676
..................................................................


WIND (MPH)
  RESULTANT WIND SPEED   8   RESULTANT WIND DIRECTION   W (270)
  HIGHEST WIND SPEED    18   HIGHEST WIND DIRECTION     W (290)
  HIGHEST GUST SPEED    22   HIGHEST GUST DIRECTION     W (280)
  AVERAGE WIND SPEED     9.0


SKY COVER
  POSSIBLE SUNSHINE  MM
  AVERAGE SKY COVER 0.8


WEATHER CONDITIONS
 THE FOLLOWING WEATHER WAS RECORDED TODAY.
  LIGHT SNOW
  FOG


RELATIVE HUMIDITY (PERCENT)
 HIGHEST    89          1200 AM
 LOWEST     58           500 PM
 AVERAGE    74

..........................................................




SUNRISE AND SUNSET
DECEMBER 28 2014......SUNRISE   819 AM EST   SUNSET   509 PM EST
DECEMBER 29 2014......SUNRISE   819 AM EST   SUNSET   510 PM EST


-  INDICATES NEGATIVE NUMBERS.
R  INDICATES RECORD WAS SET OR TIED.
MM INDICATES DATA IS MISSING.
T  INDICATES TRACE AMOUNT.




$$
