000
CDUS43 KAPX 100528
CLITVC


CLIMATE REPORT
NATIONAL WEATHER SERVICE GAYLORD MI
1227 AM EST WED FEB 10 2016


...................................

...THE TRAVERSE CITY MI CLIMATE SUMMARY FOR FEBRUARY 9 2016...

CLIMATE NORMAL PERIOD 1981 TO 2010
CLIMATE RECORD PERIOD 1896 TO 2016


WEATHER ITEM   OBSERVED TIME   RECORD YEAR NORMAL DEPARTURE LAST
                VALUE   (LST)  VALUE       VALUE  FROM      YEAR
                                                  NORMAL
..................................................................
TEMPERATURE (F)
 YESTERDAY
  MAXIMUM         27    712 AM  50    1925  29     -2       18
  MINIMUM         20   1159 PM -27    1899  14      6        5
  AVERAGE         24                        22      2       12

PRECIPITATION (IN)
  YESTERDAY        T             0.74 2001   0.06  -0.06      T
  MONTH TO DATE    0.42                      0.52  -0.10     0.01
  SINCE DEC 1      5.50                      5.83  -0.33     1.75
  SINCE JAN 1      2.51                      3.34  -0.83     0.69

DEGREE DAYS
 HEATING
  YESTERDAY       41                        43     -2       53
  MONTH TO DATE  318                       394    -76      429
  SINCE DEC 1   2373                      2931   -558     2936
  SINCE JUL 1   3553                      4550   -997     4615
..................................................................


WIND (MPH)
  HIGHEST WIND SPEED    22   HIGHEST WIND DIRECTION    NW (330)
  HIGHEST GUST SPEED    30   HIGHEST GUST DIRECTION     N (340)
  AVERAGE WIND SPEED    13.5




RELATIVE HUMIDITY (PERCENT)
 HIGHEST    81
 LOWEST     68
 AVERAGE    75

..........................................................


THE TRAVERSE CITY MI CLIMATE NORMALS FOR TODAY
                         NORMAL    RECORD    YEAR
 MAXIMUM TEMPERATURE (F)   29        57      2009
 MINIMUM TEMPERATURE (F)   14       -33      1899


SUNRISE AND SUNSET
FEBRUARY 10 2016......SUNRISE   751 AM EST   SUNSET   603 PM EST
FEBRUARY 11 2016......SUNRISE   749 AM EST   SUNSET   604 PM EST


-  INDICATES NEGATIVE NUMBERS.
R  INDICATES RECORD WAS SET OR TIED.
MM INDICATES DATA IS MISSING.
T  INDICATES TRACE AMOUNT.




$$
