000
CDUS43 KAPX 030533
CLITVC


CLIMATE REPORT
NATIONAL WEATHER SERVICE GAYLORD MI
133 AM EDT TUE MAY 3 2016


...................................

...THE TRAVERSE CITY MI CLIMATE SUMMARY FOR MAY 2 2016...

CLIMATE NORMAL PERIOD 1981 TO 2010
CLIMATE RECORD PERIOD 1896 TO 2016


WEATHER ITEM   OBSERVED TIME   RECORD YEAR NORMAL DEPARTURE LAST
                VALUE   (LST)  VALUE       VALUE  FROM      YEAR
                                                  NORMAL
..................................................................
TEMPERATURE (F)
 YESTERDAY
  MAXIMUM         61    502 PM  88    1959  61      0       76
  MINIMUM         33    549 AM  17    1966  37     -4       43
  AVERAGE         47                        49     -2       60

PRECIPITATION (IN)
  YESTERDAY        0.00          1.41 2008   0.08  -0.08     0.00
  MONTH TO DATE    0.05                      0.16  -0.11     0.00
  SINCE MAR 1      5.61                      4.80   0.81     1.93
  SINCE JAN 1      8.40                      9.12  -0.72     2.71

DEGREE DAYS
 HEATING
  YESTERDAY       18                        16      2        5
  MONTH TO DATE   34                        33      1       23
  SINCE MAR 1   1593                      1760   -167     1756
  SINCE JUL 1   5903                      7100  -1197     7488

 COOLING
  YESTERDAY        0                         0      0        0
  MONTH TO DATE    0                         0      0        0
  SINCE MAR 1      0                         3     -3        0
  SINCE JAN 1      0                         3     -3        0
..................................................................


WIND (MPH)
  HIGHEST WIND SPEED    10   HIGHEST WIND DIRECTION    NE (40)
  HIGHEST GUST SPEED    15   HIGHEST GUST DIRECTION     N (10)
  AVERAGE WIND SPEED     3.2




RELATIVE HUMIDITY (PERCENT)
 HIGHEST    92
 LOWEST     33
 AVERAGE    63

..........................................................


THE TRAVERSE CITY MI CLIMATE NORMALS FOR TODAY
                         NORMAL    RECORD    YEAR
 MAXIMUM TEMPERATURE (F)   61        88      1955
 MINIMUM TEMPERATURE (F)   37        22      1967


SUNRISE AND SUNSET
MAY  3 2016...........SUNRISE   629 AM EDT   SUNSET   850 PM EDT
MAY  4 2016...........SUNRISE   627 AM EDT   SUNSET   852 PM EDT


-  INDICATES NEGATIVE NUMBERS.
R  INDICATES RECORD WAS SET OR TIED.
MM INDICATES DATA IS MISSING.
T  INDICATES TRACE AMOUNT.




$$
