000
CDUS43 KAPX 260549
CLITVC


CLIMATE REPORT
NATIONAL WEATHER SERVICE GAYLORD MI
1249 AM EST WED NOV 26 2014


...................................

...THE TRAVERSE CITY MI CLIMATE SUMMARY FOR NOVEMBER 25 2014...

CLIMATE NORMAL PERIOD 1981 TO 2010
CLIMATE RECORD PERIOD 1896 TO 2014


WEATHER ITEM   OBSERVED TIME   RECORD YEAR NORMAL DEPARTURE LAST
                VALUE   (LST)  VALUE       VALUE  FROM      YEAR
                                                  NORMAL
..................................................................
TEMPERATURE (F)
 YESTERDAY
  MAXIMUM         32        MM  60    1913  40     -8       34
  MINIMUM         27        MM  -5    1950  28     -1       24
  AVERAGE         30                        34     -4       29

PRECIPITATION (IN)
  YESTERDAY        0.03          0.52 1952   0.08  -0.05     0.05
  MONTH TO DATE    3.03                      2.28   0.75     4.48
  SINCE SEP 1     14.66                      9.03   5.63    14.34
  SINCE JAN 1     31.46                     30.14   1.32    34.91

DEGREE DAYS
 HEATING
  YESTERDAY       35                        31      4       36
  MONTH TO DATE  782                       668    114      648
  SINCE SEP 1   1423                      1386     37     1238
  SINCE JUL 1   1502                      1455     47     1288
..................................................................


WIND (MPH)
  HIGHEST WIND SPEED    16   HIGHEST WIND DIRECTION     W (280)
  HIGHEST GUST SPEED    23   HIGHEST GUST DIRECTION     W (280)
  AVERAGE WIND SPEED     9.7




RELATIVE HUMIDITY (PERCENT)
 HIGHEST    92
 LOWEST     69
 AVERAGE    81

..........................................................


THE TRAVERSE CITY MI CLIMATE NORMALS FOR TODAY
                         NORMAL    RECORD    YEAR
 MAXIMUM TEMPERATURE (F)   39        63      1960
 MINIMUM TEMPERATURE (F)   27         3      1974


SUNRISE AND SUNSET
NOVEMBER 26 2014......SUNRISE   753 AM EST   SUNSET   505 PM EST
NOVEMBER 27 2014......SUNRISE   755 AM EST   SUNSET   505 PM EST


-  INDICATES NEGATIVE NUMBERS.
R  INDICATES RECORD WAS SET OR TIED.
MM INDICATES DATA IS MISSING.
T  INDICATES TRACE AMOUNT.




$$
