000
CDUS43 KAPX 250527
CLITVC


CLIMATE REPORT
NATIONAL WEATHER SERVICE GAYLORD MI
126 AM EDT SUN JUN 25 2017


...................................

...THE TRAVERSE CITY MI CLIMATE SUMMARY FOR JUNE 24 2017...

CLIMATE NORMAL PERIOD 1981 TO 2010
CLIMATE RECORD PERIOD 1896 TO 2017


WEATHER ITEM   OBSERVED TIME   RECORD YEAR NORMAL DEPARTURE LAST
                VALUE   (LST)  VALUE       VALUE  FROM      YEAR
                                                  NORMAL
..................................................................
TEMPERATURE (F)
 YESTERDAY
  MAXIMUM         73    232 PM  95    2009  78     -5       83
                                      2005
                                      1997
  MINIMUM         55    215 AM  33    1979  55      0       51
  AVERAGE         64                        67     -3       67

PRECIPITATION (IN)
  YESTERDAY        0.05          0.65 1940   0.12  -0.07     0.00
  MONTH TO DATE    3.30                      2.47   0.83     1.68
  SINCE JUN 1      3.30                      2.47   0.83     1.68
  SINCE JAN 1     13.27                     14.02  -0.75    11.54

DEGREE DAYS
 HEATING
  YESTERDAY        1                         2     -1        0
  MONTH TO DATE   27                       102    -75       56
  SINCE JUN 1     27                       102    -75       56
  SINCE JUL 1   6102                      7538  -1436     6224

 COOLING
  YESTERDAY        0                         4     -4        2
  MONTH TO DATE   93                        55     38       61
  SINCE JUN 1     93                        55     38       61
  SINCE JAN 1    114                        75     39      111
..................................................................


WIND (MPH)
  HIGHEST WIND SPEED    22   HIGHEST WIND DIRECTION    NW (300)
  HIGHEST GUST SPEED    28   HIGHEST GUST DIRECTION    NW (300)
  AVERAGE WIND SPEED     7.3




RELATIVE HUMIDITY (PERCENT)
 HIGHEST    93
 LOWEST     53
 AVERAGE    73

..........................................................


THE TRAVERSE CITY MI CLIMATE NORMALS FOR TODAY
                         NORMAL    RECORD    YEAR
 MAXIMUM TEMPERATURE (F)   78        97      1966
 MINIMUM TEMPERATURE (F)   55        33      1979


SUNRISE AND SUNSET
JUNE 25 2017..........SUNRISE   558 AM EDT   SUNSET   932 PM EDT
JUNE 26 2017..........SUNRISE   558 AM EDT   SUNSET   932 PM EDT


-  INDICATES NEGATIVE NUMBERS.
R  INDICATES RECORD WAS SET OR TIED.
MM INDICATES DATA IS MISSING.
T  INDICATES TRACE AMOUNT.




$$
