000
CDUS43 KAPX 030533
CLITVC


CLIMATE REPORT
NATIONAL WEATHER SERVICE GAYLORD MI
1232 AM EST SAT DEC 3 2016


...................................

...THE TRAVERSE CITY MI CLIMATE SUMMARY FOR DECEMBER 2 2016...

CLIMATE NORMAL PERIOD 1981 TO 2010
CLIMATE RECORD PERIOD 1896 TO 2016


WEATHER ITEM   OBSERVED TIME   RECORD YEAR NORMAL DEPARTURE LAST
                VALUE   (LST)  VALUE       VALUE  FROM      YEAR
                                                  NORMAL
..................................................................
TEMPERATURE (F)
 YESTERDAY
  MAXIMUM         38   1159 PM  62    1982  37      1       44
  MINIMUM         34    734 AM   3    1976  25      9       32
  AVERAGE         36                        31      5       38

PRECIPITATION (IN)
  YESTERDAY        T             0.62 1980   0.09  -0.09      T
  MONTH TO DATE    0.02                      0.17  -0.15     0.15
  SINCE DEC 1      0.02                      0.17  -0.15     0.15
  SINCE JAN 1     25.19                     30.73  -5.54    21.62

DEGREE DAYS
 HEATING
  YESTERDAY       29                        34     -5       27
  MONTH TO DATE   54                        68    -14       53
  SINCE DEC 1     54                        68    -14       53
  SINCE JUL 1   1013                      1687   -674     1233
..................................................................


WIND (MPH)
  HIGHEST WIND SPEED    17   HIGHEST WIND DIRECTION    NW (300)
  HIGHEST GUST SPEED    22   HIGHEST GUST DIRECTION    NW (300)
  AVERAGE WIND SPEED     8.6




RELATIVE HUMIDITY (PERCENT)
 HIGHEST    92
 LOWEST     70
 AVERAGE    81

..........................................................


THE TRAVERSE CITY MI CLIMATE NORMALS FOR TODAY
                         NORMAL    RECORD    YEAR
 MAXIMUM TEMPERATURE (F)   36        64      2012
                                             1962
 MINIMUM TEMPERATURE (F)   25         0      1976


SUNRISE AND SUNSET
DECEMBER  3 2016......SUNRISE   802 AM EST   SUNSET   502 PM EST
DECEMBER  4 2016......SUNRISE   803 AM EST   SUNSET   502 PM EST


-  INDICATES NEGATIVE NUMBERS.
R  INDICATES RECORD WAS SET OR TIED.
MM INDICATES DATA IS MISSING.
T  INDICATES TRACE AMOUNT.




$$
