000
CDUS44 KJAN 220632
CLITVR


CLIMATE REPORT
NATIONAL WEATHER SERVICE JACKSON MS
1230 AM CST SAT NOV 22 2014


...................................

...THE VICKSBURG CLIMATE SUMMARY FOR NOVEMBER 21 2014...

CLIMATE NORMAL PERIOD 1981 TO 2010
CLIMATE RECORD PERIOD 1948 TO 2014


WEATHER ITEM   OBSERVED TIME   RECORD YEAR NORMAL DEPARTURE LAST
                VALUE   (LST)  VALUE       VALUE  FROM      YEAR
                                                  NORMAL
..................................................................
TEMPERATURE (F)
 YESTERDAY
  MAXIMUM         72   1254 PM  81    2011  66      6       70
  MINIMUM         43    338 AM  22    1951  42      1       41
  AVERAGE         58                        54      4       56

PRECIPITATION (IN)
  YESTERDAY        0.00          2.95 1977   0.17  -0.17      T
  MONTH TO DATE    3.60                      3.21   0.39     0.84
  SINCE SEP 1      9.46                     10.77  -1.31    10.04
  SINCE JAN 1     53.70                     47.34   6.36    58.19

SNOWFALL (IN)
  YESTERDAY        0.0

DEGREE DAYS
 HEATING
  YESTERDAY        7                        11     -4        9
  MONTH TO DATE  342                       183    159      224
  SINCE SEP 1    425                       285    140      325
  SINCE JUL 1    425                       285    140      325

 COOLING
  YESTERDAY        0                         0      0        0
  MONTH TO DATE    4                        12     -8       16
  SINCE SEP 1    528                       432     96      557
  SINCE JAN 1   2186                      2221    -35     2264
..................................................................


WIND (MPH)
  HIGHEST WIND SPEED    17   HIGHEST WIND DIRECTION     S (160)
  HIGHEST GUST SPEED    21   HIGHEST GUST DIRECTION     S (160)
  AVERAGE WIND SPEED     6.4


SKY COVER
  POSSIBLE SUNSHINE  MM
  AVERAGE SKY COVER 0.7


WEATHER CONDITIONS
 THE FOLLOWING WEATHER WAS RECORDED YESTERDAY.
  NO SIGNIFICANT WEATHER WAS OBSERVED.


RELATIVE HUMIDITY (PERCENT)
 HIGHEST    93           100 AM
 LOWEST     38           100 PM
 AVERAGE    66

..........................................................


THE VICKSBURG CLIMATE NORMALS FOR TODAY
                         NORMAL    RECORD    YEAR
 MAXIMUM TEMPERATURE (F)   65        82      2010
                                             1965
 MINIMUM TEMPERATURE (F)   42        21      1949


SUNRISE AND SUNSET
NOVEMBER 22 2014......SUNRISE   640 AM CST   SUNSET   501 PM CST
NOVEMBER 23 2014......SUNRISE   641 AM CST   SUNSET   500 PM CST


-  INDICATES NEGATIVE NUMBERS.
R  INDICATES RECORD WAS SET OR TIED.
MM INDICATES DATA IS MISSING.
T  INDICATES TRACE AMOUNT.




$$
