000
CDUS44 KJAN 042225
CLITVR


CLIMATE REPORT
NATIONAL WEATHER SERVICE JACKSON MS
418 PM CST WED MAR 4 2015


...................................

...THE VICKSBURG CLIMATE SUMMARY FOR MARCH 4 2015...
VALID TODAY AS OF 0400 PM LOCAL TIME.

CLIMATE NORMAL PERIOD 1981 TO 2010
CLIMATE RECORD PERIOD 1948 TO 2015


WEATHER ITEM   OBSERVED TIME   RECORD YEAR NORMAL DEPARTURE LAST
                VALUE   (LST)  VALUE       VALUE  FROM      YEAR
                                                  NORMAL
..................................................................
TEMPERATURE (F)
 TODAY
  MAXIMUM         82    119 PM  83    1976  65     17       36
  MINIMUM         63    412 AM  18    1980  43     20       25
  AVERAGE         73                        54     19       31

PRECIPITATION (IN)
  TODAY            0.00          5.75 1977   0.19  -0.19     0.00
  MONTH TO DATE    0.39                      0.75  -0.36     0.40
  SINCE MAR 1      0.39                      0.75  -0.36     0.40
  SINCE JAN 1     11.64                     11.09   0.55     5.82

SNOWFALL (IN)
  TODAY            0.0

DEGREE DAYS
 HEATING
  TODAY            0                        11    -11       34
  MONTH TO DATE   39                        46     -7       73
  SINCE MAR 1     39                        46     -7       73
  SINCE JUL 1   2297                      2022    275     2482

 COOLING
  TODAY            8                         1      7        0
  MONTH TO DATE    8                         1      7        2
  SINCE MAR 1      8                         1      7        2
  SINCE JAN 1      8                        10     -2        9
..................................................................


WIND (MPH)
  HIGHEST WIND SPEED    20   HIGHEST WIND DIRECTION    SW (220)
  HIGHEST GUST SPEED    33   HIGHEST GUST DIRECTION    SW (210)
  AVERAGE WIND SPEED     8.5


SKY COVER
  POSSIBLE SUNSHINE  MM
  AVERAGE SKY COVER 0.7


WEATHER CONDITIONS
 THE FOLLOWING WEATHER WAS RECORDED TODAY.
  FOG
  FOG W/VISIBILITY <= 1/4 MILE


RELATIVE HUMIDITY (PERCENT)
 HIGHEST   100           100 AM
 LOWEST     54           200 PM
 AVERAGE    77

..........................................................


THE VICKSBURG CLIMATE NORMALS FOR TOMORROW
                         NORMAL    RECORD    YEAR
 MAXIMUM TEMPERATURE (F)   65        84      1955
 MINIMUM TEMPERATURE (F)   44        19      1978


SUNRISE AND SUNSET
MARCH  4 2015.........SUNRISE   628 AM CST   SUNSET   604 PM CST
MARCH  5 2015.........SUNRISE   627 AM CST   SUNSET   605 PM CST


-  INDICATES NEGATIVE NUMBERS.
R  INDICATES RECORD WAS SET OR TIED.
MM INDICATES DATA IS MISSING.
T  INDICATES TRACE AMOUNT.




$$
