000
CDUS44 KJAN 272208
CLITVR


CLIMATE REPORT
NATIONAL WEATHER SERVICE JACKSON MS
404 PM CST MON FEB 27 2017


...................................

...THE VICKSBURG CLIMATE SUMMARY FOR FEBRUARY 27 2017...
VALID TODAY AS OF 0400 PM LOCAL TIME.

CLIMATE NORMAL PERIOD 1981 TO 2010
CLIMATE RECORD PERIOD 1948 TO 2017


WEATHER ITEM   OBSERVED TIME   RECORD YEAR NORMAL DEPARTURE LAST
                VALUE   (LST)  VALUE       VALUE  FROM      YEAR
                                                  NORMAL
..................................................................
TEMPERATURE (F)
 TODAY
  MAXIMUM         63    259 PM  84    2011  64     -1       67
  MINIMUM         54    811 AM  17    2014  42     12       34
  AVERAGE         59                        53      6       51

PRECIPITATION (IN)
  TODAY            1.19          1.44 1984   0.19   1.00     0.00
  MONTH TO DATE    2.53                      5.08  -2.55     4.30
  SINCE DEC 1     13.03                     15.76  -2.73    15.55
  SINCE JAN 1      6.76                     10.15  -3.39    10.00

SNOWFALL (IN)
  TODAY            0.0

DEGREE DAYS
 HEATING
  TODAY            6                        12     -6       14
  MONTH TO DATE  201                       419   -218      317
  SINCE DEC 1   1000                      1561   -561     1180
  SINCE JUL 1   1277                      1963   -686     1369

 COOLING
  TODAY            0                         0      0        0
  MONTH TO DATE   28                         0     28       11
  SINCE DEC 1     70                         9     61       74
  SINCE JAN 1     42                         3     39       12
..................................................................


WIND (MPH)
  HIGHEST WIND SPEED    18   HIGHEST WIND DIRECTION     N (10)
  HIGHEST GUST SPEED    26   HIGHEST GUST DIRECTION     N (360)
  AVERAGE WIND SPEED    10.0


SKY COVER
  POSSIBLE SUNSHINE  MM
  AVERAGE SKY COVER 0.8


WEATHER CONDITIONS
 THE FOLLOWING WEATHER WAS RECORDED TODAY.
  THUNDERSTORM
  HEAVY RAIN
  RAIN
  LIGHT RAIN
  FOG


RELATIVE HUMIDITY (PERCENT)
 HIGHEST    93           900 AM
 LOWEST     72          1200 AM
 AVERAGE    83

..........................................................


THE VICKSBURG CLIMATE NORMALS FOR TOMORROW
                         NORMAL    RECORD    YEAR
 MAXIMUM TEMPERATURE (F)   64        83      1962
 MINIMUM TEMPERATURE (F)   43        20      2002


SUNRISE AND SUNSET
FEBRUARY 27 2017......SUNRISE   634 AM CST   SUNSET   600 PM CST
FEBRUARY 28 2017......SUNRISE   632 AM CST   SUNSET   601 PM CST


-  INDICATES NEGATIVE NUMBERS.
R  INDICATES RECORD WAS SET OR TIED.
MM INDICATES DATA IS MISSING.
T  INDICATES TRACE AMOUNT.




$$
