000
CDUS44 KJAN 290725
CLITVR


CLIMATE REPORT
NATIONAL WEATHER SERVICE JACKSON MS
221 AM CDT TUE JUL 29 2014


...................................

...THE VICKSBURG CLIMATE SUMMARY FOR JULY 28 2014...

CLIMATE NORMAL PERIOD 1981 TO 2010
CLIMATE RECORD PERIOD 1948 TO 2014


WEATHER ITEM   OBSERVED TIME   RECORD YEAR NORMAL DEPARTURE LAST
                VALUE   (LST)  VALUE       VALUE  FROM      YEAR
                                                  NORMAL
..................................................................
TEMPERATURE (F)
 YESTERDAY
  MAXIMUM         93   1231 PM 102    2008  93      0       90
  MINIMUM         72   1159 PM  63    2004  71      1       67
                                      1994
  AVERAGE         83                        82      1       79

PRECIPITATION (IN)
  YESTERDAY        0.03          0.75 1983   0.11  -0.08     0.00
  MONTH TO DATE    2.90                      3.30  -0.40     6.45
  SINCE JUN 1      9.45                      7.29   2.16    11.78
  SINCE JAN 1     37.78                     32.59   5.19    47.10

SNOWFALL (IN)
  YESTERDAY        0.0

DEGREE DAYS
 HEATING
  YESTERDAY        0                         0      0        0
  MONTH TO DATE    0                         0      0        0
  SINCE JUN 1      0                         0      0        0
  SINCE JUL 1      0                         0      0        0

 COOLING
  YESTERDAY       18                        17      1       14
  MONTH TO DATE  378                       462    -84      397
  SINCE JUN 1    802                       880    -78      838
  SINCE JAN 1   1152                      1250    -98     1168
..................................................................


WIND (MPH)
  HIGHEST WIND SPEED    10   HIGHEST WIND DIRECTION     N (10)
  HIGHEST GUST SPEED    14   HIGHEST GUST DIRECTION     N (350)
  AVERAGE WIND SPEED     5.1


SKY COVER
  POSSIBLE SUNSHINE  MM
  AVERAGE SKY COVER 0.1


WEATHER CONDITIONS
 THE FOLLOWING WEATHER WAS RECORDED YESTERDAY.
  LIGHT RAIN
  FOG


RELATIVE HUMIDITY (PERCENT)
 HIGHEST    94           100 AM
 LOWEST     47           100 PM
 AVERAGE    71

..........................................................


THE VICKSBURG CLIMATE NORMALS FOR TODAY
                         NORMAL    RECORD    YEAR
 MAXIMUM TEMPERATURE (F)   93       100      2008
                                             1986
 MINIMUM TEMPERATURE (F)   71        64      1994


SUNRISE AND SUNSET
JULY 29 2014..........SUNRISE   617 AM CDT   SUNSET   804 PM CDT
JULY 30 2014..........SUNRISE   617 AM CDT   SUNSET   803 PM CDT


-  INDICATES NEGATIVE NUMBERS.
R  INDICATES RECORD WAS SET OR TIED.
MM INDICATES DATA IS MISSING.
T  INDICATES TRACE AMOUNT.




$$
