000
CDUS45 KBOI 210948
CLITWF


CLIMATE REPORT
NATIONAL WEATHER SERVICE BOISE ID
348 AM MDT TUE OCT 21 2014


...................................

...THE TWIN FALLS ID CLIMATE SUMMARY FOR OCTOBER 20 2014...

CLIMATE NORMAL PERIOD 1981 TO 2010
CLIMATE RECORD PERIOD 9999 TO 9999


WEATHER ITEM   OBSERVED TIME   NORMAL DEPARTURE LAST
                VALUE   (LST)  VALUE  FROM      YEAR
                                      NORMAL
......................................................
TEMPERATURE (F)
 YESTERDAY
  MAXIMUM         83    239 PM  61     22       64
  MINIMUM         42    718 AM  36      6       44
  AVERAGE         63

PRECIPITATION (IN)
  YESTERDAY        0.00          0.02  -0.02     0.00
  MONTH TO DATE    0.00          0.50  -0.50     0.09
  SINCE OCT 1      0.00          0.50  -0.50     0.09
  SINCE JAN 1     13.04          7.95   5.09     4.20

DEGREE DAYS
 HEATING
  YESTERDAY        2            16    -14       11
  MONTH TO DATE  134           254   -120      335
  SINCE SEP 1    217           394   -177      442
  SINCE JUL 1    236           415   -179      442

 COOLING
  YESTERDAY        0             0      0        0
  MONTH TO DATE    6             0      6        0
  SINCE SEP 1     92            61     31       99
  SINCE JAN 1    851           678    173     1138
......................................................


WIND (MPH)
  HIGHEST WIND SPEED    23   HIGHEST WIND DIRECTION    SE (150)
  HIGHEST GUST SPEED    30   HIGHEST GUST DIRECTION    SE (150)
  AVERAGE WIND SPEED    10.3


SKY COVER
  AVERAGE SKY COVER 0.1


WEATHER CONDITIONS
 THE FOLLOWING WEATHER WAS RECORDED YESTERDAY.
  NO SIGNIFICANT WEATHER WAS OBSERVED.


RELATIVE HUMIDITY (PERCENT)
 HIGHEST    62           700 AM
 LOWEST     15           400 PM
 AVERAGE    39

..........................................................




SUNRISE AND SUNSET
OCTOBER 21 2014.......SUNRISE   758 AM MDT   SUNSET   646 PM MDT
OCTOBER 22 2014.......SUNRISE   759 AM MDT   SUNSET   645 PM MDT


-  INDICATES NEGATIVE NUMBERS.
R  INDICATES RECORD WAS SET OR TIED.
MM INDICATES DATA IS MISSING.
T  INDICATES TRACE AMOUNT.




$$
