000
CDUS45 KBOI 200935
CLITWF


CLIMATE REPORT
NATIONAL WEATHER SERVICE BOISE ID
334 AM MDT FRI OCT 20 2017


...................................

...THE TWIN FALLS ID CLIMATE SUMMARY FOR OCTOBER 19 2017...

CLIMATE NORMAL PERIOD 1981 TO 2010
CLIMATE RECORD PERIOD 9999 TO 9999


WEATHER ITEM   OBSERVED TIME   NORMAL DEPARTURE LAST
                VALUE   (LST)  VALUE  FROM      YEAR
                                      NORMAL
......................................................
TEMPERATURE (F)
 YESTERDAY
  MAXIMUM         79    316 PM  62     17       53
  MINIMUM         40    625 AM  37      3       32
  AVERAGE         60

PRECIPITATION (IN)
  YESTERDAY        0.00          0.02  -0.02     0.00
  MONTH TO DATE    0.40          0.48  -0.08     1.24
  SINCE OCT 1      0.40          0.48  -0.08     1.24
  SINCE JAN 1      8.53          7.93   0.60    10.15

DEGREE DAYS
 HEATING
  YESTERDAY        5            16    -11       22
  MONTH TO DATE  362           238    124      268
  SINCE SEP 1    592           378    214      446
  SINCE JUL 1    594           399    195      470

 COOLING
  YESTERDAY        0             0      0        0
  MONTH TO DATE    0             0      0        0
  SINCE SEP 1    119            61     58       26
  SINCE JAN 1    871           678    193      642
......................................................


WIND (MPH)
  HIGHEST WIND SPEED    17   HIGHEST WIND DIRECTION     N (350)
  HIGHEST GUST SPEED    21   HIGHEST GUST DIRECTION     S (190)
  AVERAGE WIND SPEED     9.6


SKY COVER
  AVERAGE SKY COVER 0.0


WEATHER CONDITIONS
 THE FOLLOWING WEATHER WAS RECORDED YESTERDAY.
  HAZE


RELATIVE HUMIDITY (PERCENT)
 HIGHEST    33          1100 PM
 LOWEST      9           300 PM
 AVERAGE    21

..........................................................




SUNRISE AND SUNSET
OCTOBER 20 2017.......SUNRISE   757 AM MDT   SUNSET   647 PM MDT
OCTOBER 21 2017.......SUNRISE   758 AM MDT   SUNSET   646 PM MDT


-  INDICATES NEGATIVE NUMBERS.
R  INDICATES RECORD WAS SET OR TIED.
MM INDICATES DATA IS MISSING.
T  INDICATES TRACE AMOUNT.




$$
