000
CDUS45 KBOI 020931
CLITWF


CLIMATE REPORT
NATIONAL WEATHER SERVICE BOISE ID
331 AM MDT TUE SEP 2 2014


...................................

...THE TWIN FALLS ID CLIMATE SUMMARY FOR SEPTEMBER 1 2014...

CLIMATE NORMAL PERIOD 1981 TO 2010
CLIMATE RECORD PERIOD 9999 TO 9999


WEATHER ITEM   OBSERVED TIME   NORMAL DEPARTURE LAST
                VALUE   (LST)  VALUE  FROM      YEAR
                                      NORMAL
......................................................
TEMPERATURE (F)
 YESTERDAY
  MAXIMUM         76    350 PM  84     -8       92
  MINIMUM         51    628 AM  52     -1       57
  AVERAGE         64

PRECIPITATION (IN)
  YESTERDAY        0.00          0.02  -0.02     0.00
  MONTH TO DATE    0.00          0.02  -0.02     0.00
  SINCE OCT 1     12.72         10.15   2.57     6.37
  SINCE JAN 1     12.25          6.90   5.35     3.19

DEGREE DAYS
 HEATING
  YESTERDAY        1             2     -1        0
  MONTH TO DATE    1             2     -1        0
  SINCE SEP 1      1             2     -1        0
  SINCE JUL 1     20            23     -3        0

 COOLING
  YESTERDAY        0             5     -5       10
  MONTH TO DATE    0             5     -5       10
  SINCE SEP 1      0             5     -5       10
  SINCE JAN 1    759           622    137     1049
......................................................


WIND (MPH)
  HIGHEST WIND SPEED    17   HIGHEST WIND DIRECTION     W (280)
  HIGHEST GUST SPEED    20   HIGHEST GUST DIRECTION     W (290)
  AVERAGE WIND SPEED    10.6


SKY COVER
  AVERAGE SKY COVER 0.0


WEATHER CONDITIONS
 THE FOLLOWING WEATHER WAS RECORDED YESTERDAY.
  NO SIGNIFICANT WEATHER WAS OBSERVED.


RELATIVE HUMIDITY (PERCENT)
 HIGHEST    64          1200 AM
 LOWEST     25           500 PM
 AVERAGE    45

..........................................................




SUNRISE AND SUNSET
SEPTEMBER  2 2014.....SUNRISE   704 AM MDT   SUNSET   810 PM MDT
SEPTEMBER  3 2014.....SUNRISE   705 AM MDT   SUNSET   808 PM MDT


-  INDICATES NEGATIVE NUMBERS.
R  INDICATES RECORD WAS SET OR TIED.
MM INDICATES DATA IS MISSING.
T  INDICATES TRACE AMOUNT.




$$
