000
CDUS45 KBOI 220931
CLITWF


CLIMATE REPORT
NATIONAL WEATHER SERVICE BOISE ID
331 AM MDT MON SEP 22 2014


...................................

...THE TWIN FALLS ID CLIMATE SUMMARY FOR SEPTEMBER 21 2014...

CLIMATE NORMAL PERIOD 1981 TO 2010
CLIMATE RECORD PERIOD 9999 TO 9999


WEATHER ITEM   OBSERVED TIME   NORMAL DEPARTURE LAST
                VALUE   (LST)  VALUE  FROM      YEAR
                                      NORMAL
......................................................
TEMPERATURE (F)
 YESTERDAY
  MAXIMUM         70   1240 PM  75     -5       80
  MINIMUM         55   1156 PM  46      9       53
  AVERAGE         63

PRECIPITATION (IN)
  YESTERDAY        0.13          0.02   0.11     0.00
  MONTH TO DATE    0.13          0.36  -0.23     0.73
  SINCE OCT 1     12.85         10.49   2.36     7.10
  SINCE JAN 1     12.38          7.24   5.14     3.92

DEGREE DAYS
 HEATING
  YESTERDAY        2             6     -4        0
  MONTH TO DATE   43            73    -30       24
  SINCE SEP 1     43            73    -30       24
  SINCE JUL 1     62            94    -32       24

 COOLING
  YESTERDAY        0             1     -1        2
  MONTH TO DATE   62            55      7       99
  SINCE SEP 1     62            55      7       99
  SINCE JAN 1    821           672    149     1138
......................................................


WIND (MPH)
  HIGHEST WIND SPEED    17   HIGHEST WIND DIRECTION    SE (150)
  HIGHEST GUST SPEED    22   HIGHEST GUST DIRECTION    SE (150)
  AVERAGE WIND SPEED     7.5


SKY COVER
  AVERAGE SKY COVER 0.5


WEATHER CONDITIONS
 THE FOLLOWING WEATHER WAS RECORDED YESTERDAY.
  LIGHT RAIN
  FOG


RELATIVE HUMIDITY (PERCENT)
 HIGHEST    87           800 PM
 LOWEST     44           800 AM
 AVERAGE    66

..........................................................




SUNRISE AND SUNSET
SEPTEMBER 22 2014.....SUNRISE   725 AM MDT   SUNSET   735 PM MDT
SEPTEMBER 23 2014.....SUNRISE   726 AM MDT   SUNSET   733 PM MDT


-  INDICATES NEGATIVE NUMBERS.
R  INDICATES RECORD WAS SET OR TIED.
MM INDICATES DATA IS MISSING.
T  INDICATES TRACE AMOUNT.




$$
