244
CDUS45 KBOI 240931
CLITWF


CLIMATE REPORT
NATIONAL WEATHER SERVICE BOISE ID
331 AM MDT MON APR 24 2017


...................................

...THE TWIN FALLS ID CLIMATE SUMMARY FOR APRIL 23 2017...

CLIMATE NORMAL PERIOD 1981 TO 2010
CLIMATE RECORD PERIOD 9999 TO 9999


WEATHER ITEM   OBSERVED TIME   NORMAL DEPARTURE LAST
                VALUE   (LST)  VALUE  FROM      YEAR
                                      NORMAL
......................................................
TEMPERATURE (F)
 YESTERDAY
  MAXIMUM         63    515 PM  63      0       48
  MINIMUM         38    614 AM  37      1       40
  AVERAGE         51

PRECIPITATION (IN)
  YESTERDAY        0.02          0.04  -0.02     0.34
  MONTH TO DATE    0.72          0.84  -0.12     0.70
  SINCE OCT 1      9.33          6.92   2.41     7.90
  SINCE JAN 1      4.83          3.67   1.16     3.52

DEGREE DAYS
 HEATING
  YESTERDAY       14            15     -1       21
  MONTH TO DATE  448           409     39      278
  SINCE MAR 1   1062          1131    -69      955
  SINCE JUL 1   5842          5698    144     5241

 COOLING
  YESTERDAY        0             0      0        0
  MONTH TO DATE    0             0      0        0
  SINCE MAR 1      0             0      0        0
  SINCE JAN 1      0             0      0        0
......................................................


WIND (MPH)
  HIGHEST WIND SPEED    26   HIGHEST WIND DIRECTION    SW (210)
  HIGHEST GUST SPEED    34   HIGHEST GUST DIRECTION    SW (210)
  AVERAGE WIND SPEED     9.8


SKY COVER
  AVERAGE SKY COVER 0.3


WEATHER CONDITIONS
 THE FOLLOWING WEATHER WAS RECORDED YESTERDAY.
  LIGHT RAIN


RELATIVE HUMIDITY (PERCENT)
 HIGHEST   100           600 AM
 LOWEST     36           500 PM
 AVERAGE    68

..........................................................




SUNRISE AND SUNSET
APRIL 24 2017.........SUNRISE   642 AM MDT   SUNSET   830 PM MDT
APRIL 25 2017.........SUNRISE   641 AM MDT   SUNSET   831 PM MDT


-  INDICATES NEGATIVE NUMBERS.
R  INDICATES RECORD WAS SET OR TIED.
MM INDICATES DATA IS MISSING.
T  INDICATES TRACE AMOUNT.




$$
