000
CDUS45 KBOI 250931
CLITWF


CLIMATE REPORT
NATIONAL WEATHER SERVICE BOISE ID
330 AM MDT SUN JUN 25 2017


...................................

...THE TWIN FALLS ID CLIMATE SUMMARY FOR JUNE 24 2017...

CLIMATE NORMAL PERIOD 1981 TO 2010
CLIMATE RECORD PERIOD 9999 TO 9999


WEATHER ITEM   OBSERVED TIME   NORMAL DEPARTURE LAST
                VALUE   (LST)  VALUE  FROM      YEAR
                                      NORMAL
......................................................
TEMPERATURE (F)
 YESTERDAY
  MAXIMUM         85    436 PM  83      2       75
  MINIMUM         54    322 AM  52      2       49
  AVERAGE         70

PRECIPITATION (IN)
  YESTERDAY        0.00          0.03  -0.03     0.00
  MONTH TO DATE    0.75          0.82  -0.07     0.27
  SINCE OCT 1     11.62          9.40   2.22    10.81
  SINCE JAN 1      7.12          6.15   0.97     6.43

DEGREE DAYS
 HEATING
  YESTERDAY        0             1     -1        3
  MONTH TO DATE   72            82    -10       49
  SINCE JUN 1     72            82    -10       49
  SINCE JUL 1   6370          6166    204     5705

 COOLING
  YESTERDAY        5             4      1        0
  MONTH TO DATE   73            58     15       91
  SINCE JUN 1     73            58     15       91
  SINCE JAN 1     82            80      2       94
......................................................


WIND (MPH)
  HIGHEST WIND SPEED    15   HIGHEST WIND DIRECTION     W (280)
  HIGHEST GUST SPEED    23   HIGHEST GUST DIRECTION    NW (300)
  AVERAGE WIND SPEED    10.2


SKY COVER
  AVERAGE SKY COVER 0.0


WEATHER CONDITIONS
 THE FOLLOWING WEATHER WAS RECORDED YESTERDAY.
  NO SIGNIFICANT WEATHER WAS OBSERVED.


RELATIVE HUMIDITY (PERCENT)
 HIGHEST    57           900 PM
 LOWEST     15           700 PM
 AVERAGE    36

..........................................................




SUNRISE AND SUNSET
JUNE 25 2017..........SUNRISE   602 AM MDT   SUNSET   919 PM MDT
JUNE 26 2017..........SUNRISE   602 AM MDT   SUNSET   919 PM MDT


-  INDICATES NEGATIVE NUMBERS.
R  INDICATES RECORD WAS SET OR TIED.
MM INDICATES DATA IS MISSING.
T  INDICATES TRACE AMOUNT.




$$
