342
CDUS45 KBOI 040932
CLITWF


CLIMATE REPORT
NATIONAL WEATHER SERVICE BOISE ID
332 AM MDT WED MAY 4 2016


...................................

...THE TWIN FALLS ID CLIMATE SUMMARY FOR MAY 3 2016...

CLIMATE NORMAL PERIOD 1981 TO 2010
CLIMATE RECORD PERIOD 9999 TO 9999


WEATHER ITEM   OBSERVED TIME   NORMAL DEPARTURE LAST
                VALUE   (LST)  VALUE  FROM      YEAR
                                      NORMAL
......................................................
TEMPERATURE (F)
 YESTERDAY
  MAXIMUM         75    409 PM  66      9       78
  MINIMUM         41    558 AM  39      2       52
  AVERAGE         58

PRECIPITATION (IN)
  YESTERDAY        0.00          0.06  -0.06      T
  MONTH TO DATE    0.00          0.17  -0.17      T
  SINCE OCT 1      8.67          7.39   1.28     4.86
  SINCE JAN 1      4.29          4.14   0.15     1.86

DEGREE DAYS
 HEATING
  YESTERDAY        7            13     -6        0
  MONTH TO DATE   36            39     -3        9
  SINCE MAR 1   1114          1270   -156      950
  SINCE JUL 1   5400          5837   -437     4643

 COOLING
  YESTERDAY        0             0      0        0
  MONTH TO DATE    0             0      0        0
  SINCE MAR 1      0             1     -1        0
  SINCE JAN 1      0             1     -1        0
......................................................


WIND (MPH)
  HIGHEST WIND SPEED    17   HIGHEST WIND DIRECTION     S (190)
  HIGHEST GUST SPEED    22   HIGHEST GUST DIRECTION     S (170)
  AVERAGE WIND SPEED     8.1


SKY COVER
  AVERAGE SKY COVER 0.0


WEATHER CONDITIONS
 THE FOLLOWING WEATHER WAS RECORDED YESTERDAY.
  NO SIGNIFICANT WEATHER WAS OBSERVED.


RELATIVE HUMIDITY (PERCENT)
 HIGHEST    70           600 AM
 LOWEST     22           300 PM
 AVERAGE    46

..........................................................




SUNRISE AND SUNSET
MAY  4 2016...........SUNRISE   628 AM MDT   SUNSET   842 PM MDT
MAY  5 2016...........SUNRISE   627 AM MDT   SUNSET   843 PM MDT


-  INDICATES NEGATIVE NUMBERS.
R  INDICATES RECORD WAS SET OR TIED.
MM INDICATES DATA IS MISSING.
T  INDICATES TRACE AMOUNT.




$$
