000
CDUS45 KBOI 240937
CLITWF


CLIMATE REPORT
NATIONAL WEATHER SERVICE BOISE ID
336 AM MDT TUE MAY 24 2016


...................................

...THE TWIN FALLS ID CLIMATE SUMMARY FOR MAY 23 2016...

CLIMATE NORMAL PERIOD 1981 TO 2010
CLIMATE RECORD PERIOD 9999 TO 9999


WEATHER ITEM   OBSERVED TIME   NORMAL DEPARTURE LAST
                VALUE   (LST)  VALUE  FROM      YEAR
                                      NORMAL
......................................................
TEMPERATURE (F)
 YESTERDAY
  MAXIMUM         63    547 PM  72     -9       71
  MINIMUM         36    443 AM  45     -9       52
  AVERAGE         50

PRECIPITATION (IN)
  YESTERDAY        0.02          0.05  -0.03     0.11
  MONTH TO DATE    1.85          1.03   0.82     2.00
  SINCE OCT 1     10.52          8.25   2.27     6.86
  SINCE JAN 1      6.14          5.00   1.14     3.86

DEGREE DAYS
 HEATING
  YESTERDAY       15             8      7        3
  MONTH TO DATE  232           235     -3      175
  SINCE MAR 1   1310          1466   -156     1116
  SINCE JUL 1   5596          6033   -437     4809

 COOLING
  YESTERDAY        0             1     -1        0
  MONTH TO DATE    3            11     -8        0
  SINCE MAR 1      3            12     -9        0
  SINCE JAN 1      3            12     -9        0
......................................................


WIND (MPH)
  HIGHEST WIND SPEED    22   HIGHEST WIND DIRECTION    SE (140)
  HIGHEST GUST SPEED    27   HIGHEST GUST DIRECTION    SE (140)
  AVERAGE WIND SPEED     8.4


SKY COVER
  AVERAGE SKY COVER 0.2


WEATHER CONDITIONS
 THE FOLLOWING WEATHER WAS RECORDED YESTERDAY.
  LIGHT RAIN


RELATIVE HUMIDITY (PERCENT)
 HIGHEST    85           500 AM
 LOWEST     36           300 PM
 AVERAGE    61

..........................................................




SUNRISE AND SUNSET
MAY 24 2016...........SUNRISE   608 AM MDT   SUNSET   902 PM MDT
MAY 25 2016...........SUNRISE   607 AM MDT   SUNSET   903 PM MDT


-  INDICATES NEGATIVE NUMBERS.
R  INDICATES RECORD WAS SET OR TIED.
MM INDICATES DATA IS MISSING.
T  INDICATES TRACE AMOUNT.




$$
