000
CDUS44 KSHV 130844
CLITXK


CLIMATE REPORT
NATIONAL WEATHER SERVICE SHREVEPORT, LA
239 AM CST WED DEC 13 2017


...................................

...THE TEXARKANA CLIMATE SUMMARY FOR DECEMBER 12 2017...

CLIMATE NORMAL PERIOD 1981 TO 2010
CLIMATE RECORD PERIOD 1896 TO 2017


WEATHER ITEM   OBSERVED TIME   RECORD YEAR NORMAL DEPARTURE LAST
                VALUE   (LST)  VALUE       VALUE  FROM      YEAR
                                                  NORMAL
..................................................................
TEMPERATURE (F)
 YESTERDAY
  MAXIMUM         56    306 PM  78    1973  56      0       63
  MINIMUM         36   1115 PM  15    1962  36      0       53
  AVERAGE         46                        46      0       58

PRECIPITATION (IN)
  YESTERDAY        0.00          1.37 1999   0.17  -0.17     0.00
  MONTH TO DATE    0.56                      2.13  -1.57     1.23
  SINCE DEC 1      0.56                      2.13  -1.57     1.23
  SINCE JAN 1     44.00                     46.73  -2.73    44.14

SNOWFALL (IN)
  YESTERDAY        0.0
  MONTH TO DATE    0.0
  SINCE DEC 1      0.0
  SINCE JUL 1      0.0
  SNOW DEPTH       0

DEGREE DAYS
 HEATING
  YESTERDAY       19                        19      0        7
  MONTH TO DATE  179                       215    -36      225
  SINCE DEC 1    179                       215    -36      225
  SINCE JUL 1    535                       673   -138      459

 COOLING
  YESTERDAY        0                         0      0        0
  MONTH TO DATE    2                         0      2        0
  SINCE DEC 1      2                         0      2        0
  SINCE JAN 1   2209                      2204      5     2587
..................................................................


WIND (MPH)
  HIGHEST WIND SPEED    16   HIGHEST WIND DIRECTION     N (340)
  HIGHEST GUST SPEED    23   HIGHEST GUST DIRECTION    NW (330)
  AVERAGE WIND SPEED     8.5


SKY COVER
  POSSIBLE SUNSHINE  MM
  AVERAGE SKY COVER 0.0


WEATHER CONDITIONS
 THE FOLLOWING WEATHER WAS RECORDED YESTERDAY.
  NO SIGNIFICANT WEATHER WAS OBSERVED.


RELATIVE HUMIDITY (PERCENT)
 HIGHEST    57           800 AM
 LOWEST     18           300 PM
 AVERAGE    38

..........................................................


THE TEXARKANA CLIMATE NORMALS FOR TODAY
                         NORMAL    RECORD    YEAR
 MAXIMUM TEMPERATURE (F)   56        80      1948
 MINIMUM TEMPERATURE (F)   36        16      1962


SUNRISE AND SUNSET
DECEMBER 13 2017......SUNRISE   711 AM CST   SUNSET   509 PM CST
DECEMBER 14 2017......SUNRISE   712 AM CST   SUNSET   510 PM CST


-  INDICATES NEGATIVE NUMBERS.
R  INDICATES RECORD WAS SET OR TIED.
MM INDICATES DATA IS MISSING.
T  INDICATES TRACE AMOUNT.




$$
