000
CDUS44 KSHV 252250
CLITXK


CLIMATE REPORT
NATIONAL WEATHER SERVICE SHREVEPORT, LA
450 PM CST THU DEC 25 2014


...................................

...THE TEXARKANA CLIMATE SUMMARY FOR DECEMBER 25 2014...
VALID TODAY AS OF 0400 PM LOCAL TIME.

CLIMATE NORMAL PERIOD 1981 TO 2010
CLIMATE RECORD PERIOD 1896 TO 2014


WEATHER ITEM   OBSERVED TIME   RECORD YEAR NORMAL DEPARTURE LAST
                VALUE   (LST)  VALUE       VALUE  FROM      YEAR
                                                  NORMAL
..................................................................
TEMPERATURE (F)
 TODAY
  MAXIMUM         60    258 PM  78    1922  54      6       54
  MINIMUM         32    526 AM   4    1983  34     -2       27
  AVERAGE         46                        44      2       41

PRECIPITATION (IN)
  TODAY            0.00          4.56 1987   0.15  -0.15     0.00
  MONTH TO DATE    1.74                      4.28  -2.54     5.83
  SINCE DEC 1      1.74                      4.28  -2.54     5.83
  SINCE JAN 1     34.30                     48.88 -14.58    45.34

SNOWFALL (IN)
  TODAY            0.0
  MONTH TO DATE    0.0
  SINCE DEC 1      0.0
  SINCE JUL 1      T
  SNOW DEPTH       0

DEGREE DAYS
 HEATING
  TODAY           19                        21     -2       24
  MONTH TO DATE  408                       480    -72      500
  SINCE DEC 1    408                       480    -72      500
  SINCE JUL 1    918                       938    -20     1025

 COOLING
  TODAY            0                         0      0        0
  MONTH TO DATE    1                         0      1        2
  SINCE DEC 1      1                         0      1        2
  SINCE JAN 1   2134                      2204    -70     2354
..................................................................


WIND (MPH)
  HIGHEST WIND SPEED    21   HIGHEST WIND DIRECTION    SW (210)
  HIGHEST GUST SPEED    26   HIGHEST GUST DIRECTION    SW (210)
  AVERAGE WIND SPEED     9.5


SKY COVER
  POSSIBLE SUNSHINE  MM
  AVERAGE SKY COVER 0.0


WEATHER CONDITIONS
 THE FOLLOWING WEATHER WAS RECORDED TODAY.
  NO SIGNIFICANT WEATHER WAS OBSERVED.


RELATIVE HUMIDITY (PERCENT)
 HIGHEST    96           600 AM
 LOWEST     29           200 PM
 AVERAGE    63

..........................................................


THE TEXARKANA CLIMATE NORMALS FOR TOMORROW
                         NORMAL    RECORD    YEAR
 MAXIMUM TEMPERATURE (F)   54        78      1922
 MINIMUM TEMPERATURE (F)   34        13      1983


SUNRISE AND SUNSET
DECEMBER 25 2014......SUNRISE   718 AM CST   SUNSET   514 PM CST
DECEMBER 26 2014......SUNRISE   718 AM CST   SUNSET   515 PM CST


-  INDICATES NEGATIVE NUMBERS.
R  INDICATES RECORD WAS SET OR TIED.
MM INDICATES DATA IS MISSING.
T  INDICATES TRACE AMOUNT.




$$
