000
CDUS44 KSHV 210858
CLITXK


CLIMATE REPORT
NATIONAL WEATHER SERVICE SHREVEPORT, LA
257 AM CST WED FEB 21 2018


...................................

...THE TEXARKANA CLIMATE SUMMARY FOR FEBRUARY 20 2018...

CLIMATE NORMAL PERIOD 1981 TO 2010
CLIMATE RECORD PERIOD 1896 TO 2018


WEATHER ITEM   OBSERVED TIME   RECORD YEAR NORMAL DEPARTURE LAST
                VALUE   (LST)  VALUE       VALUE  FROM      YEAR
                                                  NORMAL
..................................................................
TEMPERATURE (F)
 YESTERDAY
  MAXIMUM         76    159 PM  89    1986  60     16       66
  MINIMUM         63   1159 PM  18    1936  39     24       56
  AVERAGE         70                        50     20       61

PRECIPITATION (IN)
  YESTERDAY        0.15          2.85 1961   0.14   0.01     0.36
  MONTH TO DATE    3.55                      2.77   0.78     1.94
  SINCE DEC 1     12.53                     11.22   1.31    12.63
  SINCE JAN 1      5.94                      6.17  -0.23     6.21

SNOWFALL (IN)
  YESTERDAY        0.0
  MONTH TO DATE    T
  SINCE DEC 1      2.0
  SINCE JUL 1      2.0
  SNOW DEPTH       0

DEGREE DAYS
 HEATING
  YESTERDAY        0                        16    -16        4
  MONTH TO DATE  345                       357    -12      210
  SINCE DEC 1   1686                      1621     65     1155
  SINCE JUL 1   2042                      2079    -37     1389

 COOLING
  YESTERDAY        5                         0      5        0
  MONTH TO DATE   13                         0     13       11
  SINCE DEC 1     15                         4     11       32
  SINCE JAN 1     13                         1     12       25
..................................................................


WIND (MPH)
  HIGHEST WIND SPEED    21   HIGHEST WIND DIRECTION     S (190)
  HIGHEST GUST SPEED    29   HIGHEST GUST DIRECTION     S (170)
  AVERAGE WIND SPEED    12.3


SKY COVER
  POSSIBLE SUNSHINE  MM
  AVERAGE SKY COVER 0.8


WEATHER CONDITIONS
 THE FOLLOWING WEATHER WAS RECORDED YESTERDAY.
  THUNDERSTORM
  HEAVY RAIN
  RAIN
  LIGHT RAIN
  FOG


RELATIVE HUMIDITY (PERCENT)
 HIGHEST    97           900 PM
 LOWEST     64           100 PM
 AVERAGE    81

..........................................................


THE TEXARKANA CLIMATE NORMALS FOR TODAY
                         NORMAL    RECORD    YEAR
 MAXIMUM TEMPERATURE (F)   60        86      1996
 MINIMUM TEMPERATURE (F)   39        21      1978


SUNRISE AND SUNSET
FEBRUARY 21 2018......SUNRISE   654 AM CST   SUNSET   606 PM CST
FEBRUARY 22 2018......SUNRISE   652 AM CST   SUNSET   607 PM CST


-  INDICATES NEGATIVE NUMBERS.
R  INDICATES RECORD WAS SET OR TIED.
MM INDICATES DATA IS MISSING.
T  INDICATES TRACE AMOUNT.




$$
