000
CDUS44 KSHV 030853
CLITXK


CLIMATE REPORT
NATIONAL WEATHER SERVICE SHREVEPORT, LA
253 AM CST TUE MAR 3 2015


...................................

...THE TEXARKANA CLIMATE SUMMARY FOR MARCH 2 2015...

CLIMATE NORMAL PERIOD 1981 TO 2010
CLIMATE RECORD PERIOD 1896 TO 2015


WEATHER ITEM   OBSERVED TIME   RECORD YEAR NORMAL DEPARTURE LAST
                VALUE   (LST)  VALUE       VALUE  FROM      YEAR
                                                  NORMAL
..................................................................
TEMPERATURE (F)
 YESTERDAY
  MAXIMUM         41    114 AM  83    1983  63    -22       67
  MINIMUM         36   1159 PM  18    1980  41     -5       33
  AVERAGE         39                        52    -13       50

PRECIPITATION (IN)
  YESTERDAY        0.05          2.45 1934   0.14  -0.09     1.31
  MONTH TO DATE    0.47                      0.28   0.19     1.32
  SINCE DEC 1     11.24                     12.72  -1.48    11.07
  SINCE JAN 1      8.56                      7.67   0.89     5.24

SNOWFALL (IN)
  YESTERDAY        0.0
  MONTH TO DATE    0.0
  SINCE MAR 1      0.0
  SINCE JUL 1      4.2
  SNOW DEPTH       0

DEGREE DAYS
 HEATING
  YESTERDAY       26                        13     13       15
  MONTH TO DATE   53                        26     27       20
  SINCE MAR 1     53                        26     27       20
  SINCE JUL 1   2434                      2220    214     2488

 COOLING
  YESTERDAY        0                         0      0        0
  MONTH TO DATE    0                         0      0        0
  SINCE MAR 1      0                         0      0        0
  SINCE JAN 1      0                         4     -4        0
..................................................................


WIND (MPH)
  HIGHEST WIND SPEED    15   HIGHEST WIND DIRECTION    NE (50)
  HIGHEST GUST SPEED    21   HIGHEST GUST DIRECTION     E (70)
  AVERAGE WIND SPEED     6.6


SKY COVER
  POSSIBLE SUNSHINE  MM
  AVERAGE SKY COVER 1.0


WEATHER CONDITIONS
 THE FOLLOWING WEATHER WAS RECORDED YESTERDAY.
  RAIN
  LIGHT RAIN
  FOG


RELATIVE HUMIDITY (PERCENT)
 HIGHEST   100           200 AM
 LOWEST     92           400 AM
 AVERAGE    96

..........................................................


THE TEXARKANA CLIMATE NORMALS FOR TODAY
                         NORMAL    RECORD    YEAR
 MAXIMUM TEMPERATURE (F)   63        85      1921
 MINIMUM TEMPERATURE (F)   42        11      1943


SUNRISE AND SUNSET
MARCH  3 2015.........SUNRISE   642 AM CST   SUNSET   614 PM CST
MARCH  4 2015.........SUNRISE   641 AM CST   SUNSET   615 PM CST


-  INDICATES NEGATIVE NUMBERS.
R  INDICATES RECORD WAS SET OR TIED.
MM INDICATES DATA IS MISSING.
T  INDICATES TRACE AMOUNT.




$$
