410
CDUS44 KSHV 172251
CLITXK


CLIMATE REPORT
NATIONAL WEATHER SERVICE SHREVEPORT, LA
450 PM CST TUE JAN 17 2017


...................................

...THE TEXARKANA CLIMATE SUMMARY FOR JANUARY 17 2017...
VALID TODAY AS OF 0400 PM LOCAL TIME.

CLIMATE NORMAL PERIOD 1981 TO 2010
CLIMATE RECORD PERIOD 1896 TO 2017


WEATHER ITEM   OBSERVED TIME   RECORD YEAR NORMAL DEPARTURE LAST
                VALUE   (LST)  VALUE       VALUE  FROM      YEAR
                                                  NORMAL
..................................................................
TEMPERATURE (F)
 TODAY
  MAXIMUM         54   1229 AM  79    1952  54      0       50
  MINIMUM         48    826 AM  11    1981  34     14       27
  AVERAGE         51                        44      7       39

PRECIPITATION (IN)
  TODAY            0.22          2.07 1990   0.09   0.13     0.00
  MONTH TO DATE    1.90                      1.88   0.02     0.70
  SINCE DEC 1      8.32                      6.93   1.39     6.68
  SINCE JAN 1      1.90                      1.88   0.02     0.70

SNOWFALL (IN)
  TODAY            0.0
  MONTH TO DATE    0.1
  SINCE DEC 1      0.1
  SINCE JUL 1      0.1
  SNOW DEPTH       0

DEGREE DAYS
 HEATING
  TODAY           14                        21     -7       26
  MONTH TO DATE  263                       370   -107      359
  SINCE DEC 1    768                       979   -211      736
  SINCE JUL 1   1002                      1437   -435     1020

 COOLING
  TODAY            0                         0      0        0
  MONTH TO DATE   14                         0     14        0
  SINCE DEC 1     21                         3     18       13
  SINCE JAN 1     14                         0     14        0
..................................................................


WIND (MPH)
  HIGHEST WIND SPEED    12   HIGHEST WIND DIRECTION     W (290)
  HIGHEST GUST SPEED    16   HIGHEST GUST DIRECTION     W (270)
  AVERAGE WIND SPEED     5.3


SKY COVER
  POSSIBLE SUNSHINE  MM
  AVERAGE SKY COVER 0.9


WEATHER CONDITIONS
 THE FOLLOWING WEATHER WAS RECORDED TODAY.
  RAIN
  LIGHT RAIN
  FOG


RELATIVE HUMIDITY (PERCENT)
 HIGHEST   100           200 AM
 LOWEST     71          1200 PM
 AVERAGE    86

..........................................................


THE TEXARKANA CLIMATE NORMALS FOR TOMORROW
                         NORMAL    RECORD    YEAR
 MAXIMUM TEMPERATURE (F)   54        77      1950
 MINIMUM TEMPERATURE (F)   34        -3      1930


SUNRISE AND SUNSET
JANUARY 17 2017.......SUNRISE   719 AM CST   SUNSET   533 PM CST
JANUARY 18 2017.......SUNRISE   719 AM CST   SUNSET   534 PM CST


-  INDICATES NEGATIVE NUMBERS.
R  INDICATES RECORD WAS SET OR TIED.
MM INDICATES DATA IS MISSING.
T  INDICATES TRACE AMOUNT.




$$
