000
CDUS44 KSHV 170745
CLITXK


CLIMATE REPORT
NATIONAL WEATHER SERVICE SHREVEPORT, LA
245 AM CDT TUE OCT 17 2017


...................................

...THE TEXARKANA CLIMATE SUMMARY FOR OCTOBER 16 2017...

CLIMATE NORMAL PERIOD 1981 TO 2010
CLIMATE RECORD PERIOD 1896 TO 2017


WEATHER ITEM   OBSERVED TIME   RECORD YEAR NORMAL DEPARTURE LAST
                VALUE   (LST)  VALUE       VALUE  FROM      YEAR
                                                  NORMAL
..................................................................
TEMPERATURE (F)
 YESTERDAY
  MAXIMUM         71    313 PM  92    1938  76     -5       85
  MINIMUM         47    530 AM  36    1952  53     -6       71
  AVERAGE         59                        65     -6       78

PRECIPITATION (IN)
  YESTERDAY        0.00          4.33 1933   0.17  -0.17     0.00
  MONTH TO DATE    0.08                      2.38  -2.30     0.04
  SINCE DEC 1     46.65                     42.28   4.37    45.28
  SINCE JAN 1     40.23                     37.23   3.00    39.30

SNOWFALL (IN)
  YESTERDAY        0.0
  MONTH TO DATE    0.0
  SINCE SEP 1      0.0
  SINCE JUL 1      0.0
  SNOW DEPTH       0

DEGREE DAYS
 HEATING
  YESTERDAY        6                         3      3        0
  MONTH TO DATE    9                        33    -24        4
  SINCE SEP 1      9                        44    -35        4
  SINCE JUL 1      9                        44    -35        4

 COOLING
  YESTERDAY        0                         3     -3       13
  MONTH TO DATE  125                        66     59      110
  SINCE SEP 1    434                       372     62      515
  SINCE JAN 1   2138                      2160    -22     2455
..................................................................


WIND (MPH)
  HIGHEST WIND SPEED    16   HIGHEST WIND DIRECTION     N (20)
  HIGHEST GUST SPEED    23   HIGHEST GUST DIRECTION     N (20)
  AVERAGE WIND SPEED     6.0


SKY COVER
  POSSIBLE SUNSHINE  MM
  AVERAGE SKY COVER 0.0


WEATHER CONDITIONS
 THE FOLLOWING WEATHER WAS RECORDED YESTERDAY.
  NO SIGNIFICANT WEATHER WAS OBSERVED.


RELATIVE HUMIDITY (PERCENT)
 HIGHEST    80           200 AM
 LOWEST     31           100 PM
 AVERAGE    56

..........................................................


THE TEXARKANA CLIMATE NORMALS FOR TODAY
                         NORMAL    RECORD    YEAR
 MAXIMUM TEMPERATURE (F)   76        93      1897
 MINIMUM TEMPERATURE (F)   53        38      1952


SUNRISE AND SUNSET
OCTOBER 17 2017.......SUNRISE   722 AM CDT   SUNSET   640 PM CDT
OCTOBER 18 2017.......SUNRISE   723 AM CDT   SUNSET   638 PM CDT


-  INDICATES NEGATIVE NUMBERS.
R  INDICATES RECORD WAS SET OR TIED.
MM INDICATES DATA IS MISSING.
T  INDICATES TRACE AMOUNT.




$$
