371
CDUS44 KSHV 290735
CLITXK


CLIMATE REPORT
NATIONAL WEATHER SERVICE SHREVEPORT, LA
235 AM CDT SAT APR 29 2017


...................................

...THE TEXARKANA CLIMATE SUMMARY FOR APRIL 28 2017...

CLIMATE NORMAL PERIOD 1981 TO 2010
CLIMATE RECORD PERIOD 1896 TO 2017


WEATHER ITEM   OBSERVED TIME   RECORD YEAR NORMAL DEPARTURE LAST
                VALUE   (LST)  VALUE       VALUE  FROM      YEAR
                                                  NORMAL
..................................................................
TEMPERATURE (F)
 YESTERDAY
  MAXIMUM         87    339 PM  89    2002  78      9       83
  MINIMUM         55    313 AM  38    1928  56     -1       56
  AVERAGE         71                        67      4       70

PRECIPITATION (IN)
  YESTERDAY        0.00          2.62 1963   0.14  -0.14     0.00
  MONTH TO DATE    3.94                      3.64   0.30     5.01
  SINCE DEC 1     21.68                     20.28   1.40    25.34
  SINCE JAN 1     15.26                     15.23   0.03    19.36

SNOWFALL (IN)
  YESTERDAY        0.0
  MONTH TO DATE    0.0
  SINCE MAR 1      0.0
  SINCE JUL 1      0.1
  SNOW DEPTH       0

DEGREE DAYS
 HEATING
  YESTERDAY        0                         2     -2        0
  MONTH TO DATE   41                       107    -66       60
  SINCE MAR 1    240                       407   -167      238
  SINCE JUL 1   1691                      2601   -910     1891

 COOLING
  YESTERDAY        6                         4      2        5
  MONTH TO DATE   86                        67     19       66
  SINCE MAR 1    135                        86     49       92
  SINCE JAN 1    167                        90     77       98
..................................................................


WIND (MPH)
  HIGHEST WIND SPEED    18   HIGHEST WIND DIRECTION    SW (210)
  HIGHEST GUST SPEED    25   HIGHEST GUST DIRECTION     S (160)
  AVERAGE WIND SPEED     9.2


SKY COVER
  POSSIBLE SUNSHINE  MM
  AVERAGE SKY COVER 0.6


WEATHER CONDITIONS
 THE FOLLOWING WEATHER WAS RECORDED YESTERDAY.
  HAZE


RELATIVE HUMIDITY (PERCENT)
 HIGHEST   100           300 AM
 LOWEST     61           200 PM
 AVERAGE    81

..........................................................


THE TEXARKANA CLIMATE NORMALS FOR TODAY
                         NORMAL    RECORD    YEAR
 MAXIMUM TEMPERATURE (F)   78        93      1990
 MINIMUM TEMPERATURE (F)   56        40      1965


SUNRISE AND SUNSET
APRIL 29 2017.........SUNRISE   629 AM CDT   SUNSET   758 PM CDT
APRIL 30 2017.........SUNRISE   628 AM CDT   SUNSET   758 PM CDT


-  INDICATES NEGATIVE NUMBERS.
R  INDICATES RECORD WAS SET OR TIED.
MM INDICATES DATA IS MISSING.
T  INDICATES TRACE AMOUNT.




$$
