000
CDUS44 KSHV 300740
CLITYR


CLIMATE REPORT
NATIONAL WEATHER SERVICE SHREVEPORT, LA
237 AM CDT TUE AUG 30 2016


...................................

...THE TYLER CLIMATE SUMMARY FOR AUGUST 29 2016...

CLIMATE NORMAL PERIOD 1981 TO 2010
CLIMATE RECORD PERIOD 1896 TO 2016


WEATHER ITEM   OBSERVED TIME   RECORD YEAR NORMAL DEPARTURE LAST
                VALUE   (LST)  VALUE       VALUE  FROM      YEAR
                                                  NORMAL
..................................................................
TEMPERATURE (F)
 YESTERDAY
  MAXIMUM         92    334 PM 103    1963  91      1       91
  MINIMUM         73    629 AM  55    1986  72      1       75
  AVERAGE         83                        81      2       83

PRECIPITATION (IN)
  YESTERDAY        T             2.62 1996   0.11  -0.11     0.00
  MONTH TO DATE    5.09                      2.63   2.46     2.01
  SINCE DEC 1     41.21                     33.27   7.94    41.98
  SINCE JAN 1     31.44                     29.03   2.41    40.51

SNOWFALL (IN)
  YESTERDAY        0.0
  MONTH TO DATE    0.0
  SINCE JUN 1      0.0
  SINCE JUL 1      0.0
  SNOW DEPTH       0

DEGREE DAYS
 HEATING
  YESTERDAY        0                         0      0        0
  MONTH TO DATE    0                         0      0        0
  SINCE JUN 1      0                         0      0        0
  SINCE JUL 1      0                         0      0        0

 COOLING
  YESTERDAY       18                        16      2       18
  MONTH TO DATE  580                       532     48      595
  SINCE JUN 1   1811                      1521    290     1773
  SINCE JAN 1   2259                      1890    369     2235
..................................................................


WIND (MPH)
  HIGHEST WIND SPEED    18   HIGHEST WIND DIRECTION     E (90)
  HIGHEST GUST SPEED    23   HIGHEST GUST DIRECTION     E (90)
  AVERAGE WIND SPEED     6.0


SKY COVER
  POSSIBLE SUNSHINE  MM
  AVERAGE SKY COVER 0.2


WEATHER CONDITIONS
 THE FOLLOWING WEATHER WAS RECORDED YESTERDAY.
  THUNDERSTORM


RELATIVE HUMIDITY (PERCENT)
 HIGHEST    94           800 AM
 LOWEST     52           100 PM
 AVERAGE    73

..........................................................


THE TYLER CLIMATE NORMALS FOR TODAY
                         NORMAL    RECORD    YEAR
 MAXIMUM TEMPERATURE (F)   91       103      2011
                                             1954
                                             2000
 MINIMUM TEMPERATURE (F)   72        53      1986


SUNRISE AND SUNSET
AUGUST 30 2016........SUNRISE   656 AM CDT   SUNSET   748 PM CDT
AUGUST 31 2016........SUNRISE   656 AM CDT   SUNSET   747 PM CDT


-  INDICATES NEGATIVE NUMBERS.
R  INDICATES RECORD WAS SET OR TIED.
MM INDICATES DATA IS MISSING.
T  INDICATES TRACE AMOUNT.




$$
