000
CDUS44 KSHV 230835
CLITYR


CLIMATE REPORT
NATIONAL WEATHER SERVICE SHREVEPORT, LA
234 AM CST SUN NOV 23 2014


...................................

...THE TYLER CLIMATE SUMMARY FOR NOVEMBER 22 2014...

CLIMATE NORMAL PERIOD 1981 TO 2010
CLIMATE RECORD PERIOD 1896 TO 2014


WEATHER ITEM   OBSERVED TIME   RECORD YEAR NORMAL DEPARTURE LAST
                VALUE   (LST)  VALUE       VALUE  FROM      YEAR
                                                  NORMAL
..................................................................
TEMPERATURE (F)
 YESTERDAY
  MAXIMUM         68    144 PM  83    1909  63      5       71
  MINIMUM         59    833 AM  22    1976  44     15       39
  AVERAGE         64                        53     11       55

PRECIPITATION (IN)
  YESTERDAY        1.63          2.98 1961   0.12   1.51     2.06
  MONTH TO DATE    3.83                      3.10   0.73     3.35
  SINCE DEC 1     35.72                     44.79  -9.07    40.48
  SINCE JAN 1     32.70                     40.55  -7.85    37.59

SNOWFALL (IN)
  YESTERDAY        0.0
  MONTH TO DATE    T
  SINCE SEP 1      T
  SINCE JUL 1      T
  SNOW DEPTH       0

DEGREE DAYS
 HEATING
  YESTERDAY        1                        12    -11       10
  MONTH TO DATE  300                       188    112      171
  SINCE SEP 1    314                       265     49      213
  SINCE JUL 1    314                       265     49      213

 COOLING
  YESTERDAY        0                         0      0        0
  MONTH TO DATE    2                        14    -12       17
  SINCE SEP 1    630                       485    145      651
  SINCE JAN 1   2596                      2407    189     2767
..................................................................


WIND (MPH)
  HIGHEST WIND SPEED    21   HIGHEST WIND DIRECTION    SE (140)
  HIGHEST GUST SPEED    29   HIGHEST GUST DIRECTION    SE (140)
  AVERAGE WIND SPEED    10.1


SKY COVER
  POSSIBLE SUNSHINE  MM
  AVERAGE SKY COVER 0.9


WEATHER CONDITIONS
 THE FOLLOWING WEATHER WAS RECORDED YESTERDAY.
  HEAVY RAIN
  RAIN
  LIGHT RAIN
  FOG


RELATIVE HUMIDITY (PERCENT)
 HIGHEST    97          1100 PM
 LOWEST     68          1100 AM
 AVERAGE    83

..........................................................


THE TYLER CLIMATE NORMALS FOR TODAY
                         NORMAL    RECORD    YEAR
 MAXIMUM TEMPERATURE (F)   62        84      1955
 MINIMUM TEMPERATURE (F)   43        22      1975


SUNRISE AND SUNSET
NOVEMBER 23 2014......SUNRISE   658 AM CST   SUNSET   518 PM CST
NOVEMBER 24 2014......SUNRISE   659 AM CST   SUNSET   517 PM CST


-  INDICATES NEGATIVE NUMBERS.
R  INDICATES RECORD WAS SET OR TIED.
MM INDICATES DATA IS MISSING.
T  INDICATES TRACE AMOUNT.




$$
