000
CDUS44 KSHV 222253
CLITYR


CLIMATE REPORT
NATIONAL WEATHER SERVICE SHREVEPORT, LA
553 PM CDT FRI MAY 22 2015


...................................

...THE TYLER CLIMATE SUMMARY FOR MAY 22 2015...
VALID TODAY AS OF 0500 PM LOCAL TIME.

CLIMATE NORMAL PERIOD 1981 TO 2010
CLIMATE RECORD PERIOD 1896 TO 2015


WEATHER ITEM   OBSERVED TIME   RECORD YEAR NORMAL DEPARTURE LAST
                VALUE   (LST)  VALUE       VALUE  FROM      YEAR
                                                  NORMAL
..................................................................
TEMPERATURE (F)
 TODAY
  MAXIMUM         78    314 PM  96    2005  84     -6       85
  MINIMUM         58    649 AM  48    2001  65     -7       67
  AVERAGE         68                        75     -7       76

PRECIPITATION (IN)
  TODAY            0.00          2.92 1952   0.14  -0.14     0.00
  MONTH TO DATE    6.37                      3.29   3.08     2.64
  SINCE DEC 1     30.87                     21.69   9.18    14.43
  SINCE JAN 1     29.40                     17.45  11.95    11.41

DEGREE DAYS
 HEATING
  TODAY            0                         0      0        0
  MONTH TO DATE    0                         6     -6       21
  SINCE MAR 1    307                       376    -69      475
  SINCE JUL 1   2194                      2268    -74     2539

 COOLING
  TODAY            3                        10     -7       11
  MONTH TO DATE  191                       160     31      158
  SINCE MAR 1    364                       260    104      287
  SINCE JAN 1    364                       272     92      290
..................................................................


WIND (MPH)
  HIGHEST WIND SPEED    15   HIGHEST WIND DIRECTION     E (100)
  HIGHEST GUST SPEED    20   HIGHEST GUST DIRECTION     E (80)
  AVERAGE WIND SPEED    10.3


SKY COVER
  POSSIBLE SUNSHINE  MM
  AVERAGE SKY COVER 0.9


WEATHER CONDITIONS
 THE FOLLOWING WEATHER WAS RECORDED TODAY.
  FOG


RELATIVE HUMIDITY (PERCENT)
 HIGHEST    90          1200 AM
 LOWEST     60           400 PM
 AVERAGE    75

..........................................................


THE TYLER CLIMATE NORMALS FOR TOMORROW
                         NORMAL    RECORD    YEAR
 MAXIMUM TEMPERATURE (F)   84        98      1925
 MINIMUM TEMPERATURE (F)   66        47      1963


SUNRISE AND SUNSET
MAY 22 2015...........SUNRISE   619 AM CDT   SUNSET   817 PM CDT
MAY 23 2015...........SUNRISE   619 AM CDT   SUNSET   818 PM CDT


-  INDICATES NEGATIVE NUMBERS.
R  INDICATES RECORD WAS SET OR TIED.
MM INDICATES DATA IS MISSING.
T  INDICATES TRACE AMOUNT.




$$
