000
CDUS44 KSHV 312217
CLITYR


CLIMATE REPORT
NATIONAL WEATHER SERVICE SHREVEPORT, LA
516 PM CDT THU JUL 31 2014


...................................

...THE TYLER CLIMATE SUMMARY FOR JULY 31 2014...
VALID TODAY AS OF 0500 PM LOCAL TIME.

CLIMATE NORMAL PERIOD 1981 TO 2010
CLIMATE RECORD PERIOD 1896 TO 2014


WEATHER ITEM   OBSERVED TIME   RECORD YEAR NORMAL DEPARTURE LAST
                VALUE   (LST)  VALUE       VALUE  FROM      YEAR
                                                  NORMAL
..................................................................
TEMPERATURE (F)
 TODAY
  MAXIMUM         81    331 PM 111    1921  94    -13       96
  MINIMUM         71    919 AM  51    1971  74     -3       76
  AVERAGE         76                        84     -8       86

PRECIPITATION (IN)
  TODAY            2.51R         1.30 1902   0.06   2.45     0.00
  MONTH TO DATE    4.04                      2.64   1.40     3.37
  SINCE DEC 1     23.92                     30.64  -6.72    22.27
  SINCE JAN 1     20.90                     26.40  -5.50    19.38

DEGREE DAYS
 HEATING
  TODAY            0                         0      0        0
  MONTH TO DATE    0                         0      0        0
  SINCE JUN 1      0                         0      0        0
  SINCE JUL 1      0                         0      0        0

 COOLING
  TODAY           11                        19     -8       21
  MONTH TO DATE  519                       556    -37      553
  SINCE JUN 1    987                       989     -2     1065
  SINCE JAN 1   1380                      1358     22     1462
..................................................................


WIND (MPH)
  HIGHEST WIND SPEED    18   HIGHEST WIND DIRECTION    SE (150)
  HIGHEST GUST SPEED    24   HIGHEST GUST DIRECTION    SE (150)
  AVERAGE WIND SPEED     9.5


SKY COVER
  POSSIBLE SUNSHINE  MM
  AVERAGE SKY COVER 0.8


WEATHER CONDITIONS
 THE FOLLOWING WEATHER WAS RECORDED TODAY.
  THUNDERSTORM
  HEAVY RAIN
  RAIN
  LIGHT RAIN
  FOG


RELATIVE HUMIDITY (PERCENT)
 HIGHEST   100           800 AM
 LOWEST     67          1200 AM
 AVERAGE    84

..........................................................


THE TYLER CLIMATE NORMALS FOR TOMORROW
                         NORMAL    RECORD    YEAR
 MAXIMUM TEMPERATURE (F)   94       109      2011
 MINIMUM TEMPERATURE (F)   74        56      1971


SUNRISE AND SUNSET
JULY 31 2014..........SUNRISE   636 AM CDT   SUNSET   820 PM CDT
AUGUST  1 2014........SUNRISE   636 AM CDT   SUNSET   819 PM CDT


-  INDICATES NEGATIVE NUMBERS.
R  INDICATES RECORD WAS SET OR TIED.
MM INDICATES DATA IS MISSING.
T  INDICATES TRACE AMOUNT.




$$
