000
CDUS44 KSHV 010744
CLITYR


CLIMATE REPORT
NATIONAL WEATHER SERVICE SHREVEPORT, LA
239 AM CDT SUN MAY 1 2016


...................................

...THE TYLER CLIMATE SUMMARY FOR APRIL 30 2016...

CLIMATE NORMAL PERIOD 1981 TO 2010
CLIMATE RECORD PERIOD 1896 TO 2016


WEATHER ITEM   OBSERVED TIME   RECORD YEAR NORMAL DEPARTURE LAST
                VALUE   (LST)  VALUE       VALUE  FROM      YEAR
                                                  NORMAL
..................................................................
TEMPERATURE (F)
 YESTERDAY
  MAXIMUM         83    245 PM  94    1990  79      4       80
  MINIMUM         67    752 AM  40    1907  59      8       51
  AVERAGE         75                        69      6       66

PRECIPITATION (IN)
  YESTERDAY        0.05          3.14 1944   0.14  -0.09     0.00
  MONTH TO DATE    6.83                      3.17   3.66     9.06
  SINCE DEC 1     28.84                     18.40  10.44    24.50
  SINCE JAN 1     19.07                     14.16   4.91    23.03

SNOWFALL (IN)
  YESTERDAY        0.0
  MONTH TO DATE    0.0
  SINCE MAR 1      0.0
  SINCE JUL 1      0.0
  SNOW DEPTH       0

DEGREE DAYS
 HEATING
  YESTERDAY        0                         1     -1        0
  MONTH TO DATE   31                        97    -66       42
  SINCE MAR 1    146                       370   -224      307
  SINCE JUL 1   1455                      2262   -807     2194

 COOLING
  YESTERDAY       10                         5      5        1
  MONTH TO DATE  130                        79     51      141
  SINCE MAR 1    177                       100     77      173
  SINCE JAN 1    187                       112     75      173
..................................................................


WIND (MPH)
  HIGHEST WIND SPEED    24   HIGHEST WIND DIRECTION    SE (150)
  HIGHEST GUST SPEED    27   HIGHEST GUST DIRECTION    SE (150)
  AVERAGE WIND SPEED     8.5


SKY COVER
  POSSIBLE SUNSHINE  MM
  AVERAGE SKY COVER 0.4


WEATHER CONDITIONS
 THE FOLLOWING WEATHER WAS RECORDED YESTERDAY.
  THUNDERSTORM
  LIGHT RAIN
  FOG


RELATIVE HUMIDITY (PERCENT)
 HIGHEST   100           700 AM
 LOWEST     51           100 PM
 AVERAGE    76

..........................................................


THE TYLER CLIMATE NORMALS FOR TODAY
                         NORMAL    RECORD    YEAR
 MAXIMUM TEMPERATURE (F)   79       100      1902
 MINIMUM TEMPERATURE (F)   59        38      2014
                                             1903


SUNRISE AND SUNSET
MAY  1 2016...........SUNRISE   635 AM CDT   SUNSET   803 PM CDT
MAY  2 2016...........SUNRISE   634 AM CDT   SUNSET   804 PM CDT


-  INDICATES NEGATIVE NUMBERS.
R  INDICATES RECORD WAS SET OR TIED.
MM INDICATES DATA IS MISSING.
T  INDICATES TRACE AMOUNT.




$$
