477
CDUS44 KSHV 230843
CLITYR


CLIMATE REPORT
NATIONAL WEATHER SERVICE SHREVEPORT, LA
242 AM CST MON JAN 23 2017


...................................

...THE TYLER CLIMATE SUMMARY FOR JANUARY 22 2017...

CLIMATE NORMAL PERIOD 1981 TO 2010
CLIMATE RECORD PERIOD 1896 TO 2017


WEATHER ITEM   OBSERVED TIME   RECORD YEAR NORMAL DEPARTURE LAST
                VALUE   (LST)  VALUE       VALUE  FROM      YEAR
                                                  NORMAL
..................................................................
TEMPERATURE (F)
 YESTERDAY
  MAXIMUM         62    529 PM  80    1943  56      6       49
  MINIMUM         51   1159 PM   6    1930  37     14       34
  AVERAGE         57                        46     11       42

PRECIPITATION (IN)
  YESTERDAY        T             2.14 1980   0.09  -0.09     0.00
  MONTH TO DATE    5.54                      2.14   3.40     1.43
  SINCE DEC 1      8.19                      6.38   1.81    11.20
  SINCE JAN 1      5.54                      2.14   3.40     1.43

SNOWFALL (IN)
  YESTERDAY        0.0
  MONTH TO DATE    T
  SINCE DEC 1      T
  SINCE JUL 1      T
  SNOW DEPTH       0

DEGREE DAYS
 HEATING
  YESTERDAY        8                        19    -11       23
  MONTH TO DATE  260                       418   -158      405
  SINCE DEC 1    672                       945   -273      722
  SINCE JUL 1    803                      1319   -516      915

 COOLING
  YESTERDAY        0                         0      0        0
  MONTH TO DATE   19                         0     19        0
  SINCE DEC 1     41                         6     35       27
  SINCE JAN 1     19                         0     19        0
..................................................................


WIND (MPH)
  HIGHEST WIND SPEED    32   HIGHEST WIND DIRECTION    NW (320)
  HIGHEST GUST SPEED    42   HIGHEST GUST DIRECTION    NW (300)
  AVERAGE WIND SPEED    13.9


SKY COVER
  POSSIBLE SUNSHINE  MM
  AVERAGE SKY COVER 0.3


WEATHER CONDITIONS
 THE FOLLOWING WEATHER WAS RECORDED YESTERDAY.
  NO SIGNIFICANT WEATHER WAS OBSERVED.


RELATIVE HUMIDITY (PERCENT)
 HIGHEST    77           100 AM
 LOWEST     40           700 PM
 AVERAGE    59

..........................................................


THE TYLER CLIMATE NORMALS FOR TODAY
                         NORMAL    RECORD    YEAR
 MAXIMUM TEMPERATURE (F)   56        85      1943
 MINIMUM TEMPERATURE (F)   37         6      1940


SUNRISE AND SUNSET
JANUARY 23 2017.......SUNRISE   721 AM CST   SUNSET   547 PM CST
JANUARY 24 2017.......SUNRISE   720 AM CST   SUNSET   548 PM CST


-  INDICATES NEGATIVE NUMBERS.
R  INDICATES RECORD WAS SET OR TIED.
MM INDICATES DATA IS MISSING.
T  INDICATES TRACE AMOUNT.




$$
