000
CDUS44 KSHV 260732
CLITYR


CLIMATE REPORT
NATIONAL WEATHER SERVICE SHREVEPORT, LA
231 AM CDT MON JUN 26 2017


...................................

...THE TYLER CLIMATE SUMMARY FOR JUNE 25 2017...

CLIMATE NORMAL PERIOD 1981 TO 2010
CLIMATE RECORD PERIOD 1896 TO 2017


WEATHER ITEM   OBSERVED TIME   RECORD YEAR NORMAL DEPARTURE LAST
                VALUE   (LST)  VALUE       VALUE  FROM      YEAR
                                                  NORMAL
..................................................................
TEMPERATURE (F)
 YESTERDAY
  MAXIMUM         85    221 PM 103    1930  90     -5       97
  MINIMUM         69    544 AM  52    1974  72     -3       77
  AVERAGE         77                        81     -4       87

PRECIPITATION (IN)
  YESTERDAY        0.08          2.00 1903   0.15  -0.07     0.00
  MONTH TO DATE    4.15                      4.09   0.06     1.98
  SINCE DEC 1     23.62                     27.26  -3.64    34.88
  SINCE JAN 1     20.97                     23.02  -2.05    25.11

SNOWFALL (IN)
  YESTERDAY        0.0
  MONTH TO DATE    0.0
  SINCE JUN 1      0.0
  SINCE JUL 1      T
  SNOW DEPTH       0

DEGREE DAYS
 HEATING
  YESTERDAY        0                         0      0        0
  MONTH TO DATE    0                         0      0        0
  SINCE JUN 1      0                         0      0        0
  SINCE JUL 1   1256                      2269  -1013     1467

 COOLING
  YESTERDAY       12                        16     -4       22
  MONTH TO DATE  379                       352     27      434
  SINCE JUN 1    379                       352     27      434
  SINCE JAN 1    931                       721    210      882
..................................................................


WIND (MPH)
  HIGHEST WIND SPEED    15   HIGHEST WIND DIRECTION     E (100)
  HIGHEST GUST SPEED    19   HIGHEST GUST DIRECTION     E (80)
  AVERAGE WIND SPEED     8.3


SKY COVER
  POSSIBLE SUNSHINE  MM
  AVERAGE SKY COVER 0.7


WEATHER CONDITIONS
 THE FOLLOWING WEATHER WAS RECORDED YESTERDAY.
  LIGHT RAIN


RELATIVE HUMIDITY (PERCENT)
 HIGHEST    87           100 AM
 LOWEST     55           500 PM
 AVERAGE    71

..........................................................


THE TYLER CLIMATE NORMALS FOR TODAY
                         NORMAL    RECORD    YEAR
 MAXIMUM TEMPERATURE (F)   90       103      2012
                                             1930
 MINIMUM TEMPERATURE (F)   72        51      1974


SUNRISE AND SUNSET
JUNE 26 2017..........SUNRISE   617 AM CDT   SUNSET   832 PM CDT
JUNE 27 2017..........SUNRISE   617 AM CDT   SUNSET   833 PM CDT


-  INDICATES NEGATIVE NUMBERS.
R  INDICATES RECORD WAS SET OR TIED.
MM INDICATES DATA IS MISSING.
T  INDICATES TRACE AMOUNT.




$$
