989
CDUS44 KSHV 250751
CLITYR


CLIMATE REPORT
NATIONAL WEATHER SERVICE SHREVEPORT, LA
250 AM CDT TUE APR 25 2017


...................................

...THE TYLER CLIMATE SUMMARY FOR APRIL 24 2017...

CLIMATE NORMAL PERIOD 1981 TO 2010
CLIMATE RECORD PERIOD 1896 TO 2017


WEATHER ITEM   OBSERVED TIME   RECORD YEAR NORMAL DEPARTURE LAST
                VALUE   (LST)  VALUE       VALUE  FROM      YEAR
                                                  NORMAL
..................................................................
TEMPERATURE (F)
 YESTERDAY
  MAXIMUM         78    419 PM  91    2011  77      1       81
                                      1925
  MINIMUM         45    452 AM  40    2013  57    -12       58
                                      2005
  AVERAGE         62                        67     -5       70

PRECIPITATION (IN)
  YESTERDAY        0.00          4.29 1966   0.13  -0.13     0.00
  MONTH TO DATE    1.76                      2.41  -0.65     5.27
  SINCE DEC 1     14.45                     17.64  -3.19    27.28
  SINCE JAN 1     11.80                     13.40  -1.60    17.51

SNOWFALL (IN)
  YESTERDAY        0.0
  MONTH TO DATE    0.0
  SINCE MAR 1      0.0
  SINCE JUL 1      T
  SNOW DEPTH       0

DEGREE DAYS
 HEATING
  YESTERDAY        3                         1      2        0
  MONTH TO DATE   29                        91    -62       31
  SINCE MAR 1    158                       364   -206      146
  SINCE JUL 1   1241                      2256  -1015     1455

 COOLING
  YESTERDAY        0                         3     -3        5
  MONTH TO DATE  113                        53     60       65
  SINCE MAR 1    221                        74    147      112
  SINCE JAN 1    295                        86    209      122
..................................................................


WIND (MPH)
  HIGHEST WIND SPEED    16   HIGHEST WIND DIRECTION     S (190)
  HIGHEST GUST SPEED    19   HIGHEST GUST DIRECTION     S (180)
  AVERAGE WIND SPEED     6.2


SKY COVER
  POSSIBLE SUNSHINE  MM
  AVERAGE SKY COVER 0.0


WEATHER CONDITIONS
 THE FOLLOWING WEATHER WAS RECORDED YESTERDAY.
  NO SIGNIFICANT WEATHER WAS OBSERVED.


RELATIVE HUMIDITY (PERCENT)
 HIGHEST   100           400 AM
 LOWEST     35          1200 PM
 AVERAGE    68

..........................................................


THE TYLER CLIMATE NORMALS FOR TODAY
                         NORMAL    RECORD    YEAR
 MAXIMUM TEMPERATURE (F)   77        92      1925
 MINIMUM TEMPERATURE (F)   57        32      1910


SUNRISE AND SUNSET
APRIL 25 2017.........SUNRISE   641 AM CDT   SUNSET   759 PM CDT
APRIL 26 2017.........SUNRISE   640 AM CDT   SUNSET   759 PM CDT


-  INDICATES NEGATIVE NUMBERS.
R  INDICATES RECORD WAS SET OR TIED.
MM INDICATES DATA IS MISSING.
T  INDICATES TRACE AMOUNT.




$$
