000
CDUS44 KSHV 280843
CLITYR


CLIMATE REPORT
NATIONAL WEATHER SERVICE SHREVEPORT, LA
243 AM CST WED JAN 28 2015


...................................

...THE TYLER CLIMATE SUMMARY FOR JANUARY 27 2015...

CLIMATE NORMAL PERIOD 1981 TO 2010
CLIMATE RECORD PERIOD 1896 TO 2015


WEATHER ITEM   OBSERVED TIME   RECORD YEAR NORMAL DEPARTURE LAST
                VALUE   (LST)  VALUE       VALUE  FROM      YEAR
                                                  NORMAL
..................................................................
TEMPERATURE (F)
 YESTERDAY
  MAXIMUM         79    415 PM  81    1975  57     22       52
  MINIMUM         42    548 AM  11    1897  37      5       32
  AVERAGE         61                        47     14       42

PRECIPITATION (IN)
  YESTERDAY        0.00          2.03 1992   0.11  -0.11     0.00
  MONTH TO DATE    4.08                      2.67   1.41     0.70
  SINCE DEC 1      5.55                      6.91  -1.36     3.72
  SINCE JAN 1      4.08                      2.67   1.41     0.70

SNOWFALL (IN)
  YESTERDAY        0.0
  MONTH TO DATE    0.0
  SINCE DEC 1      0.0
  SINCE JUL 1      T
  SNOW DEPTH       0

DEGREE DAYS
 HEATING
  YESTERDAY        4                        18    -14       23
  MONTH TO DATE  551                       509     42      530
  SINCE DEC 1    968                      1036    -68     1100
  SINCE JUL 1   1349                      1410    -61     1490

 COOLING
  YESTERDAY        0                         0      0        0
  MONTH TO DATE    0                         0      0        0
  SINCE DEC 1      3                         6     -3       10
  SINCE JAN 1      0                         0      0        0
..................................................................


WIND (MPH)
  HIGHEST WIND SPEED     9   HIGHEST WIND DIRECTION    SE (130)
  HIGHEST GUST SPEED    10   HIGHEST GUST DIRECTION    SW (220)
  AVERAGE WIND SPEED     3.2


SKY COVER
  POSSIBLE SUNSHINE  MM
  AVERAGE SKY COVER 0.0


WEATHER CONDITIONS
 THE FOLLOWING WEATHER WAS RECORDED YESTERDAY.
  NO SIGNIFICANT WEATHER WAS OBSERVED.


RELATIVE HUMIDITY (PERCENT)
 HIGHEST    82           600 AM
 LOWEST     21           400 PM
 AVERAGE    52

..........................................................


THE TYLER CLIMATE NORMALS FOR TODAY
                         NORMAL    RECORD    YEAR
 MAXIMUM TEMPERATURE (F)   57        83      1975
 MINIMUM TEMPERATURE (F)   37        14      1963


SUNRISE AND SUNSET
JANUARY 28 2015.......SUNRISE   718 AM CST   SUNSET   551 PM CST
JANUARY 29 2015.......SUNRISE   718 AM CST   SUNSET   552 PM CST


-  INDICATES NEGATIVE NUMBERS.
R  INDICATES RECORD WAS SET OR TIED.
MM INDICATES DATA IS MISSING.
T  INDICATES TRACE AMOUNT.




$$
