000
CDUS44 KMRX 201207
CLITYS

CLIMATE REPORT NATIONAL WEATHER SERVICE MORRISTOWN TN
807 AM EDT SUN APR 20 2014

...................................

...THE KNOXVILLE CLIMATE SUMMARY FOR APRIL 19 2014...

CLIMATE NORMAL PERIOD 1981 TO 2010
CLIMATE RECORD PERIOD 1871 TO 2014


WEATHER ITEM   OBSERVED TIME   RECORD YEAR NORMAL DEPARTURE LAST
                VALUE   (LST)  VALUE       VALUE  FROM      YEAR
                                                  NORMAL
..................................................................
TEMPERATURE (F)
 YESTERDAY
  MAXIMUM         65    311 PM  90    1941  71     -6       75
  MINIMUM         49   1159 PM  29    1983  48      1       45
  AVERAGE         57                        60     -3       60

PRECIPITATION (IN)
  YESTERDAY        0.04          2.38 1998   0.13  -0.09     1.41
  MONTH TO DATE    2.61                      2.50   0.11     3.49
  SINCE MAR 1      5.03                      6.84  -1.81     8.98
  SINCE JAN 1     13.10                     15.42  -2.32    24.07

SNOWFALL (IN)
  YESTERDAY        0.0                       0.0    0.0      0.0
  MONTH TO DATE    T                         0.5   -0.5      0.0
  SINCE MAR 1      0.5                       1.4   -0.9      1.2
  SINCE JUL 1     12.4                       6.5    5.9      3.8
  SNOW DEPTH       0

DEGREE DAYS
 HEATING
  YESTERDAY        8                         6      2        5
  MONTH TO DATE  131                       164    -33      129
  SINCE MAR 1    664                       625     39      772
  SINCE JUL 1   3711                      3521    190     3464

 COOLING
  YESTERDAY        0                         1     -1        0
  MONTH TO DATE   14                        17     -3       27
  SINCE MAR 1     14                        22     -8       29
  SINCE JAN 1     14                        22     -8       31
..................................................................


WIND (MPH)
  HIGHEST WIND SPEED    16   HIGHEST WIND DIRECTION    NE (40)
  HIGHEST GUST SPEED    22   HIGHEST GUST DIRECTION    NE (60)
  AVERAGE WIND SPEED     5.5


SKY COVER
  POSSIBLE SUNSHINE  MM
  AVERAGE SKY COVER  MM


WEATHER CONDITIONS
 THE FOLLOWING WEATHER WAS RECORDED YESTERDAY.
  LIGHT RAIN
  FOG


RELATIVE HUMIDITY (PERCENT)
 HIGHEST    93          1000 PM
 LOWEST     43          1200 PM
 AVERAGE    68

..........................................................


THE KNOXVILLE    ASOS CLIMATE NORMALS FOR TODAY
                         NORMAL    RECORD    YEAR
 MAXIMUM TEMPERATURE (F)   72        87      2002
 MINIMUM TEMPERATURE (F)   49        25      1983


SUNRISE AND SUNSET
APRIL 20 2014.........SUNRISE   657 AM EDT   SUNSET   814 PM EDT
APRIL 21 2014.........SUNRISE   655 AM EDT   SUNSET   814 PM EDT


-  INDICATES NEGATIVE NUMBERS.
R  INDICATES RECORD WAS SET OR TIED.
MM INDICATES DATA IS MISSING.
T  INDICATES TRACE AMOUNT.

&&

THE MORNING LOW TEMPERATURE WAS 42.
THERE HAS BEEN NO PRECIPITATION SINCE MIDNIGHT.


$$
