000
CDUS44 KMRX 240819
CLITYS


CLIMATE REPORT
NATIONAL WEATHER SERVICE MORRISTOWN TN
419 AM EDT FRI MAR 24 2017


...................................

...THE KNOXVILLE    ASOS CLIMATE SUMMARY FOR MARCH 23 2017...

CLIMATE NORMAL PERIOD 1981 TO 2010
CLIMATE RECORD PERIOD 1871 TO 2017


WEATHER ITEM   OBSERVED TIME   RECORD YEAR NORMAL DEPARTURE LAST
                VALUE   (LST)  VALUE       VALUE  FROM      YEAR
                                                  NORMAL
..................................................................
TEMPERATURE (F)
 YESTERDAY
  MAXIMUM         68    507 PM  85    1907  64      4       69
  MINIMUM         37    635 AM  17    1885  41     -4       51
  AVERAGE         53                        52      1       60

PRECIPITATION (IN)
  YESTERDAY        0.00          1.40 1904   0.14  -0.14     0.00
  MONTH TO DATE    4.44                      3.17   1.27     1.80
  SINCE MAR 1      4.44                      3.17   1.27     1.80
  SINCE JAN 1     10.38                     11.75  -1.37    11.68

SNOWFALL (IN)
  YESTERDAY        0.0                       0.0    0.0      0.0
  MONTH TO DATE    T                         0.7   -0.7      0.0
  SINCE MAR 1      T                         0.7   -0.7      0.0
  SINCE JUL 1      2.3                       5.8   -3.5      5.2
  SNOW DEPTH       0

DEGREE DAYS
 HEATING
  YESTERDAY       12                        13     -1        5
  MONTH TO DATE  389                       366     23      251
  SINCE MAR 1    389                       366     23      251
  SINCE JUL 1   2448                      3262   -814     2684

 COOLING
  YESTERDAY        0                         0      0        0
  MONTH TO DATE    0                         0      0       12
  SINCE MAR 1      0                         0      0       12
  SINCE JAN 1      0                         0      0       12
..................................................................


WIND (MPH)
  HIGHEST WIND SPEED    14   HIGHEST WIND DIRECTION    SW (220)
  HIGHEST GUST SPEED    18   HIGHEST GUST DIRECTION    SW (230)
  AVERAGE WIND SPEED     6.2


SKY COVER
  POSSIBLE SUNSHINE  MM
  AVERAGE SKY COVER 0.6


WEATHER CONDITIONS
 THE FOLLOWING WEATHER WAS RECORDED YESTERDAY.
  NO SIGNIFICANT WEATHER WAS OBSERVED.


RELATIVE HUMIDITY (PERCENT)
 HIGHEST    59          1100 PM
 LOWEST     27          1100 AM
 AVERAGE    43

..........................................................


THE KNOXVILLE    ASOS CLIMATE NORMALS FOR TODAY
                         NORMAL    RECORD    YEAR
 MAXIMUM TEMPERATURE (F)   64        86      1929
 MINIMUM TEMPERATURE (F)   41        18      1885


SUNRISE AND SUNSET
MARCH 24 2017.........SUNRISE   733 AM EDT   SUNSET   751 PM EDT
MARCH 25 2017.........SUNRISE   732 AM EDT   SUNSET   752 PM EDT


-  INDICATES NEGATIVE NUMBERS.
R  INDICATES RECORD WAS SET OR TIED.
MM INDICATES DATA IS MISSING.
T  INDICATES TRACE AMOUNT.




$$
