133
CDUS44 KMRX 250911
CLITYS


CLIMATE REPORT
NATIONAL WEATHER SERVICE MORRISTOWN TN
411 AM EST SAT FEB 25 2017


...................................

...THE KNOXVILLE    ASOS CLIMATE SUMMARY FOR FEBRUARY 24 2017...

CLIMATE NORMAL PERIOD 1981 TO 2010
CLIMATE RECORD PERIOD 1871 TO 2017


WEATHER ITEM   OBSERVED TIME   RECORD YEAR NORMAL DEPARTURE LAST
                VALUE   (LST)  VALUE       VALUE  FROM      YEAR
                                                  NORMAL
..................................................................
TEMPERATURE (F)
 YESTERDAY
  MAXIMUM         79R   307 PM  76    1890  55     24       63
  MINIMUM         49    711 AM   5    1873  34     15       36
  AVERAGE         64                        45     19       50

PRECIPITATION (IN)
  YESTERDAY        0.00          4.34 1875   0.16  -0.16     0.28
  MONTH TO DATE    1.83                      3.66  -1.83     7.06
  SINCE DEC 1     12.16                     12.48  -0.32    17.66
  SINCE JAN 1      5.20                      7.98  -2.78     9.82

SNOWFALL (IN)
  YESTERDAY        0.0                       0.0    0.0      0.0
  MONTH TO DATE    T                         1.4   -1.4      2.5
  SINCE DEC 1      2.3                       4.9   -2.6      5.1
  SINCE JUL 1      2.3                       4.9   -2.6      5.1
  SNOW DEPTH       0

DEGREE DAYS
 HEATING
  YESTERDAY        1                        20    -19       15
  MONTH TO DATE  358                       556   -198      548
  SINCE DEC 1   1583                      2137   -554     1824
  SINCE JUL 1   1987                      2818   -831     2334

 COOLING
  YESTERDAY        0                         0      0        0
  MONTH TO DATE    0                         0      0        0
  SINCE DEC 1      0                         0      0        5
  SINCE JAN 1      0                         0      0        0
..................................................................


WIND (MPH)
  HIGHEST WIND SPEED    25   HIGHEST WIND DIRECTION    SW (220)
  HIGHEST GUST SPEED    30   HIGHEST GUST DIRECTION    SW (220)
  AVERAGE WIND SPEED     9.0


SKY COVER
  POSSIBLE SUNSHINE  MM
  AVERAGE SKY COVER 0.4


WEATHER CONDITIONS
 THE FOLLOWING WEATHER WAS RECORDED YESTERDAY.
  NO SIGNIFICANT WEATHER WAS OBSERVED.


RELATIVE HUMIDITY (PERCENT)
 HIGHEST    93           700 AM
 LOWEST     37           400 PM
 AVERAGE    65

..........................................................


THE KNOXVILLE    ASOS CLIMATE NORMALS FOR TODAY
                         NORMAL    RECORD    YEAR
 MAXIMUM TEMPERATURE (F)   55        76      1918
                                             1890
 MINIMUM TEMPERATURE (F)   35         5      1967


SUNRISE AND SUNSET
FEBRUARY 25 2017......SUNRISE   711 AM EST   SUNSET   628 PM EST
FEBRUARY 26 2017......SUNRISE   709 AM EST   SUNSET   628 PM EST


-  INDICATES NEGATIVE NUMBERS.
R  INDICATES RECORD WAS SET OR TIED.
MM INDICATES DATA IS MISSING.
T  INDICATES TRACE AMOUNT.




$$
