000
CDUS44 KMRX 201216
CLITYS

CLIMATE REPORT NATIONAL WEATHER SERVICE MORRISTOWN TN
816 AM EDT MON OCT 20 2014

...................................

...THE KNOXVILLE  CLIMATE SUMMARY FOR OCTOBER 19 2014...

CLIMATE NORMAL PERIOD 1981 TO 2010
CLIMATE RECORD PERIOD 1871 TO 2014


WEATHER ITEM   OBSERVED TIME   RECORD YEAR NORMAL DEPARTURE LAST
                VALUE   (LST)  VALUE       VALUE  FROM      YEAR
                                                  NORMAL
..................................................................
TEMPERATURE (F)
 YESTERDAY
  MAXIMUM         65    405 PM  85    1953  70     -5       65
                                      1938
  MINIMUM         48   1112 PM  29    1948  47      1       48
  AVERAGE         57                        59     -2       57

PRECIPITATION (IN)
  YESTERDAY        0.00          2.00 2011   0.07  -0.07      T
  MONTH TO DATE    4.98                      1.48   3.50     0.91
  SINCE SEP 1      5.17                      4.72   0.45     5.33
  SINCE JAN 1     34.43                     38.32  -3.89    56.71

SNOWFALL (IN)
  YESTERDAY        0.0                       0.0    0.0      0.0
  MONTH TO DATE    0.0                       0.0    0.0      0.0
  SINCE SEP 1      0.0                       0.0    0.0      0.0
  SINCE JUL 1      0.0                       0.0    0.0      0.0
  SNOW DEPTH       0

DEGREE DAYS
 HEATING
  YESTERDAY        8                         7      1        8
  MONTH TO DATE   68                        89    -21       30
  SINCE SEP 1     69                       112    -43       31
  SINCE JUL 1     69                       112    -43       31

 COOLING
  YESTERDAY        0                         1     -1        0
  MONTH TO DATE   36                        30      6       51
  SINCE SEP 1    287                       236     51      249
  SINCE JAN 1   1486                      1517    -31     1436
..................................................................


WIND (MPH)
  HIGHEST WIND SPEED    15   HIGHEST WIND DIRECTION     N (20)
  HIGHEST GUST SPEED    19   HIGHEST GUST DIRECTION    NE (40)
  AVERAGE WIND SPEED     5.3


SKY COVER
  POSSIBLE SUNSHINE  MM
  AVERAGE SKY COVER  MM


WEATHER CONDITIONS
 THE FOLLOWING WEATHER WAS RECORDED YESTERDAY.
  NO SIGNIFICANT WEATHER WAS OBSERVED.


RELATIVE HUMIDITY (PERCENT)
 HIGHEST    80           700 AM
 LOWEST     44           300 PM
 AVERAGE    62

..........................................................


THE KNOXVILLE    ASOS CLIMATE NORMALS FOR TODAY
                         NORMAL    RECORD    YEAR
 MAXIMUM TEMPERATURE (F)   70        86      1941
 MINIMUM TEMPERATURE (F)   47        31      1992


SUNRISE AND SUNSET
OCTOBER 20 2014.......SUNRISE   747 AM EDT   SUNSET   654 PM EDT
OCTOBER 21 2014.......SUNRISE   748 AM EDT   SUNSET   653 PM EDT


-  INDICATES NEGATIVE NUMBERS.
R  INDICATES RECORD WAS SET OR TIED.
MM INDICATES DATA IS MISSING.
T  INDICATES TRACE AMOUNT.

&&

THE LOW TEMPERATURE THIS MORNING WAS 45.
THERE HAS BEEN NO PRECIPITATION SINCE MIDNIGHT.


$$
