000
CDUS44 KMRX 012214
CLITYS

CLIMATE REPORT
NATIONAL WEATHER SERVICE MORRISTOWN TN
514 PM EST SUN MAR 1 2015


...................................

...THE KNOXVILLE CLIMATE SUMMARY FOR MARCH 1 2015...
VALID TODAY AS OF 0500 PM LOCAL TIME.

CLIMATE NORMAL PERIOD 1981 TO 2010
CLIMATE RECORD PERIOD 1871 TO 2015


WEATHER ITEM   OBSERVED TIME   RECORD YEAR NORMAL DEPARTURE LAST
                VALUE   (LST)  VALUE       VALUE  FROM      YEAR
                                                  NORMAL
..................................................................
TEMPERATURE (F)
 TODAY
  MAXIMUM         49    227 PM  80    1997  57     -8       59
  MINIMUM         31    625 AM  14    1914  36     -5       37
                                      1884
  AVERAGE         40                        46     -6       48

PRECIPITATION (IN)
  TODAY            0.01          2.73 1875   0.14  -0.13     0.02
  MONTH TO DATE    0.01                      0.14  -0.13     0.02
  SINCE MAR 1      0.01                      0.14  -0.13     0.02
  SINCE JAN 1      7.15                      8.72  -1.57     8.09

SNOWFALL (IN)
  TODAY            0.0                       0.0    0.0      0.0
  MONTH TO DATE    0.0                       0.0    0.0      0.0
  SINCE MAR 1      0.0                       0.0    0.0      0.0
  SINCE JUL 1      9.3                       5.1    4.2     11.9
  SNOW DEPTH       0

DEGREE DAYS
 HEATING
  TODAY           25                        19      6       17
  MONTH TO DATE   25                        19      6       17
  SINCE MAR 1     25                        19      6       17
  SINCE JUL 1   3290                      2915    375     3064

 COOLING
  TODAY            0                         0      0        0
  MONTH TO DATE    0                         0      0        0
  SINCE MAR 1      0                         0      0        0
  SINCE JAN 1      0                         0      0        0
..................................................................


WIND (MPH)
  HIGHEST WIND SPEED    10   HIGHEST WIND DIRECTION     W (290)
  HIGHEST GUST SPEED    12   HIGHEST GUST DIRECTION     W (290)
  AVERAGE WIND SPEED     3.5


SKY COVER
  POSSIBLE SUNSHINE  MM
  AVERAGE SKY COVER 0.8


WEATHER CONDITIONS
 THE FOLLOWING WEATHER WAS RECORDED TODAY.
  LIGHT RAIN


RELATIVE HUMIDITY (PERCENT)
 HIGHEST    82           100 AM
 LOWEST     60           100 PM
 AVERAGE    71

..........................................................


THE KNOXVILLE CLIMATE NORMALS FOR TOMORROW
                         NORMAL    RECORD    YEAR
 MAXIMUM TEMPERATURE (F)   57        79      1976
 MINIMUM TEMPERATURE (F)   36        10      1980


SUNRISE AND SUNSET
MARCH  1 2015.........SUNRISE   706 AM EST   SUNSET   631 PM EST
MARCH  2 2015.........SUNRISE   705 AM EST   SUNSET   632 PM EST


-  INDICATES NEGATIVE NUMBERS.
R  INDICATES RECORD WAS SET OR TIED.
MM INDICATES DATA IS MISSING.
T  INDICATES TRACE AMOUNT.




$$
