000
CDUS44 KMRX 282214
CLITYS

CLIMATE REPORT
NATIONAL WEATHER SERVICE MORRISTOWN TN
514 PM EST FRI NOV 28 2014


...................................

...THE KNOXVILLE CLIMATE SUMMARY FOR NOVEMBER 28 2014...
VALID TODAY AS OF 0500 PM LOCAL TIME.

CLIMATE NORMAL PERIOD 1981 TO 2010
CLIMATE RECORD PERIOD 1871 TO 2014


WEATHER ITEM   OBSERVED TIME   RECORD YEAR NORMAL DEPARTURE LAST
                VALUE   (LST)  VALUE       VALUE  FROM      YEAR
                                                  NORMAL
..................................................................
TEMPERATURE (F)
 TODAY
  MAXIMUM         43    337 PM  77    2001  55    -12       44
  MINIMUM         24    722 AM  18    1955  35    -11       24
                                      1938
  AVERAGE         34                        45    -11       34

PRECIPITATION (IN)
  TODAY            0.00          3.99 1948   0.16  -0.16     0.00
  MONTH TO DATE    2.10                      3.69  -1.59     4.41
  SINCE SEP 1      8.17                      9.44  -1.27     9.74
  SINCE JAN 1     37.43                     43.04  -5.61    61.12

SNOWFALL (IN)
  TODAY            0.0                       0.0    0.0      0.0
  MONTH TO DATE    T                         0.0    0.0      0.8
  SINCE SEP 1      T                         0.0    0.0      0.8
  SINCE JUL 1      T                         0.0    0.0      0.8
  SNOW DEPTH       0

DEGREE DAYS
 HEATING
  TODAY           31                        20     11       31
  MONTH TO DATE  617                       423    194      484
  SINCE SEP 1    795                       642    153      639
  SINCE JUL 1    795                       642    153      639

 COOLING
  TODAY            0                         0      0        0
  MONTH TO DATE    0                         0      0        0
  SINCE SEP 1    287                       242     45      258
  SINCE JAN 1   1486                      1523    -37     1445
..................................................................


WIND (MPH)
  HIGHEST WIND SPEED     9   HIGHEST WIND DIRECTION     W (290)
  HIGHEST GUST SPEED    11   HIGHEST GUST DIRECTION     W (280)
  AVERAGE WIND SPEED     2.3


SKY COVER
  POSSIBLE SUNSHINE  MM
  AVERAGE SKY COVER  MM


WEATHER CONDITIONS
 THE FOLLOWING WEATHER WAS RECORDED TODAY.
  NO SIGNIFICANT WEATHER WAS OBSERVED.


RELATIVE HUMIDITY (PERCENT)
 HIGHEST    88           700 AM
 LOWEST     34           300 PM
 AVERAGE    61

..........................................................


THE KNOXVILLE CLIMATE NORMALS FOR TOMORROW
                         NORMAL    RECORD    YEAR
 MAXIMUM TEMPERATURE (F)   55        76      2001
 MINIMUM TEMPERATURE (F)   35        12      1929
                                             1872


SUNRISE AND SUNSET
NOVEMBER 28 2014......SUNRISE   725 AM EST   SUNSET   523 PM EST
NOVEMBER 29 2014......SUNRISE   726 AM EST   SUNSET   523 PM EST


-  INDICATES NEGATIVE NUMBERS.
R  INDICATES RECORD WAS SET OR TIED.
MM INDICATES DATA IS MISSING.
T  INDICATES TRACE AMOUNT.




$$
