000
CDUS44 KMRX 202221 RRA
CLITYS

CLIMATE REPORT
NATIONAL WEATHER SERVICE MORRISTOWN TN
520 PM EST THU NOV 20 2014


...................................

...THE KNOXVILLE CLIMATE SUMMARY FOR NOVEMBER 20 2014...
VALID TODAY AS OF 0500 PM LOCAL TIME.

CLIMATE NORMAL PERIOD 1981 TO 2010
CLIMATE RECORD PERIOD 1871 TO 2014


WEATHER ITEM   OBSERVED TIME   RECORD YEAR NORMAL DEPARTURE LAST
                VALUE   (LST)  VALUE       VALUE  FROM      YEAR
                                                  NORMAL
..................................................................
TEMPERATURE (F)
 TODAY
  MAXIMUM         53    327 PM  80    1906  59     -6       60
  MINIMUM         36    740 AM  13    1914  38     -2       33
  AVERAGE         45                        48     -3       47

PRECIPITATION (IN)
  TODAY            0.00          0.95 1983   0.15  -0.15     0.00
  MONTH TO DATE    1.52                      2.50  -0.98     1.80
  SINCE SEP 1      7.59                      8.25  -0.66     7.13
  SINCE JAN 1     36.85                     41.85  -5.00    58.51

SNOWFALL (IN)
  TODAY            0.0                       0.0    0.0      0.0
  MONTH TO DATE    T                         0.0    0.0      0.0
  SINCE SEP 1      T                         0.0    0.0      0.0
  SINCE JUL 1      T                         0.0    0.0      0.0
  SNOW DEPTH       0

DEGREE DAYS
 HEATING
  TODAY           20                        17      3       18
  MONTH TO DATE  455                       275    180      286
  SINCE SEP 1    633                       494    139      441
  SINCE JUL 1    633                       494    139      441

 COOLING
  TODAY            0                         0      0        0
  MONTH TO DATE    0                         0      0        0
  SINCE SEP 1    287                       242     45      258
  SINCE JAN 1   1486                      1523    -37     1445
..................................................................


WIND (MPH)
  HIGHEST WIND SPEED    23   HIGHEST WIND DIRECTION    SW (240)
  HIGHEST GUST SPEED    29   HIGHEST GUST DIRECTION    SW (230)
  AVERAGE WIND SPEED    14.6


SKY COVER
  POSSIBLE SUNSHINE  MM
  AVERAGE SKY COVER  MM


WEATHER CONDITIONS
 THE FOLLOWING WEATHER WAS RECORDED TODAY.
  NO SIGNIFICANT WEATHER WAS OBSERVED.


RELATIVE HUMIDITY (PERCENT)
 HIGHEST    59           800 AM
 LOWEST     33           500 PM
 AVERAGE    46

..........................................................


THE KNOXVILLE CLIMATE NORMALS FOR TOMORROW
                         NORMAL    RECORD    YEAR
 MAXIMUM TEMPERATURE (F)   58        76      1883
 MINIMUM TEMPERATURE (F)   37        15      1887
                                             1872


SUNRISE AND SUNSET
NOVEMBER 20 2014......SUNRISE   717 AM EST   SUNSET   526 PM EST
NOVEMBER 21 2014......SUNRISE   718 AM EST   SUNSET   525 PM EST


-  INDICATES NEGATIVE NUMBERS.
R  INDICATES RECORD WAS SET OR TIED.
MM INDICATES DATA IS MISSING.
T  INDICATES TRACE AMOUNT.




$$
