000
CDUS44 KMRX 290939 RRA
CLITYS

CLIMATE REPORT
NATIONAL WEATHER SERVICE MORRISTOWN TN
538 AM EDT FRI MAY 29 2015


...................................

...THE KNOXVILLE CLIMATE SUMMARY FOR MAY 28 2015...

CLIMATE NORMAL PERIOD 1981 TO 2010
CLIMATE RECORD PERIOD 1871 TO 2015


WEATHER ITEM   OBSERVED TIME   RECORD YEAR NORMAL DEPARTURE LAST
                VALUE   (LST)  VALUE       VALUE  FROM      YEAR
                                                  NORMAL
..................................................................
TEMPERATURE (F)
 YESTERDAY
  MAXIMUM         82    438 PM  94    1914  81      1       89
  MINIMUM         67    528 AM  41    1961  60      7       65
  AVERAGE         75                        70      5       77

PRECIPITATION (IN)
  YESTERDAY        T             2.24 1982   0.13  -0.13     0.00
  MONTH TO DATE    0.62                      4.09  -3.47     0.98
  SINCE MAR 1      9.20                     12.44  -3.24     7.72
  SINCE JAN 1     16.34                     21.02  -4.68    15.79

SNOWFALL (IN)
  YESTERDAY        0.0                       0.0    0.0      0.0
  MONTH TO DATE    0.0                       0.0    0.0      0.0
  SINCE MAR 1      T                         1.4   -1.4      0.5
  SINCE JUL 1      9.3                       6.5    2.8     12.4
  SNOW DEPTH       0

DEGREE DAYS
 HEATING
  YESTERDAY        0                         1     -1        0
  MONTH TO DATE   30                        57    -27       61
  SINCE MAR 1    580                       736   -156      750
  SINCE JUL 1   3845                      3632    213     3797

 COOLING
  YESTERDAY       10                         6      4       12
  MONTH TO DATE  181                       105     76      142
  SINCE MAR 1    206                       142     64      174
  SINCE JAN 1    206                       142     64      174
..................................................................


WIND (MPH)
  HIGHEST WIND SPEED    12   HIGHEST WIND DIRECTION     W (260)
  HIGHEST GUST SPEED    14   HIGHEST GUST DIRECTION     W (260)
  AVERAGE WIND SPEED     4.6


SKY COVER
  POSSIBLE SUNSHINE  MM
  AVERAGE SKY COVER 0.9


WEATHER CONDITIONS
 THE FOLLOWING WEATHER WAS RECORDED YESTERDAY.
  LIGHT RAIN


RELATIVE HUMIDITY (PERCENT)
 HIGHEST    84          1100 PM
 LOWEST     54          1100 AM
 AVERAGE    69

..........................................................


THE KNOXVILLE    ASOS CLIMATE NORMALS FOR TODAY
                         NORMAL    RECORD    YEAR
 MAXIMUM TEMPERATURE (F)   81        95      1941
                                             1914
 MINIMUM TEMPERATURE (F)   60        45      1902


SUNRISE AND SUNSET
MAY 29 2015...........SUNRISE   622 AM EDT   SUNSET   845 PM EDT
MAY 30 2015...........SUNRISE   622 AM EDT   SUNSET   845 PM EDT


-  INDICATES NEGATIVE NUMBERS.
R  INDICATES RECORD WAS SET OR TIED.
MM INDICATES DATA IS MISSING.
T  INDICATES TRACE AMOUNT.




$$
