000
CDUS44 KMRX 052124 RRA
CLITYS

CLIMATE REPORT
NATIONAL WEATHER SERVICE MORRISTOWN TN
522 PM EDT SUN JUL 5 2015


...................................

...THE KNOXVILLE CLIMATE SUMMARY FOR JULY 5 2015...
VALID TODAY AS OF 500 PM LOCAL TIME.

CLIMATE NORMAL PERIOD 1981 TO 2010
CLIMATE RECORD PERIOD 1871 TO 2015


WEATHER ITEM   OBSERVED TIME   RECORD YEAR NORMAL DEPARTURE LAST
                VALUE   (LST)  VALUE       VALUE  FROM      YEAR
                                                  NORMAL
..................................................................
TEMPERATURE (F)
 TODAY
  MAXIMUM         77    109 PM  99    2012  88    -11       85
                                      1948
  MINIMUM         68    615 AM  54    1967  68      0       59
  AVERAGE         73                        78     -5       72

PRECIPITATION (IN)
  TODAY            0.26          2.27 1941   0.17   0.09     0.00
  MONTH TO DATE    2.07                      0.85   1.22     0.00
  SINCE JUN 1      7.36                      4.66   2.70     4.55
  SINCE JAN 1     24.84                     26.10  -1.26    20.58

SNOWFALL (IN)
  TODAY            0.0                       0.0    0.0      0.0
  MONTH TO DATE    0.0                       0.0    0.0      0.0
  SINCE JUN 1      0.0                       0.0    0.0      0.0
  SINCE JUL 1      0.0                       0.0    0.0      0.0
  SNOW DEPTH       0

DEGREE DAYS
 HEATING
  TODAY            0                         0      0        0
  MONTH TO DATE    0                         0      0        0
  SINCE JUN 1      0                         4     -4        0
  SINCE JUL 1      0                         0      0        0

 COOLING
  TODAY            8                        13     -5        7
  MONTH TO DATE   40                        65    -25       57
  SINCE JUN 1    439                       370     69      387
  SINCE JAN 1    673                       532    141      592
..................................................................


WIND (MPH)
  HIGHEST WIND SPEED    22   HIGHEST WIND DIRECTION    SW (220)
  HIGHEST GUST SPEED    25   HIGHEST GUST DIRECTION    SW (240)
  AVERAGE WIND SPEED     8.2


SKY COVER
  POSSIBLE SUNSHINE  MM
  AVERAGE SKY COVER  MM


WEATHER CONDITIONS
 THE FOLLOWING WEATHER WAS RECORDED TODAY.
  HEAVY RAIN
  RAIN
  LIGHT RAIN
  FOG


RELATIVE HUMIDITY (PERCENT)
 HIGHEST    93          1200 AM
 LOWEST     74          1100 AM
 AVERAGE    84

..........................................................


THE KNOXVILLE CLIMATE NORMALS FOR TOMORROW
                         NORMAL    RECORD    YEAR
 MAXIMUM TEMPERATURE (F)   88        96      1949
 MINIMUM TEMPERATURE (F)   68        53      1882


SUNRISE AND SUNSET
JULY  5 2015..........SUNRISE   625 AM EDT   SUNSET   856 PM EDT
JULY  6 2015..........SUNRISE   626 AM EDT   SUNSET   855 PM EDT


-  INDICATES NEGATIVE NUMBERS.
R  INDICATES RECORD WAS SET OR TIED.
MM INDICATES DATA IS MISSING.
T  INDICATES TRACE AMOUNT.




$$
