000
CDUS44 KMRX 302130
CLITYS


CLIMATE REPORT
NATIONAL WEATHER SERVICE MORRISTOWN TN
529 PM EDT SUN APR 30 2017


...................................

...THE KNOXVILLE    ASOS CLIMATE SUMMARY FOR APRIL 30 2017...
VALID TODAY AS OF 0500 PM LOCAL TIME.

CLIMATE NORMAL PERIOD 1981 TO 2010
CLIMATE RECORD PERIOD 1871 TO 2017


WEATHER ITEM   OBSERVED TIME   RECORD YEAR NORMAL DEPARTURE LAST
                VALUE   (LST)  VALUE       VALUE  FROM      YEAR
                                                  NORMAL
..................................................................
TEMPERATURE (F)
 TODAY
  MAXIMUM         85    152 PM  92    1942  74     11       75
  MINIMUM         69    214 AM  35    1988  52     17       59
  AVERAGE         77                        63     14       67

PRECIPITATION (IN)
  TODAY            0.00          2.05 1909   0.13  -0.13     0.50
  MONTH TO DATE    7.61                      4.01   3.60     2.38
  SINCE MAR 1     13.34                      8.35   4.99     5.32
  SINCE JAN 1     19.28                     16.93   2.35    15.20

SNOWFALL (IN)
  TODAY            0.0                       0.0    0.0      0.0
  MONTH TO DATE    T                         0.5   -0.5      0.0
  SINCE MAR 1      T                         1.4   -1.4      0.0
  SINCE JUL 1      2.3                       6.5   -4.2      5.2
  SNOW DEPTH       0

DEGREE DAYS
 HEATING
  TODAY            0                         4     -4        0
  MONTH TO DATE   81                       219   -138      164
  SINCE MAR 1    480                       679   -199      470
  SINCE JUL 1   2539                      3575  -1036     2903

 COOLING
  TODAY           12                         2     10        2
  MONTH TO DATE   94                        32     62       58
  SINCE MAR 1     97                        37     60       73
  SINCE JAN 1     97                        37     60       73
..................................................................


WIND (MPH)
  HIGHEST WIND SPEED    26   HIGHEST WIND DIRECTION     S (180)
  HIGHEST GUST SPEED    34   HIGHEST GUST DIRECTION     S (180)
  AVERAGE WIND SPEED    10.7


SKY COVER
  POSSIBLE SUNSHINE  MM
  AVERAGE SKY COVER 0.6


WEATHER CONDITIONS
 THE FOLLOWING WEATHER WAS RECORDED TODAY.
  NO SIGNIFICANT WEATHER WAS OBSERVED.


RELATIVE HUMIDITY (PERCENT)
 HIGHEST    73           200 AM
 LOWEST     40           300 PM
 AVERAGE    57

..........................................................


THE KNOXVILLE    ASOS CLIMATE NORMALS FOR TOMORROW
                         NORMAL    RECORD    YEAR
 MAXIMUM TEMPERATURE (F)   74        91      1951
 MINIMUM TEMPERATURE (F)   52        36      1996
                                             1908


SUNRISE AND SUNSET
APRIL 30 2017.........SUNRISE   645 AM EDT   SUNSET   822 PM EDT
MAY  1 2017...........SUNRISE   643 AM EDT   SUNSET   823 PM EDT


-  INDICATES NEGATIVE NUMBERS.
R  INDICATES RECORD WAS SET OR TIED.
MM INDICATES DATA IS MISSING.
T  INDICATES TRACE AMOUNT.




$$
