000
CDUS43 KLOT 220631
CLIUGN


CLIMATE REPORT
NATIONAL WEATHER SERVICE CHICAGO IL
131 AM CDT MON MAY 22 2017


...................................

...THE WAUKEGAN   CLIMATE SUMMARY FOR MAY 21 2017...

CLIMATE NORMAL PERIOD 1981 TO 2010
CLIMATE RECORD PERIOD 2000 TO 2017


WEATHER ITEM   OBSERVED TIME   RECORD YEAR NORMAL DEPARTURE LAST
                VALUE   (LST)  VALUE       VALUE  FROM      YEAR
                                                  NORMAL
..................................................................
TEMPERATURE (F)
 YESTERDAY
  MAXIMUM         62   1142 AM  84    2014  67     -5       72
                                      2009
  MINIMUM         50   1159 PM  28    2002  46      4       49
  AVERAGE         56

PRECIPITATION (IN)
  YESTERDAY        0.01          1.67 2004   0.15  -0.14     0.00
  MONTH TO DATE    1.64                      2.71  -1.07     2.98
  SINCE MAR 1      9.13                      8.51   0.62     9.29
  SINCE JAN 1     13.35                     11.56   1.79    10.80

DEGREE DAYS
 HEATING
  YESTERDAY        9                         9      0        4
  MONTH TO DATE  287                       235     52      289
  SINCE MAR 1   1629                      1731   -102     1702
  SINCE JUL 1   5741                      6677   -936     6047

 COOLING
  YESTERDAY        0                         1     -1        0
  MONTH TO DATE   17                         8      9        0
  SINCE MAR 1     21                        12      9        0
  SINCE JAN 1     21                        12      9        0
..................................................................


WIND (MPH)
  RESULTANT WIND SPEED   8   RESULTANT WIND DIRECTION  SW (240)
  HIGHEST WIND SPEED    23   HIGHEST WIND DIRECTION    SW (220)
  HIGHEST GUST SPEED    31   HIGHEST GUST DIRECTION    SW (220)
  AVERAGE WIND SPEED     9.1


SKY COVER
  POSSIBLE SUNSHINE  MM
  AVERAGE SKY COVER 0.9


WEATHER CONDITIONS
 THE FOLLOWING WEATHER WAS RECORDED YESTERDAY.
  LIGHT RAIN
  FOG
  FOG W/VISIBILITY <= 1/4 MILE


RELATIVE HUMIDITY (PERCENT)
 HIGHEST   100
 LOWEST     60
 AVERAGE    80

..........................................................


THE WAUKEGAN   CLIMATE NORMALS FOR TODAY
                         NORMAL    RECORD    YEAR
 MAXIMUM TEMPERATURE (F)   68        80      2011
                                             2005
 MINIMUM TEMPERATURE (F)   47        33      2006


SUNRISE AND SUNSET
MAY 22 2017...........SUNRISE   523 AM CDT   SUNSET   814 PM CDT
MAY 23 2017...........SUNRISE   523 AM CDT   SUNSET   815 PM CDT


-  INDICATES NEGATIVE NUMBERS.
R  INDICATES RECORD WAS SET OR TIED.
MM INDICATES DATA IS MISSING.
T  INDICATES TRACE AMOUNT.




$$
