000
CDUS43 KLOT 290639
CLIUGN


CLIMATE REPORT
NATIONAL WEATHER SERVICE CHICAGO IL
138 AM CDT THU SEP 29 2016


...................................

...THE WAUKEGAN   CLIMATE SUMMARY FOR SEPTEMBER 28 2016...

CLIMATE NORMAL PERIOD 1981 TO 2010
CLIMATE RECORD PERIOD 2000 TO 2016


WEATHER ITEM   OBSERVED TIME   RECORD YEAR NORMAL DEPARTURE LAST
                VALUE   (LST)  VALUE       VALUE  FROM      YEAR
                                                  NORMAL
..................................................................
TEMPERATURE (F)
 YESTERDAY
  MAXIMUM         63    122 PM  82    2013  66     -3       76
  MINIMUM         49    631 AM  39    2006  48      1       61
  AVERAGE         56

PRECIPITATION (IN)
  YESTERDAY        0.30          2.00 1999   0.13   0.17     0.00
  MONTH TO DATE    1.86                      3.20  -1.34     4.30
  SINCE SEP 1      1.86                      3.20  -1.34     4.30
  SINCE JAN 1     21.17                     27.65  -6.48    26.17

DEGREE DAYS
 HEATING
  YESTERDAY        9                         9      0        0
  MONTH TO DATE   25                       119    -94       61
  SINCE SEP 1     25                       119    -94       61
  SINCE JUL 1     36                       147   -111      130

 COOLING
  YESTERDAY        0                         1     -1        4
  MONTH TO DATE  125                        56     69      117
  SINCE SEP 1    125                        56     69      117
  SINCE JAN 1    840                       558    282      483
..................................................................


WIND (MPH)
  RESULTANT WIND SPEED   6   RESULTANT WIND DIRECTION   N (10)
  HIGHEST WIND SPEED    17   HIGHEST WIND DIRECTION     N (360)
  HIGHEST GUST SPEED    32   HIGHEST GUST DIRECTION     N (10)
  AVERAGE WIND SPEED     7.2


SKY COVER
  POSSIBLE SUNSHINE  MM
  AVERAGE SKY COVER 0.8


WEATHER CONDITIONS
 THE FOLLOWING WEATHER WAS RECORDED YESTERDAY.
  THUNDERSTORM
  RAIN
  LIGHT RAIN
  FOG


RELATIVE HUMIDITY (PERCENT)
 HIGHEST    93
 LOWEST     64
 AVERAGE    79

..........................................................


THE WAUKEGAN   CLIMATE NORMALS FOR TODAY
                         NORMAL    RECORD    YEAR
 MAXIMUM TEMPERATURE (F)   66        82      2014
                                             2002
 MINIMUM TEMPERATURE (F)   47        37      2004


SUNRISE AND SUNSET
SEPTEMBER 29 2016.....SUNRISE   647 AM CDT   SUNSET   636 PM CDT
SEPTEMBER 30 2016.....SUNRISE   648 AM CDT   SUNSET   634 PM CDT


-  INDICATES NEGATIVE NUMBERS.
R  INDICATES RECORD WAS SET OR TIED.
MM INDICATES DATA IS MISSING.
T  INDICATES TRACE AMOUNT.




$$
