000
CDUS43 KLOT 060634
CLIUGN


CLIMATE REPORT
NATIONAL WEATHER SERVICE CHICAGO IL
1233 AM CST FRI MAR 6 2015


...................................

...THE WAUKEGAN   CLIMATE SUMMARY FOR MARCH 5 2015...

CLIMATE NORMAL PERIOD 1981 TO 2010
CLIMATE RECORD PERIOD 2000 TO 2015


WEATHER ITEM   OBSERVED TIME   RECORD YEAR NORMAL DEPARTURE LAST
                VALUE   (LST)  VALUE       VALUE  FROM      YEAR
                                                  NORMAL
..................................................................
TEMPERATURE (F)
 YESTERDAY
  MAXIMUM         16    322 PM  64    2009  40    -24       19
  MINIMUM         -4R  1101 PM   7    2002  24    -28       16
  AVERAGE          6

PRECIPITATION (IN)
  YESTERDAY        0.00          0.71 2004   0.07  -0.07    MM
  MONTH TO DATE    0.00                      0.31  -0.31      T
  SINCE MAR 1      0.00                      0.31  -0.31      T
  SINCE JAN 1      0.54                      3.36  -2.82     2.02

DEGREE DAYS
 HEATING
  YESTERDAY       59                        33     26       47
  MONTH TO DATE  239                       170     69      262
  SINCE MAR 1    239                       170     69      262
  SINCE JUL 1   5764                      5116    648     6131

 COOLING
  YESTERDAY        0                         0      0        0
  MONTH TO DATE    0                         0      0        0
  SINCE MAR 1      0                         0      0        0
  SINCE JAN 1      0                         0      0        0
..................................................................


WIND (MPH)
  RESULTANT WIND SPEED   4   RESULTANT WIND DIRECTION   W (290)
  HIGHEST WIND SPEED    13   HIGHEST WIND DIRECTION    NW (320)
  HIGHEST GUST SPEED    18   HIGHEST GUST DIRECTION    NW (330)
  AVERAGE WIND SPEED     5.9


SKY COVER
  POSSIBLE SUNSHINE  MM
  AVERAGE SKY COVER 0.0


WEATHER CONDITIONS
 THE FOLLOWING WEATHER WAS RECORDED YESTERDAY.
  NO SIGNIFICANT WEATHER WAS OBSERVED.


RELATIVE HUMIDITY (PERCENT)
 HIGHEST    72
 LOWEST     40
 AVERAGE    56

..........................................................


THE WAUKEGAN   CLIMATE NORMALS FOR TODAY
                         NORMAL    RECORD    YEAR
 MAXIMUM TEMPERATURE (F)   40        66      2012
 MINIMUM TEMPERATURE (F)   24        12      2007


SUNRISE AND SUNSET
MARCH  6 2015.........SUNRISE   619 AM CST   SUNSET   547 PM CST
MARCH  7 2015.........SUNRISE   617 AM CST   SUNSET   548 PM CST


-  INDICATES NEGATIVE NUMBERS.
R  INDICATES RECORD WAS SET OR TIED.
MM INDICATES DATA IS MISSING.
T  INDICATES TRACE AMOUNT.




$$
