000
CDUS43 KLOT 240633
CLIUGN


CLIMATE REPORT
NATIONAL WEATHER SERVICE CHICAGO IL
133 AM CDT WED AUG 24 2016


...................................

...THE WAUKEGAN   CLIMATE SUMMARY FOR AUGUST 23 2016...

CLIMATE NORMAL PERIOD 1981 TO 2010
CLIMATE RECORD PERIOD 2000 TO 2016


WEATHER ITEM   OBSERVED TIME   RECORD YEAR NORMAL DEPARTURE LAST
                VALUE   (LST)  VALUE       VALUE  FROM      YEAR
                                                  NORMAL
..................................................................
TEMPERATURE (F)
 YESTERDAY
  MAXIMUM         82    403 PM  90    2012  79      3       74
  MINIMUM         61    519 AM  53    2009  60      1       58
  AVERAGE         72

PRECIPITATION (IN)
  YESTERDAY        0.00          0.40 2007   0.13  -0.13     0.02
  MONTH TO DATE    2.15                      2.90  -0.75     3.09
  SINCE JUN 1      6.47                     10.66  -4.19    11.64
  SINCE JAN 1     18.41                     23.52  -5.11    21.04

DEGREE DAYS
 HEATING
  YESTERDAY        0                         0      0        0
  MONTH TO DATE    1                         0      1        3
  SINCE JUN 1     51                        98    -47      151
  SINCE JUL 1     11                        12     -1       48

 COOLING
  YESTERDAY        7                         5      2        1
  MONTH TO DATE  208                       132     76      129
  SINCE JUN 1    607                       442    165      337
  SINCE JAN 1    651                       467    184      362
..................................................................


WIND (MPH)
  RESULTANT WIND SPEED  10   RESULTANT WIND DIRECTION   S (190)
  HIGHEST WIND SPEED    20   HIGHEST WIND DIRECTION    SW (220)
  HIGHEST GUST SPEED    24   HIGHEST GUST DIRECTION    SW (210)
  AVERAGE WIND SPEED    11.0


SKY COVER
  POSSIBLE SUNSHINE  MM
  AVERAGE SKY COVER 0.2


WEATHER CONDITIONS
 THE FOLLOWING WEATHER WAS RECORDED YESTERDAY.
  NO SIGNIFICANT WEATHER WAS OBSERVED.


RELATIVE HUMIDITY (PERCENT)
 HIGHEST    90
 LOWEST     46
 AVERAGE    68

..........................................................


THE WAUKEGAN   CLIMATE NORMALS FOR TODAY
                         NORMAL    RECORD    YEAR
 MAXIMUM TEMPERATURE (F)   79        91      2012
 MINIMUM TEMPERATURE (F)   60        53      2013


SUNRISE AND SUNSET
AUGUST 24 2016........SUNRISE   609 AM CDT   SUNSET   738 PM CDT
AUGUST 25 2016........SUNRISE   610 AM CDT   SUNSET   736 PM CDT


-  INDICATES NEGATIVE NUMBERS.
R  INDICATES RECORD WAS SET OR TIED.
MM INDICATES DATA IS MISSING.
T  INDICATES TRACE AMOUNT.




$$
