000
CDUS43 KLOT 080642
CLIUGN


CLIMATE REPORT
NATIONAL WEATHER SERVICE CHICAGO IL
1241 AM CST THU DEC 8 2016


...................................

...THE WAUKEGAN   CLIMATE SUMMARY FOR DECEMBER 7 2016...

CLIMATE NORMAL PERIOD 1981 TO 2010
CLIMATE RECORD PERIOD 2000 TO 2016


WEATHER ITEM   OBSERVED TIME   RECORD YEAR NORMAL DEPARTURE LAST
                VALUE   (LST)  VALUE       VALUE  FROM      YEAR
                                                  NORMAL
..................................................................
TEMPERATURE (F)
 YESTERDAY
  MAXIMUM         30   1225 PM  47    2004  36     -6       37
  MINIMUM         21    824 PM  -5    2005  23     -2       26
  AVERAGE         26

PRECIPITATION (IN)
  YESTERDAY        0.00          1.02 2004   0.08  -0.08     0.00
  MONTH TO DATE    0.35                      0.59  -0.24     0.51
  SINCE DEC 1      0.35                      0.59  -0.24     0.51
  SINCE JAN 1     27.88                     34.18  -6.30    33.59

DEGREE DAYS
 HEATING
  YESTERDAY       39                        36      3       33
  MONTH TO DATE  223                       242    -19      206
  SINCE DEC 1    223                       242    -19      206
  SINCE JUL 1   1110                      1627   -517     1364

 COOLING
  YESTERDAY        0                         0      0        0
  MONTH TO DATE    0                         0      0        0
  SINCE DEC 1      0                         0      0        0
  SINCE JAN 1    855                       564    291      483
..................................................................


WIND (MPH)
  RESULTANT WIND SPEED   8   RESULTANT WIND DIRECTION   W (250)
  HIGHEST WIND SPEED    18   HIGHEST WIND DIRECTION     W (290)
  HIGHEST GUST SPEED    31   HIGHEST GUST DIRECTION    NW (300)
  AVERAGE WIND SPEED     9.2


SKY COVER
  POSSIBLE SUNSHINE  MM
  AVERAGE SKY COVER 0.3


WEATHER CONDITIONS
 THE FOLLOWING WEATHER WAS RECORDED YESTERDAY.
  NO SIGNIFICANT WEATHER WAS OBSERVED.


RELATIVE HUMIDITY (PERCENT)
 HIGHEST    74
 LOWEST     63
 AVERAGE    69

..........................................................


THE WAUKEGAN   CLIMATE NORMALS FOR TODAY
                         NORMAL    RECORD    YEAR
 MAXIMUM TEMPERATURE (F)   36        49      1999
 MINIMUM TEMPERATURE (F)   22        -3      2005


SUNRISE AND SUNSET
DECEMBER  8 2016......SUNRISE   709 AM CST   SUNSET   419 PM CST
DECEMBER  9 2016......SUNRISE   709 AM CST   SUNSET   419 PM CST


-  INDICATES NEGATIVE NUMBERS.
R  INDICATES RECORD WAS SET OR TIED.
MM INDICATES DATA IS MISSING.
T  INDICATES TRACE AMOUNT.




$$
