000
CDUS43 KLOT 010638
CLIUGN


CLIMATE REPORT
NATIONAL WEATHER SERVICE CHICAGO IL
137 AM CDT WED OCT 1 2014


...................................

...THE WAUKEGAN   CLIMATE SUMMARY FOR SEPTEMBER 30 2014...

CLIMATE NORMAL PERIOD 1981 TO 2010
CLIMATE RECORD PERIOD 2000 TO 2014


WEATHER ITEM   OBSERVED TIME   RECORD YEAR NORMAL DEPARTURE LAST
                VALUE   (LST)  VALUE       VALUE  FROM      YEAR
                                                  NORMAL
..................................................................
TEMPERATURE (F)
 YESTERDAY
  MAXIMUM         MM        MM  83    2002  65     MM       69
  MINIMUM         MM        MM  35    2004  47     MM       41
  AVERAGE         MM

PRECIPITATION (IN)
  YESTERDAY       MM             0.07 2007   0.13  MM        0.00
  MONTH TO DATE    3.66                      3.46   0.20     2.57
  SINCE SEP 1      3.66                      3.46   0.20     2.57
  SINCE JAN 1     26.61                     27.91  -1.30    24.41

DEGREE DAYS
 HEATING
  YESTERDAY       MM                        10     MM       10
  MONTH TO DATE  162                       138     24      139
  SINCE SEP 1    162                       138     24      139
  SINCE JUL 1    205                       166     39      178

 COOLING
  YESTERDAY       MM                         1     MM        0
  MONTH TO DATE   51                        55     -4       93
  SINCE SEP 1     51                        55     -4       93
  SINCE JAN 1    422                       557   -135      583
..................................................................


WIND (MPH)
  RESULTANT WIND SPEED   3   RESULTANT WIND DIRECTION   N (350)
  HIGHEST WIND SPEED    16   HIGHEST WIND DIRECTION     N (20)
  HIGHEST GUST SPEED    28   HIGHEST GUST DIRECTION    NE (30)
  AVERAGE WIND SPEED     6.2


SKY COVER
  POSSIBLE SUNSHINE  MM
  AVERAGE SKY COVER 1.0


WEATHER CONDITIONS
 THE FOLLOWING WEATHER WAS RECORDED YESTERDAY.
  LIGHT RAIN
  FOG


RELATIVE HUMIDITY (PERCENT)
 HIGHEST    96
 LOWEST     77
 AVERAGE    87

..........................................................


THE WAUKEGAN   CLIMATE NORMALS FOR TODAY
                         NORMAL    RECORD    YEAR
 MAXIMUM TEMPERATURE (F)   65        82      2000
 MINIMUM TEMPERATURE (F)   47        32      2003


SUNRISE AND SUNSET
OCTOBER  1 2014.......SUNRISE   649 AM CDT   SUNSET   633 PM CDT
OCTOBER  2 2014.......SUNRISE   650 AM CDT   SUNSET   631 PM CDT


-  INDICATES NEGATIVE NUMBERS.
R  INDICATES RECORD WAS SET OR TIED.
MM INDICATES DATA IS MISSING.
T  INDICATES TRACE AMOUNT.




$$
