000
CDUS43 KLOT 200646
CLIUGN


CLIMATE REPORT
NATIONAL WEATHER SERVICE CHICAGO IL
146 AM CDT SUN AUG 20 2017


...................................

...THE WAUKEGAN   CLIMATE SUMMARY FOR AUGUST 19 2017...

CLIMATE NORMAL PERIOD 1981 TO 2010
CLIMATE RECORD PERIOD 2000 TO 2017


WEATHER ITEM   OBSERVED TIME   RECORD YEAR NORMAL DEPARTURE LAST
                VALUE   (LST)  VALUE       VALUE  FROM      YEAR
                                                  NORMAL
..................................................................
TEMPERATURE (F)
 YESTERDAY
  MAXIMUM         78    235 PM  86    2016  79     -1       86
  MINIMUM         60   1127 PM  51    2004  61     -1       67
  AVERAGE         69

PRECIPITATION (IN)
  YESTERDAY        0.00          1.54 2007   0.12  -0.12     0.44
  MONTH TO DATE    2.35                      2.41  -0.06     1.02
  SINCE JUN 1     14.58                     10.17   4.41     5.34
  SINCE JAN 1     28.69                     23.03   5.66    17.28

DEGREE DAYS
 HEATING
  YESTERDAY        0                         0      0        0
  MONTH TO DATE    8                         0      8        0
  SINCE JUN 1     46                        98    -52       50
  SINCE JUL 1      9                        12     -3       10

 COOLING
  YESTERDAY        4                         5     -1       12
  MONTH TO DATE   75                       112    -37      194
  SINCE JUN 1    399                       422    -23      593
  SINCE JAN 1    420                       447    -27      637
..................................................................


WIND (MPH)
  RESULTANT WIND SPEED   1   RESULTANT WIND DIRECTION  SE (150)
  HIGHEST WIND SPEED    12   HIGHEST WIND DIRECTION    SE (130)
  HIGHEST GUST SPEED    13   HIGHEST GUST DIRECTION    SE (130)
  AVERAGE WIND SPEED     3.1


SKY COVER
  POSSIBLE SUNSHINE  MM
  AVERAGE SKY COVER 0.0


WEATHER CONDITIONS
 THE FOLLOWING WEATHER WAS RECORDED YESTERDAY.
  FOG
  HAZE


RELATIVE HUMIDITY (PERCENT)
 HIGHEST   100
 LOWEST     54
 AVERAGE    77

..........................................................


THE WAUKEGAN   CLIMATE NORMALS FOR TODAY
                         NORMAL    RECORD    YEAR
 MAXIMUM TEMPERATURE (F)   79        92      2010
 MINIMUM TEMPERATURE (F)   61        51      2000


SUNRISE AND SUNSET
AUGUST 20 2017........SUNRISE   604 AM CDT   SUNSET   745 PM CDT
AUGUST 21 2017........SUNRISE   605 AM CDT   SUNSET   743 PM CDT


-  INDICATES NEGATIVE NUMBERS.
R  INDICATES RECORD WAS SET OR TIED.
MM INDICATES DATA IS MISSING.
T  INDICATES TRACE AMOUNT.




$$
