000
CDUS43 KLOT 230635
CLIUGN


CLIMATE REPORT
NATIONAL WEATHER SERVICE CHICAGO IL
133 AM CDT WED APR 23 2014


...................................

...THE WAUKEGAN   CLIMATE SUMMARY FOR APRIL 22 2014...

CLIMATE NORMAL PERIOD 1981 TO 2010
CLIMATE RECORD PERIOD 2000 TO 2014


WEATHER ITEM   OBSERVED TIME   RECORD YEAR NORMAL DEPARTURE LAST
                VALUE   (LST)  VALUE       VALUE  FROM      YEAR
                                                  NORMAL
..................................................................
TEMPERATURE (F)
 YESTERDAY
  MAXIMUM         57   1202 AM  81    2007  58     -1       58
  MINIMUM         31    958 PM  28    2003  39     -8       39
  AVERAGE         44

PRECIPITATION (IN)
  YESTERDAY        0.00          0.48 2011   0.11  -0.11     0.00
  MONTH TO DATE    1.50                      2.37  -0.87     6.91
  SINCE MAR 1      2.26                      4.69  -2.43     8.17
  SINCE JAN 1      4.28                      7.74  -3.46    10.33

DEGREE DAYS
 HEATING
  YESTERDAY       21                        17      4       16
  MONTH TO DATE  475                       453     22      518
  SINCE MAR 1   1614                      1377    237     1597
  SINCE JUL 1   7483                      6323   1160     6198

 COOLING
  YESTERDAY        0                         0      0        0
  MONTH TO DATE    0                         0      0        0
  SINCE MAR 1      0                         0      0        0
  SINCE JAN 1      0                         0      0        0
..................................................................


WIND (MPH)
  RESULTANT WIND SPEED   6   RESULTANT WIND DIRECTION   N (360)
  HIGHEST WIND SPEED    17   HIGHEST WIND DIRECTION     N (340)
  HIGHEST GUST SPEED    27   HIGHEST GUST DIRECTION    NW (330)
  AVERAGE WIND SPEED     9.1


SKY COVER
  POSSIBLE SUNSHINE  MM
  AVERAGE SKY COVER 0.0


WEATHER CONDITIONS
 THE FOLLOWING WEATHER WAS RECORDED YESTERDAY.
  NO SIGNIFICANT WEATHER WAS OBSERVED.


RELATIVE HUMIDITY (PERCENT)
 HIGHEST    85
 LOWEST     41
 AVERAGE    63

..........................................................


THE WAUKEGAN   CLIMATE NORMALS FOR TODAY
                         NORMAL    RECORD    YEAR
 MAXIMUM TEMPERATURE (F)   58        73      2001
 MINIMUM TEMPERATURE (F)   40        24      2003


SUNRISE AND SUNSET
APRIL 23 2014.........SUNRISE   558 AM CDT   SUNSET   742 PM CDT
APRIL 24 2014.........SUNRISE   557 AM CDT   SUNSET   743 PM CDT


-  INDICATES NEGATIVE NUMBERS.
R  INDICATES RECORD WAS SET OR TIED.
MM INDICATES DATA IS MISSING.
T  INDICATES TRACE AMOUNT.




$$
