000
CDUS46 KSEW 020831
CLIUIL


CLIMATE REPORT
NATIONAL WEATHER SERVICE SEATTLE WA
130 AM PDT MON MAY 2 2016


...................................

...THE QUILLAYUTE WA AIRPORT CLIMATE SUMMARY FOR MAY 1 2016...

CLIMATE NORMAL PERIOD 1981 TO 2010
CLIMATE RECORD PERIOD 1966 TO 2016


WEATHER ITEM   OBSERVED TIME   RECORD YEAR NORMAL DEPARTURE LAST
                VALUE   (LST)  VALUE       VALUE  FROM      YEAR
                                                  NORMAL
..................................................................
TEMPERATURE (F)
 YESTERDAY
  MAXIMUM         75    334 PM  83    2014  57     18       59
  MINIMUM         38    531 AM  29    2011  40     -2       41
  AVERAGE         57                        49      8       50

PRECIPITATION (IN)
  YESTERDAY        0.00          1.04 1988   0.19  -0.19     0.01
  MONTH TO DATE    0.00                      0.19  -0.19     0.01
  SINCE OCT 1     93.49                     82.83  10.66    85.49
  SINCE JAN 1     49.51                     43.83   5.68    40.74

DEGREE DAYS
 HEATING
  YESTERDAY        8                        16     -8       15
  MONTH TO DATE    8                        16     -8       15
  SINCE MAR 1    924                      1213   -289     1074
  SINCE JUL 1   4047                      5058  -1011     3984

 COOLING
  YESTERDAY        0                         0      0        0
  MONTH TO DATE    0                         0      0        0
  SINCE MAR 1      0                         0      0        0
  SINCE JAN 1      0                         0      0        0
..................................................................


WIND (MPH)
  RESULTANT WIND SPEED   2   RESULTANT WIND DIRECTION   W (270)
  HIGHEST WIND SPEED    14   HIGHEST WIND DIRECTION     W (250)
  HIGHEST GUST SPEED    15   HIGHEST GUST DIRECTION     W (250)
  AVERAGE WIND SPEED     4.2


SKY COVER
  AVERAGE SKY COVER 0.0


WEATHER CONDITIONS
 THE FOLLOWING WEATHER WAS RECORDED YESTERDAY.
  NO SIGNIFICANT WEATHER WAS OBSERVED.


RELATIVE HUMIDITY (PERCENT)
 HIGHEST    96           100 AM
 LOWEST     35           400 PM
 AVERAGE    66

..........................................................


THE QUILLAYUTE WA AIRPORT CLIMATE NORMALS FOR TODAY
                         NORMAL    RECORD    YEAR
 MAXIMUM TEMPERATURE (F)   58        77      1991
 MINIMUM TEMPERATURE (F)   41        33      1974


SUNRISE AND SUNSET
MAY  2 2016...........SUNRISE   558 AM PDT   SUNSET   834 PM PDT
MAY  3 2016...........SUNRISE   556 AM PDT   SUNSET   835 PM PDT


-  INDICATES NEGATIVE NUMBERS.
R  INDICATES RECORD WAS SET OR TIED.
MM INDICATES DATA IS MISSING.
T  INDICATES TRACE AMOUNT.




$$
