000
CDUS46 KSEW 250125
CLIUIL


CLIMATE REPORT
NATIONAL WEATHER SERVICE SEATTLE WA
524 PM PST FRI FEB 24 2017


...................................

...THE QUILLAYUTE WA AIRPORT CLIMATE SUMMARY FOR FEBRUARY 24 2017...
VALID TODAY AS OF 0500 PM LOCAL TIME.

CLIMATE NORMAL PERIOD 1981 TO 2010
CLIMATE RECORD PERIOD 1966 TO 2017


WEATHER ITEM   OBSERVED TIME   RECORD YEAR NORMAL DEPARTURE LAST
                VALUE   (LST)  VALUE       VALUE  FROM      YEAR
                                                  NORMAL
..................................................................
TEMPERATURE (F)
 TODAY
  MAXIMUM         43    135 PM  62    1970  50     -7       58
  MINIMUM         32    743 AM  24    1998  35     -3       42
                                      1993
  AVERAGE         38                        42     -4       50

PRECIPITATION (IN)
  TODAY            0.51          3.61 1979   0.36   0.15     0.00
  MONTH TO DATE   10.71                      8.90   1.81    14.75
  SINCE OCT 1     78.92                     62.51  16.41    74.45
  SINCE JAN 1     18.99                     23.51  -4.52    30.47

DEGREE DAYS
 HEATING
  TODAY           27                        23      4       15
  MONTH TO DATE  576                       552     24      425
  SINCE DEC 1   2275                      2043    232     1734
  SINCE JUL 1   3702                      3757    -55     3045

 COOLING
  TODAY            0                         0      0        0
  MONTH TO DATE    0                         0      0        0
  SINCE DEC 1      0                         0      0        0
  SINCE JAN 1      0                         0      0        0
..................................................................


WIND (MPH)
  RESULTANT WIND SPEED   2   RESULTANT WIND DIRECTION   E (100)
  HIGHEST WIND SPEED     9   HIGHEST WIND DIRECTION    SE (140)
  HIGHEST GUST SPEED    13   HIGHEST GUST DIRECTION     S (200)
  AVERAGE WIND SPEED     3.4


SKY COVER
  AVERAGE SKY COVER 0.9


WEATHER CONDITIONS
 THE FOLLOWING WEATHER WAS RECORDED TODAY.
  LIGHT RAIN
  LIGHT SNOW
  FOG


RELATIVE HUMIDITY (PERCENT)
 HIGHEST   100           100 AM
 LOWEST     73          1200 PM
 AVERAGE    87

..........................................................


THE QUILLAYUTE WA AIRPORT CLIMATE NORMALS FOR TOMORROW
                         NORMAL    RECORD    YEAR
 MAXIMUM TEMPERATURE (F)   50        70      2016
 MINIMUM TEMPERATURE (F)   35        20      1993


SUNRISE AND SUNSET
FEBRUARY 24 2017......SUNRISE   708 AM PST   SUNSET   556 PM PST
FEBRUARY 25 2017......SUNRISE   706 AM PST   SUNSET   557 PM PST


-  INDICATES NEGATIVE NUMBERS.
R  INDICATES RECORD WAS SET OR TIED.
MM INDICATES DATA IS MISSING.
T  INDICATES TRACE AMOUNT.




$$
