000
CDUS46 KSEW 070829
CLIUIL


CLIMATE REPORT
NATIONAL WEATHER SERVICE SEATTLE WA
1229 AM PST WED DEC 7 2016


...................................

...THE QUILLAYUTE WA AIRPORT CLIMATE SUMMARY FOR DECEMBER 6 2016...

CLIMATE NORMAL PERIOD 1981 TO 2010
CLIMATE RECORD PERIOD 1966 TO 2016


WEATHER ITEM   OBSERVED TIME   RECORD YEAR NORMAL DEPARTURE LAST
                VALUE   (LST)  VALUE       VALUE  FROM      YEAR
                                                  NORMAL
..................................................................
TEMPERATURE (F)
 YESTERDAY
  MAXIMUM         38    247 PM  55    2015  47     -9       55
                                      1974
  MINIMUM         27    209 AM  20    1980  35     -8       50
                                      1972
  AVERAGE         33                        41     -8       53

PRECIPITATION (IN)
  YESTERDAY        0.00          2.47 1970   0.44  -0.44     2.15
  MONTH TO DATE    3.48                      2.78   0.70     5.87
  SINCE OCT 1     50.28                     28.79  21.49    30.61
  SINCE JAN 1    112.65                     89.33  23.32    83.45

DEGREE DAYS
 HEATING
  YESTERDAY       32                        24      8       12
  MONTH TO DATE  150                       144      6       87
  SINCE DEC 1    150                       144      6       87
  SINCE JUL 1   1577                      1858   -281     1398

 COOLING
  YESTERDAY        0                         0      0        0
  MONTH TO DATE    0                         0      0        0
  SINCE DEC 1      0                         0      0        0
  SINCE JAN 1     54                        19     35       56
..................................................................


WIND (MPH)
  RESULTANT WIND SPEED   6   RESULTANT WIND DIRECTION  NE (40)
  HIGHEST WIND SPEED    16   HIGHEST WIND DIRECTION    NE (30)
  HIGHEST GUST SPEED    22   HIGHEST GUST DIRECTION    NE (50)
  AVERAGE WIND SPEED     6.5


SKY COVER
  AVERAGE SKY COVER 0.4


WEATHER CONDITIONS
 THE FOLLOWING WEATHER WAS RECORDED YESTERDAY.
  FOG


RELATIVE HUMIDITY (PERCENT)
 HIGHEST   100          1200 AM
 LOWEST     64          1200 PM
 AVERAGE    82

..........................................................


THE QUILLAYUTE WA AIRPORT CLIMATE NORMALS FOR TODAY
                         NORMAL    RECORD    YEAR
 MAXIMUM TEMPERATURE (F)   46        59      2014
 MINIMUM TEMPERATURE (F)   35        13      1972


SUNRISE AND SUNSET
DECEMBER  7 2016......SUNRISE   754 AM PST   SUNSET   425 PM PST
DECEMBER  8 2016......SUNRISE   755 AM PST   SUNSET   425 PM PST


-  INDICATES NEGATIVE NUMBERS.
R  INDICATES RECORD WAS SET OR TIED.
MM INDICATES DATA IS MISSING.
T  INDICATES TRACE AMOUNT.




$$
