592
CDUS46 KSEW 250837
CLIUIL


CLIMATE REPORT
NATIONAL WEATHER SERVICE SEATTLE WA
137 AM PDT SAT MAR 25 2017


...................................

...THE QUILLAYUTE WA AIRPORT CLIMATE SUMMARY FOR MARCH 24 2017...

CLIMATE NORMAL PERIOD 1981 TO 2010
CLIMATE RECORD PERIOD 1966 TO 2017


WEATHER ITEM   OBSERVED TIME   RECORD YEAR NORMAL DEPARTURE LAST
                VALUE   (LST)  VALUE       VALUE  FROM      YEAR
                                                  NORMAL
..................................................................
TEMPERATURE (F)
 YESTERDAY
  MAXIMUM         49    145 PM  67    2014  52     -3       52
  MINIMUM         44   1159 PM  28    1975  38      6       41
  AVERAGE         47                        45      2       47

PRECIPITATION (IN)
  YESTERDAY        0.62          2.78 2007   0.34   0.28     0.34
  MONTH TO DATE   15.72                      8.52   7.20    15.10
  SINCE OCT 1     95.70                     72.48  23.22    90.54
  SINCE JAN 1     35.77                     33.48   2.29    46.56

DEGREE DAYS
 HEATING
  YESTERDAY       18                        20     -2       18
  MONTH TO DATE  526                       508     18      421
  SINCE MAR 1    526                       508     18      421
  SINCE JUL 1   4348                      4353     -5     3544

 COOLING
  YESTERDAY        0                         0      0        0
  MONTH TO DATE    0                         0      0        0
  SINCE MAR 1      0                         0      0        0
  SINCE JAN 1      0                         0      0        0
..................................................................


WIND (MPH)
  RESULTANT WIND SPEED   8   RESULTANT WIND DIRECTION   S (190)
  HIGHEST WIND SPEED    20   HIGHEST WIND DIRECTION    SW (210)
  HIGHEST GUST SPEED    29   HIGHEST GUST DIRECTION     S (190)
  AVERAGE WIND SPEED     9.3


SKY COVER
  AVERAGE SKY COVER 0.8


WEATHER CONDITIONS
 THE FOLLOWING WEATHER WAS RECORDED YESTERDAY.
  RAIN
  LIGHT RAIN
  FOG


RELATIVE HUMIDITY (PERCENT)
 HIGHEST   100           400 AM
 LOWEST     86           300 PM
 AVERAGE    93

..........................................................


THE QUILLAYUTE WA AIRPORT CLIMATE NORMALS FOR TODAY
                         NORMAL    RECORD    YEAR
 MAXIMUM TEMPERATURE (F)   52        66      1969
 MINIMUM TEMPERATURE (F)   38        25      1996


SUNRISE AND SUNSET
MARCH 25 2017.........SUNRISE   710 AM PDT   SUNSET   739 PM PDT
MARCH 26 2017.........SUNRISE   708 AM PDT   SUNSET   740 PM PDT


-  INDICATES NEGATIVE NUMBERS.
R  INDICATES RECORD WAS SET OR TIED.
MM INDICATES DATA IS MISSING.
T  INDICATES TRACE AMOUNT.




$$
