000
CDUS46 KSEW 300826
CLIUIL


CLIMATE REPORT
NATIONAL WEATHER SERVICE SEATTLE WA
126 AM PDT SAT MAY 30 2015


...................................

...THE QUILLAYUTE WA AIRPORT CLIMATE SUMMARY FOR MAY 29 2015...

CLIMATE NORMAL PERIOD 1981 TO 2010
CLIMATE RECORD PERIOD 1966 TO 2015


WEATHER ITEM   OBSERVED TIME   RECORD YEAR NORMAL DEPARTURE LAST
                VALUE   (LST)  VALUE       VALUE  FROM      YEAR
                                                  NORMAL
..................................................................
TEMPERATURE (F)
 YESTERDAY
  MAXIMUM         61   1119 AM  78    2007  61      0       60
  MINIMUM         49    608 AM  34    1999  45      4       42
  AVERAGE         55                        53      2       51

PRECIPITATION (IN)
  YESTERDAY        0.00          1.66 1969   0.15  -0.15     0.04
  MONTH TO DATE    0.67                      4.80  -4.13     3.91
  SINCE OCT 1     86.15                     87.44  -1.29    69.42
  SINCE JAN 1     41.40                     48.44  -7.04    52.19

DEGREE DAYS
 HEATING
  YESTERDAY       10                        12     -2       14
  MONTH TO DATE  342                       402    -60      299
  SINCE MAR 1   1401                      1599   -198     1387
  SINCE JUL 1   4311                      5444  -1133     4581

 COOLING
  YESTERDAY        0                         0      0        0
  MONTH TO DATE    0                         0      0        2
  SINCE MAR 1      0                         0      0        4
  SINCE JAN 1      0                         0      0        4
..................................................................


WIND (MPH)
  RESULTANT WIND SPEED   3   RESULTANT WIND DIRECTION  SW (240)
  HIGHEST WIND SPEED    13   HIGHEST WIND DIRECTION    SW (240)
  HIGHEST GUST SPEED    16   HIGHEST GUST DIRECTION     W (260)
  AVERAGE WIND SPEED     4.6


SKY COVER
  AVERAGE SKY COVER 0.7


WEATHER CONDITIONS
 THE FOLLOWING WEATHER WAS RECORDED YESTERDAY.
  FOG
  FOG W/VISIBILITY <= 1/4 MILE


RELATIVE HUMIDITY (PERCENT)
 HIGHEST   100          1200 AM
 LOWEST     72          1200 PM
 AVERAGE    86

..........................................................


THE QUILLAYUTE WA AIRPORT CLIMATE NORMALS FOR TODAY
                         NORMAL    RECORD    YEAR
 MAXIMUM TEMPERATURE (F)   61        90      1986
 MINIMUM TEMPERATURE (F)   46        33      1999


SUNRISE AND SUNSET
MAY 30 2015...........SUNRISE   525 AM PDT   SUNSET   907 PM PDT
MAY 31 2015...........SUNRISE   524 AM PDT   SUNSET   908 PM PDT


-  INDICATES NEGATIVE NUMBERS.
R  INDICATES RECORD WAS SET OR TIED.
MM INDICATES DATA IS MISSING.
T  INDICATES TRACE AMOUNT.




$$
