000
CDUS46 KSEW 241748 CCB
CLIUIL

CLIMATE REPORT...CORRECTED
NATIONAL WEATHER SERVICE SEATTLE WA
1048 AM PDT SUN JUL 24 2016


...................................

...THE QUILLAYUTE WA AIRPORT CLIMATE SUMMARY FOR JULY 23 2016...

CLIMATE NORMAL PERIOD 1981 TO 2010
CLIMATE RECORD PERIOD 1966 TO 2016


WEATHER ITEM   OBSERVED TIME   RECORD YEAR NORMAL DEPARTURE LAST
                VALUE   (LST)  VALUE       VALUE  FROM      YEAR
                                                  NORMAL
..................................................................
TEMPERATURE (F)
 YESTERDAY
  MAXIMUM         68    330 PM  93    2004  68      0       69
  MINIMUM         55   1134 PM  44    2011  51      5       50
                                      1977
                                      1973
  AVERAGE         62                        60      2       60

PRECIPITATION (IN)
  YESTERDAY        T             0.26 2007   0.06  -0.06     0.00
  MONTH TO DATE    2.16                      1.53   0.63     0.63
  SINCE OCT 1    101.49                     92.78   8.71    86.98
  SINCE JAN 1     57.51                     53.78   3.73    42.23

DEGREE DAYS
 HEATING
  YESTERDAY        3                         6     -3        5
  MONTH TO DATE  122                       152    -30       54
  SINCE JUN 1    371                       446    -75      244
  SINCE JUL 1    122                       152    -30       54

 COOLING
  YESTERDAY        0                         0      0        0
  MONTH TO DATE    0                         0      0        9
  SINCE JUN 1     11                         3      8       22
  SINCE JAN 1     11                         4      7       22
..................................................................


WIND (MPH)
  RESULTANT WIND SPEED   4   RESULTANT WIND DIRECTION  NW (300)
  HIGHEST WIND SPEED    13   HIGHEST WIND DIRECTION     W (290)
  HIGHEST GUST SPEED    16   HIGHEST GUST DIRECTION    NW (300)
  AVERAGE WIND SPEED     4.3


SKY COVER
  AVERAGE SKY COVER 0.7


WEATHER CONDITIONS
 THE FOLLOWING WEATHER WAS RECORDED YESTERDAY.
  LIGHT RAIN


RELATIVE HUMIDITY (PERCENT)
 HIGHEST    93           200 AM
 LOWEST     63           300 PM
 AVERAGE    78

..........................................................


THE QUILLAYUTE WA AIRPORT CLIMATE NORMALS FOR TODAY
                         NORMAL    RECORD    YEAR
 MAXIMUM TEMPERATURE (F)   68        92      1984
 MINIMUM TEMPERATURE (F)   51        40      1973


SUNRISE AND SUNSET
JULY 24 2016..........SUNRISE   545 AM PDT   SUNSET   903 PM PDT
JULY 25 2016..........SUNRISE   547 AM PDT   SUNSET   902 PM PDT


-  INDICATES NEGATIVE NUMBERS.
R  INDICATES RECORD WAS SET OR TIED.
MM INDICATES DATA IS MISSING.
T  INDICATES TRACE AMOUNT.




$$
