000
CDUS43 KLSX 270739
CLIUIN


CLIMATE REPORT
NATIONAL WEATHER SERVICE ST LOUIS MO
235 AM CDT WED MAY 27 2015


...................................

...THE QUINCY IL CLIMATE SUMMARY FOR MAY 26 2015...

CLIMATE NORMAL PERIOD 1981 TO 2010
CLIMATE RECORD PERIOD 1901 TO 2015


WEATHER ITEM   OBSERVED TIME   RECORD YEAR NORMAL DEPARTURE LAST
                VALUE   (LST)  VALUE       VALUE  FROM      YEAR
                                                  NORMAL
..................................................................
TEMPERATURE (F)
 YESTERDAY
  MAXIMUM         77    455 PM  95    1911  76      1       85
  MINIMUM         64    652 AM  36    1901  56      8       64
  AVERAGE         71                        66      5

PRECIPITATION (IN)
  YESTERDAY        0.55          2.11 2000   0.16   0.39     0.03
  MONTH TO DATE    3.51                      3.76  -0.25     1.92
  SINCE MAR 1      6.16                      9.91  -3.75     6.05
  SINCE JAN 1      8.20                     13.31  -5.11     8.17

DEGREE DAYS
 HEATING
  YESTERDAY        0                         3     -3
  MONTH TO DATE   84                       126    -42
  SINCE MAR 1   1072                      1214   -142
  SINCE JUL 1   5738                      5556    182

 COOLING
  YESTERDAY        6                         3      3
  MONTH TO DATE   88                        48     40
  SINCE MAR 1     94                        66     28
  SINCE JAN 1     94                        66     28
..................................................................


WIND (MPH)
  HIGHEST WIND SPEED    24   HIGHEST WIND DIRECTION     W (250)
  HIGHEST GUST SPEED    34   HIGHEST GUST DIRECTION     W (260)
  AVERAGE WIND SPEED    13.5


SKY COVER
  AVERAGE SKY COVER 0.6



RELATIVE HUMIDITY (PERCENT)
 HIGHEST    93           600 AM
 LOWEST     56           500 PM
 AVERAGE    75

..........................................................


THE QUINCY IL CLIMATE NORMALS FOR TODAY
                         NORMAL    RECORD    YEAR
 MAXIMUM TEMPERATURE (F)   76        94      1911
 MINIMUM TEMPERATURE (F)   56        34      1907


SUNRISE AND SUNSET
MAY 27 2015...........SUNRISE   541 AM CDT   SUNSET   823 PM CDT
MAY 28 2015...........SUNRISE   540 AM CDT   SUNSET   824 PM CDT


-  INDICATES NEGATIVE NUMBERS.
R  INDICATES RECORD WAS SET OR TIED.
MM INDICATES DATA IS MISSING.
T  INDICATES TRACE AMOUNT.




$$
