000
CDUS43 KLSX 300735
CLIUIN


CLIMATE REPORT
NATIONAL WEATHER SERVICE ST LOUIS MO
232 AM CDT SAT APR 30 2016


...................................

...THE QUINCY IL CLIMATE SUMMARY FOR APRIL 29 2016...

CLIMATE NORMAL PERIOD 1981 TO 2010
CLIMATE RECORD PERIOD 1901 TO 2016


WEATHER ITEM   OBSERVED TIME   RECORD YEAR NORMAL DEPARTURE LAST
                VALUE   (LST)  VALUE       VALUE  FROM      YEAR
                                                  NORMAL
..................................................................
TEMPERATURE (F)
 YESTERDAY
  MAXIMUM         56    449 PM  91    1910  68    -12       72
  MINIMUM         48    345 AM  30    1958  48      0       46
  AVERAGE         52                        58     -6

PRECIPITATION (IN)
  YESTERDAY        T             1.65 1963   0.13  -0.13     0.00
  MONTH TO DATE    2.74                      3.56  -0.82     1.70
  SINCE MAR 1      3.82                      6.02  -2.20     2.65
  SINCE JAN 1      4.44                      9.42  -4.98     4.69

DEGREE DAYS
 HEATING
  YESTERDAY       13                         8      5
  MONTH TO DATE  322                       362    -40
  SINCE MAR 1    842                      1080   -238
  SINCE JUL 1   4439                      5422   -983

 COOLING
  YESTERDAY        0                         1     -1
  MONTH TO DATE   19                        16      3
  SINCE MAR 1     21                        18      3
  SINCE JAN 1     21                        18      3
..................................................................


WIND (MPH)
  HIGHEST WIND SPEED    18   HIGHEST WIND DIRECTION     E (80)
  HIGHEST GUST SPEED    24   HIGHEST GUST DIRECTION     E (90)
  AVERAGE WIND SPEED    11.0


SKY COVER
  AVERAGE SKY COVER 0.8



RELATIVE HUMIDITY (PERCENT)
 HIGHEST    93           400 AM
 LOWEST     77           100 PM
 AVERAGE    85

..........................................................


THE QUINCY IL CLIMATE NORMALS FOR TODAY
                         NORMAL    RECORD    YEAR
 MAXIMUM TEMPERATURE (F)   68        90      1936
 MINIMUM TEMPERATURE (F)   48        30      1908


SUNRISE AND SUNSET
APRIL 30 2016.........SUNRISE   606 AM CDT   SUNSET   759 PM CDT
MAY  1 2016...........SUNRISE   604 AM CDT   SUNSET   800 PM CDT


-  INDICATES NEGATIVE NUMBERS.
R  INDICATES RECORD WAS SET OR TIED.
MM INDICATES DATA IS MISSING.
T  INDICATES TRACE AMOUNT.




$$
