000
CDUS43 KLSX 280727
CLIUIN


CLIMATE REPORT
NATIONAL WEATHER SERVICE ST LOUIS MO
227 AM CDT FRI APR 28 2017


...................................

...THE QUINCY IL CLIMATE SUMMARY FOR APRIL 27 2017...

CLIMATE NORMAL PERIOD 1981 TO 2010
CLIMATE RECORD PERIOD 1901 TO 2017


WEATHER ITEM   OBSERVED TIME   RECORD YEAR NORMAL DEPARTURE LAST
                VALUE   (LST)  VALUE       VALUE  FROM      YEAR
                                                  NORMAL
..................................................................
TEMPERATURE (F)
 YESTERDAY
  MAXIMUM         56    503 PM  90    1914  67    -11       67
  MINIMUM         42    853 AM  32    1967  47     -5       50
  AVERAGE         49                        57     -8

PRECIPITATION (IN)
  YESTERDAY        0.09          2.05 1917   0.13  -0.04     0.60
  MONTH TO DATE    3.08                      3.30  -0.22     2.74
  SINCE MAR 1      6.26                      5.76   0.50     3.82
  SINCE JAN 1      8.31                      9.16  -0.85     4.44

DEGREE DAYS
 HEATING
  YESTERDAY       16                         9      7
  MONTH TO DATE  211                       346   -135
  SINCE MAR 1    833                      1064   -231
  SINCE JUL 1   4274                      5406  -1132

 COOLING
  YESTERDAY        0                         1     -1
  MONTH TO DATE   32                        14     18
  SINCE MAR 1     32                        16     16
  SINCE JAN 1     32                        16     16
..................................................................


WIND (MPH)
  HIGHEST WIND SPEED    20   HIGHEST WIND DIRECTION    NW (320)
  HIGHEST GUST SPEED    25   HIGHEST GUST DIRECTION     W (280)
  AVERAGE WIND SPEED    10.8


SKY COVER
  AVERAGE SKY COVER 0.8



RELATIVE HUMIDITY (PERCENT)
 HIGHEST    96           200 AM
 LOWEST     59           200 PM
 AVERAGE    78

..........................................................


THE QUINCY IL CLIMATE NORMALS FOR TODAY
                         NORMAL    RECORD    YEAR
 MAXIMUM TEMPERATURE (F)   68        88      1970
 MINIMUM TEMPERATURE (F)   47        34      1928


SUNRISE AND SUNSET
APRIL 28 2017.........SUNRISE   608 AM CDT   SUNSET   757 PM CDT
APRIL 29 2017.........SUNRISE   607 AM CDT   SUNSET   758 PM CDT


-  INDICATES NEGATIVE NUMBERS.
R  INDICATES RECORD WAS SET OR TIED.
MM INDICATES DATA IS MISSING.
T  INDICATES TRACE AMOUNT.




$$
