851
CDUS43 KLSX 192241
CLIUIN


CLIMATE REPORT
NATIONAL WEATHER SERVICE ST LOUIS MO
440 PM CST FRI JAN 19 2018


...................................

...THE QUINCY IL CLIMATE SUMMARY FOR JANUARY 19 2018...
VALID TODAY AS OF 0400 PM LOCAL TIME.

CLIMATE NORMAL PERIOD 1981 TO 2010
CLIMATE RECORD PERIOD 1901 TO 2018


WEATHER ITEM   OBSERVED TIME   RECORD YEAR NORMAL DEPARTURE LAST
                VALUE   (LST)  VALUE       VALUE  FROM      YEAR
                                                  NORMAL
..................................................................
TEMPERATURE (F)
 TODAY
  MAXIMUM         50    349 PM  67    1951  34     16       46
  MINIMUM         29    702 AM -19    1985  18     11       35
  AVERAGE         40                        26     14       41

PRECIPITATION (IN)
  TODAY            0.00          2.68 1907   0.05  -0.05     0.15
  MONTH TO DATE    0.54                      0.96  -0.42     1.17
  SINCE DEC 1      0.71                      3.21  -2.50     2.20
  SINCE JAN 1      0.54                      0.96  -0.42     1.17

DEGREE DAYS
 HEATING
  TODAY           25                        39    -14
  MONTH TO DATE  901                       737    164
  SINCE DEC 1   1983                      1828    155
  SINCE JUL 1   2930                      2928      2

 COOLING
  TODAY            0                         0      0
  MONTH TO DATE    0                         0      0
  SINCE DEC 1      0                         0      0
  SINCE JAN 1      0                         0      0
..................................................................


WIND (MPH)
  HIGHEST WIND SPEED    25   HIGHEST WIND DIRECTION     S (200)
  HIGHEST GUST SPEED    32   HIGHEST GUST DIRECTION    SW (210)
  AVERAGE WIND SPEED    15.5


SKY COVER
  AVERAGE SKY COVER 0.0



RELATIVE HUMIDITY (PERCENT)
 HIGHEST    63           200 AM
 LOWEST     38           100 PM
 AVERAGE    51

..........................................................


THE QUINCY IL CLIMATE NORMALS FOR TOMORROW
                         NORMAL    RECORD    YEAR
 MAXIMUM TEMPERATURE (F)   34        66      1906
 MINIMUM TEMPERATURE (F)   18       -21      1985


SUNRISE AND SUNSET
JANUARY 19 2018.......SUNRISE   723 AM CST   SUNSET   509 PM CST
JANUARY 20 2018.......SUNRISE   722 AM CST   SUNSET   510 PM CST


-  INDICATES NEGATIVE NUMBERS.
R  INDICATES RECORD WAS SET OR TIED.
MM INDICATES DATA IS MISSING.
T  INDICATES TRACE AMOUNT.




$$
