000
CDUS43 KLSX 272229
CLIUIN


CLIMATE REPORT
NATIONAL WEATHER SERVICE ST LOUIS MO
526 PM CDT FRI MAR 27 2015


...................................

...THE QUINCY IL CLIMATE SUMMARY FOR MARCH 27 2015...
VALID TODAY AS OF 0500 PM LOCAL TIME.

CLIMATE NORMAL PERIOD 1981 TO 2010
CLIMATE RECORD PERIOD 1901 TO 2015


WEATHER ITEM   OBSERVED TIME   RECORD YEAR NORMAL DEPARTURE LAST
                VALUE   (LST)  VALUE       VALUE  FROM      YEAR
                                                  NORMAL
..................................................................
TEMPERATURE (F)
 TODAY
  MAXIMUM         42    227 PM  86    1945  56    -14       56
  MINIMUM         26    536 AM  16    1965  36    -10       38
  AVERAGE         34                        46    -12       47

PRECIPITATION (IN)
  TODAY            T             0.94 1975   0.08  -0.08     0.44
  MONTH TO DATE    0.95                      2.09  -1.14     0.68
  SINCE MAR 1      0.95                      2.09  -1.14     0.68
  SINCE JAN 1      2.99                      5.49  -2.50     2.80

DEGREE DAYS
 HEATING
  TODAY           31                        19     12
  MONTH TO DATE  643                       647     -4
  SINCE MAR 1    643                       647     -4
  SINCE JUL 1   5309                      4989    320

 COOLING
  TODAY            0                         0      0
  MONTH TO DATE    0                         0      0
  SINCE MAR 1      0                         0      0
  SINCE JAN 1      0                         0      0
..................................................................


WIND (MPH)
  HIGHEST WIND SPEED    18   HIGHEST WIND DIRECTION     N (10)
  HIGHEST GUST SPEED    22   HIGHEST GUST DIRECTION    NE (30)
  AVERAGE WIND SPEED     9.4


SKY COVER
  AVERAGE SKY COVER 0.6



RELATIVE HUMIDITY (PERCENT)
 HIGHEST    75           400 AM
 LOWEST     30           400 PM
 AVERAGE    53

..........................................................


THE QUINCY IL CLIMATE NORMALS FOR TOMORROW
                         NORMAL    RECORD    YEAR
 MAXIMUM TEMPERATURE (F)   57        84      1985
                                             1910
 MINIMUM TEMPERATURE (F)   37        17      1955


SUNRISE AND SUNSET
MARCH 27 2015.........SUNRISE   657 AM CDT   SUNSET   724 PM CDT
MARCH 28 2015.........SUNRISE   656 AM CDT   SUNSET   725 PM CDT


-  INDICATES NEGATIVE NUMBERS.
R  INDICATES RECORD WAS SET OR TIED.
MM INDICATES DATA IS MISSING.
T  INDICATES TRACE AMOUNT.




$$
