000
CDUS43 KLSX 220733
CLIUIN


CLIMATE REPORT
NATIONAL WEATHER SERVICE ST LOUIS MO
232 AM CDT TUE AUG 22 2017


...................................

...THE QUINCY IL CLIMATE SUMMARY FOR AUGUST 21 2017...

CLIMATE NORMAL PERIOD 1981 TO 2010
CLIMATE RECORD PERIOD 1901 TO 2017


WEATHER ITEM   OBSERVED TIME   RECORD YEAR NORMAL DEPARTURE LAST
                VALUE   (LST)  VALUE       VALUE  FROM      YEAR
                                                  NORMAL
..................................................................
TEMPERATURE (F)
 YESTERDAY
  MAXIMUM         80    433 PM 102    1947  84     -4       77
                                      1936
  MINIMUM         68   1159 PM  44    1950  64      4       57
  AVERAGE         74                        74      0

PRECIPITATION (IN)
  YESTERDAY        1.24          1.64 1944   0.12   1.12     0.00
  MONTH TO DATE    3.49                      2.48   1.01     2.55
  SINCE JUN 1      8.55                     10.51  -1.96    10.27
  SINCE JAN 1     25.33                     24.60   0.73    18.95

DEGREE DAYS
 HEATING
  YESTERDAY        0                         0      0
  MONTH TO DATE    0                         0      0
  SINCE JUN 1      4                        16    -12
  SINCE JUL 1      0                         0      0

 COOLING
  YESTERDAY        9                         9      0
  MONTH TO DATE  158                       213    -55
  SINCE JUN 1    847                       783     64
  SINCE JAN 1    956                       869     87
..................................................................


WIND (MPH)
  HIGHEST WIND SPEED    29   HIGHEST WIND DIRECTION     N (10)
  HIGHEST GUST SPEED    38   HIGHEST GUST DIRECTION     N (20)
  AVERAGE WIND SPEED     8.3


SKY COVER
  AVERAGE SKY COVER 0.3



RELATIVE HUMIDITY (PERCENT)
 HIGHEST    93           700 AM
 LOWEST     69           400 PM
 AVERAGE    81

..........................................................


THE QUINCY IL CLIMATE NORMALS FOR TODAY
                         NORMAL    RECORD    YEAR
 MAXIMUM TEMPERATURE (F)   84       103      1936
 MINIMUM TEMPERATURE (F)   64        50      1923


SUNRISE AND SUNSET
AUGUST 22 2017........SUNRISE   623 AM CDT   SUNSET   751 PM CDT
AUGUST 23 2017........SUNRISE   624 AM CDT   SUNSET   750 PM CDT


-  INDICATES NEGATIVE NUMBERS.
R  INDICATES RECORD WAS SET OR TIED.
MM INDICATES DATA IS MISSING.
T  INDICATES TRACE AMOUNT.




$$
