000
CDUS46 KEKA 271209
CLIUKI


CLIMATE REPORT
NATIONAL WEATHER SERVICE EUREKA CA
409 AM PST THU NOV 27 2014


...................................

...THE UKIAH CA CLIMATE SUMMARY FOR NOVEMBER 26 2014...

CLIMATE NORMAL PERIOD 1981 TO 2010
CLIMATE RECORD PERIOD 1903 TO 2014


WEATHER ITEM   OBSERVED TIME   RECORD YEAR NORMAL DEPARTURE LAST
                VALUE   (LST)  VALUE       VALUE  FROM      YEAR
                                                  NORMAL
..................................................................
TEMPERATURE (F)
 YESTERDAY
  MAXIMUM         68    331 PM  84    1959  58     10       62
  MINIMUM         36    736 AM  24    1919  37     -1       33
  AVERAGE         52                        48      4       48

PRECIPITATION (IN)
  YESTERDAY        0.00          2.71 1962   0.16  -0.16     0.00
  MONTH TO DATE    3.07                      3.57  -0.50     0.85
  SINCE JUL 1      5.36                      6.32  -0.96     1.43
  SINCE JAN 1     21.99                     29.70  -7.71     7.01

SNOWFALL (IN)
  YESTERDAY        0.0          MM      MM  MM     MM        0.0
  MONTH TO DATE    0.0                      MM     MM        0.0
  SINCE SEP 1      0.0                      MM     MM        0.0
  SINCE JUL 1      0.0                      MM     MM        0.0
  SNOW DEPTH       0

DEGREE DAYS
 HEATING
  YESTERDAY       13                        17     -4       17
  MONTH TO DATE  256                       352    -96      278
  SINCE SEP 1    350                       549   -199      473
  SINCE JUL 1    350                       552   -202      473

 COOLING
  YESTERDAY        0                         0      0        0
  MONTH TO DATE    0                         0      0        0
  SINCE SEP 1    290                       152    138      127
  SINCE JAN 1   1290                       835    455      974
..................................................................


WIND (MPH)
  HIGHEST WIND SPEED     6   HIGHEST WIND DIRECTION    NW (320)
  HIGHEST GUST SPEED     7   HIGHEST GUST DIRECTION    NW (330)
  AVERAGE WIND SPEED     0.4


SKY COVER
  AVERAGE SKY COVER 0.0


WEATHER CONDITIONS
 THE FOLLOWING WEATHER WAS RECORDED YESTERDAY.
  FOG


RELATIVE HUMIDITY (PERCENT)
 HIGHEST    92
 LOWEST     48
 AVERAGE    70

..........................................................


THE UKIAH CA CLIMATE NORMALS FOR TODAY
                         NORMAL    RECORD    YEAR
 MAXIMUM TEMPERATURE (F)   58        76      1954
 MINIMUM TEMPERATURE (F)   37        19      1919


SUNRISE AND SUNSET
NOVEMBER 27 2014......SUNRISE   709 AM PST   SUNSET   452 PM PST
NOVEMBER 28 2014......SUNRISE   710 AM PST   SUNSET   451 PM PST


-  INDICATES NEGATIVE NUMBERS.
R  INDICATES RECORD WAS SET OR TIED.
MM INDICATES DATA IS MISSING.
T  INDICATES TRACE AMOUNT.




$$
