000
CDUS46 KEKA 021209
CLIUKI


CLIMATE REPORT
NATIONAL WEATHER SERVICE EUREKA CA
509 AM PDT THU OCT 2 2014


...................................

...THE UKIAH CA CLIMATE SUMMARY FOR OCTOBER 1 2014...

CLIMATE NORMAL PERIOD 1981 TO 2010
CLIMATE RECORD PERIOD 1903 TO 2014


WEATHER ITEM   OBSERVED TIME   RECORD YEAR NORMAL DEPARTURE LAST
                VALUE   (LST)  VALUE       VALUE  FROM      YEAR
                                                  NORMAL
..................................................................
TEMPERATURE (F)
 YESTERDAY
  MAXIMUM         90    400 PM 105    1980  83      7       73
  MINIMUM         47    617 AM  34    1950  46      1       45
  AVERAGE         69                        65      4       59

PRECIPITATION (IN)
  YESTERDAY        0.00          1.09 1926   0.00   0.00     0.00
  MONTH TO DATE    0.00                      0.00   0.00     0.00
  SINCE JUL 1      0.69                      0.59   0.10     0.58
  SINCE JAN 1     17.32                     23.97  -6.65     6.16

SNOWFALL (IN)
  YESTERDAY        0.0          MM      MM  MM     MM       MM
  MONTH TO DATE    0.0                      MM     MM       MM
  SINCE SEP 1      0.0                      MM     MM        0.0
  SINCE JUL 1      0.0                      MM     MM        0.0
  SNOW DEPTH       0

DEGREE DAYS
 HEATING
  YESTERDAY        0                         2     -2        6
  MONTH TO DATE    0                         2     -2        6
  SINCE SEP 1      5                        32    -27       42
  SINCE JUL 1      5                        35    -30       42

 COOLING
  YESTERDAY        4                         2      2        0
  MONTH TO DATE    4                         2      2        0
  SINCE SEP 1    203                       132     71      127
  SINCE JAN 1   1203                       815    388      974
..................................................................


WIND (MPH)
  HIGHEST WIND SPEED    10   HIGHEST WIND DIRECTION    NW (310)
  HIGHEST GUST SPEED    13   HIGHEST GUST DIRECTION    NW (310)
  AVERAGE WIND SPEED     1.4


SKY COVER
  AVERAGE SKY COVER 0.0


WEATHER CONDITIONS
 THE FOLLOWING WEATHER WAS RECORDED YESTERDAY.
  NO SIGNIFICANT WEATHER WAS OBSERVED.


RELATIVE HUMIDITY (PERCENT)
 HIGHEST    93
 LOWEST     11
 AVERAGE    52

..........................................................


THE UKIAH CA CLIMATE NORMALS FOR TODAY
                         NORMAL    RECORD    YEAR
 MAXIMUM TEMPERATURE (F)   83       105      1980
 MINIMUM TEMPERATURE (F)   46        32      1916


SUNRISE AND SUNSET
OCTOBER  2 2014.......SUNRISE   710 AM PDT   SUNSET   654 PM PDT
OCTOBER  3 2014.......SUNRISE   711 AM PDT   SUNSET   652 PM PDT


-  INDICATES NEGATIVE NUMBERS.
R  INDICATES RECORD WAS SET OR TIED.
MM INDICATES DATA IS MISSING.
T  INDICATES TRACE AMOUNT.




$$
