000
CDUS46 KEKA 241210
CLIUKI


CLIMATE REPORT
NATIONAL WEATHER SERVICE EUREKA CA
508 AM PDT TUE MAY 24 2016


...................................

...THE UKIAH CA CLIMATE SUMMARY FOR MAY 23 2016...

CLIMATE NORMAL PERIOD 1981 TO 2010
CLIMATE RECORD PERIOD 1903 TO 2016


WEATHER ITEM   OBSERVED TIME   RECORD YEAR NORMAL DEPARTURE LAST
                VALUE   (LST)  VALUE       VALUE  FROM      YEAR
                                                  NORMAL
..................................................................
TEMPERATURE (F)
 YESTERDAY
  MAXIMUM         69   1117 AM 100    1943  79    -10       76
  MINIMUM         49    539 AM  35    2010  48      1       52
                                      1909
  AVERAGE         59                        63     -4       64

PRECIPITATION (IN)
  YESTERDAY        0.02          0.96 1960   0.02   0.00     0.00
  MONTH TO DATE    0.45                      1.21  -0.76     0.40
  SINCE OCT 1     36.16                     36.21  -0.05    25.84
  SINCE JAN 1     23.95                     22.83   1.12     8.07

SNOWFALL (IN)
  YESTERDAY       MM            MM      MM  MM     MM        0.0
  MONTH TO DATE    0.0                      MM     MM        0.0
  SINCE MAR 1      0.0                      MM     MM        0.0
  SINCE JUL 1      0.0                      MM     MM        0.0
  SNOW DEPTH       0

DEGREE DAYS
 HEATING
  YESTERDAY        6                         4      2        1
  MONTH TO DATE   69                       115    -46       80
  SINCE MAR 1    593                       828   -235      483
  SINCE JUL 1   2532                      3061   -529     1997

 COOLING
  YESTERDAY        0                         2     -2        0
  MONTH TO DATE   25                        32     -7        7
  SINCE MAR 1     32                        40     -8       21
  SINCE JAN 1     32                        40     -8       21
..................................................................


WIND (MPH)
  HIGHEST WIND SPEED     9   HIGHEST WIND DIRECTION     W (260)
  HIGHEST GUST SPEED    12   HIGHEST GUST DIRECTION    SE (140)
  AVERAGE WIND SPEED     2.6


SKY COVER
  AVERAGE SKY COVER 0.9


WEATHER CONDITIONS
 THE FOLLOWING WEATHER WAS RECORDED YESTERDAY.
  LIGHT RAIN


RELATIVE HUMIDITY (PERCENT)
 HIGHEST    89
 LOWEST     45
 AVERAGE    67

..........................................................


THE UKIAH CA CLIMATE NORMALS FOR TODAY
                         NORMAL    RECORD    YEAR
 MAXIMUM TEMPERATURE (F)   79        99      1982
 MINIMUM TEMPERATURE (F)   48        32      1920


SUNRISE AND SUNSET
MAY 24 2016...........SUNRISE   552 AM PDT   SUNSET   827 PM PDT
MAY 25 2016...........SUNRISE   552 AM PDT   SUNSET   828 PM PDT


-  INDICATES NEGATIVE NUMBERS.
R  INDICATES RECORD WAS SET OR TIED.
MM INDICATES DATA IS MISSING.
T  INDICATES TRACE AMOUNT.




$$
