000
CDUS46 KEKA 191214
CLIUKI


CLIMATE REPORT
NATIONAL WEATHER SERVICE EUREKA CA
513 AM PDT SAT APR 19 2014


...................................

...THE UKIAH CA CLIMATE SUMMARY FOR APRIL 18 2014...

CLIMATE NORMAL PERIOD 1981 TO 2010
CLIMATE RECORD PERIOD 1903 TO 2014


WEATHER ITEM   OBSERVED TIME   RECORD YEAR NORMAL DEPARTURE LAST
                VALUE   (LST)  VALUE       VALUE  FROM      YEAR
                                                  NORMAL
..................................................................
TEMPERATURE (F)
 YESTERDAY
  MAXIMUM         80    310 PM  93    1950  69     11       79
  MINIMUM         45    615 AM  30    1933  43      2       39
  AVERAGE         63                        56      7       59

PRECIPITATION (IN)
  YESTERDAY        0.00          0.74 1965   0.08  -0.08      T
  MONTH TO DATE    1.08                      1.60  -0.52     1.08
  SINCE JUL 1     18.26                     34.64 -16.38    27.83
  SINCE JAN 1     16.34                     20.67  -4.33     5.13

SNOWFALL (IN)
  YESTERDAY        0.0          MM      MM  MM     MM       MM
  MONTH TO DATE    0.0                      MM     MM        0.0
  SINCE MAR 1      0.0                      MM     MM        0.0
  SINCE JUL 1      0.0                      MM     MM        0.0
  SNOW DEPTH       0

DEGREE DAYS
 HEATING
  YESTERDAY        2                        10     -8        6
  MONTH TO DATE   85                       202   -117      157
  SINCE MAR 1    377                       616   -239      506
  SINCE JUL 1   2384                      2849   -465     2636

 COOLING
  YESTERDAY        0                         0      0        0
  MONTH TO DATE    6                         0      6        0
  SINCE MAR 1      6                         0      6        0
  SINCE JAN 1      6                         0      6        0
..................................................................


WIND (MPH)
  HIGHEST WIND SPEED    14   HIGHEST WIND DIRECTION     N (360)
  HIGHEST GUST SPEED    20   HIGHEST GUST DIRECTION     N (350)
  AVERAGE WIND SPEED     3.2


SKY COVER
  AVERAGE SKY COVER 0.0


WEATHER CONDITIONS
 THE FOLLOWING WEATHER WAS RECORDED YESTERDAY.
  NO SIGNIFICANT WEATHER WAS OBSERVED.


RELATIVE HUMIDITY (PERCENT)
 HIGHEST    86
 LOWEST     12
 AVERAGE    49

..........................................................


THE UKIAH CA CLIMATE NORMALS FOR TODAY
                         NORMAL    RECORD    YEAR
 MAXIMUM TEMPERATURE (F)   69        94      1950
 MINIMUM TEMPERATURE (F)   43        31      1961


SUNRISE AND SUNSET
APRIL 19 2014.........SUNRISE   630 AM PDT   SUNSET   754 PM PDT
APRIL 20 2014.........SUNRISE   629 AM PDT   SUNSET   755 PM PDT


-  INDICATES NEGATIVE NUMBERS.
R  INDICATES RECORD WAS SET OR TIED.
MM INDICATES DATA IS MISSING.
T  INDICATES TRACE AMOUNT.




$$
