437
CDUS46 KEKA 231223
CLIUKI


CLIMATE REPORT
NATIONAL WEATHER SERVICE EUREKA CA
423 AM PST MON JAN 23 2017


...................................

...THE UKIAH CA CLIMATE SUMMARY FOR JANUARY 22 2017...

CLIMATE NORMAL PERIOD 1981 TO 2010
CLIMATE RECORD PERIOD 1903 TO 2017


WEATHER ITEM   OBSERVED TIME   RECORD YEAR NORMAL DEPARTURE LAST
                VALUE   (LST)  VALUE       VALUE  FROM      YEAR
                                                  NORMAL
..................................................................
TEMPERATURE (F)
 YESTERDAY
  MAXIMUM         51   1204 PM  78    1934  57     -6       60
  MINIMUM         39   1125 PM  19    1937  37      2       50
  AVERAGE         45                        47     -2       55

PRECIPITATION (IN)
  YESTERDAY        0.99          2.32 1997   0.14   0.85     0.56
  MONTH TO DATE   14.74                      5.99   8.75     9.16
  SINCE OCT 1     31.85                     19.37  12.48    21.37
  SINCE JAN 1     14.74                      5.99   8.75     9.16

SNOWFALL (IN)
  YESTERDAY       MM            MM      MM  MM     MM        0.0
  MONTH TO DATE    0.0                      MM     MM        0.0
  SINCE DEC 1      0.0                      MM     MM        0.0
  SINCE JUL 1      0.0                      MM     MM        0.0
  SNOW DEPTH       0

DEGREE DAYS
 HEATING
  YESTERDAY       20                        18      2       10
  MONTH TO DATE  418                       412      6      374
  SINCE DEC 1   1055                      1019     36      975
  SINCE JUL 1   1592                      1642    -50     1498

 COOLING
  YESTERDAY        0                         0      0        0
  MONTH TO DATE    0                         0      0        0
  SINCE DEC 1      0                         0      0        0
  SINCE JAN 1      0                         0      0        0
..................................................................


WIND (MPH)
  HIGHEST WIND SPEED    18   HIGHEST WIND DIRECTION     S (160)
  HIGHEST GUST SPEED    26   HIGHEST GUST DIRECTION     S (180)
  AVERAGE WIND SPEED     4.7


SKY COVER
  AVERAGE SKY COVER 0.8


WEATHER CONDITIONS
 THE FOLLOWING WEATHER WAS RECORDED YESTERDAY.
  HEAVY RAIN
  FOG


RELATIVE HUMIDITY (PERCENT)
 HIGHEST   100
 LOWEST     74
 AVERAGE    87

..........................................................


THE UKIAH CA CLIMATE NORMALS FOR TODAY
                         NORMAL    RECORD    YEAR
 MAXIMUM TEMPERATURE (F)   57        80      1948
 MINIMUM TEMPERATURE (F)   37        21      1949


SUNRISE AND SUNSET
JANUARY 23 2017.......SUNRISE   726 AM PST   SUNSET   524 PM PST
JANUARY 24 2017.......SUNRISE   725 AM PST   SUNSET   525 PM PST


-  INDICATES NEGATIVE NUMBERS.
R  INDICATES RECORD WAS SET OR TIED.
MM INDICATES DATA IS MISSING.
T  INDICATES TRACE AMOUNT.




$$
