000
CDUS46 KEKA 030021
CLIUKI


CLIMATE REPORT
NATIONAL WEATHER SERVICE EUREKA CA
521 PM PDT TUE SEP 2 2014


...................................

...THE UKIAH CA CLIMATE SUMMARY FOR SEPTEMBER 2 2014...
VALID TODAY AS OF 0500 PM LOCAL TIME.

CLIMATE NORMAL PERIOD 1981 TO 2010
CLIMATE RECORD PERIOD 1903 TO 2014


WEATHER ITEM   OBSERVED RECORD YEAR NORMAL DEPARTURE LAST
                VALUE   VALUE       VALUE  FROM      YEAR
                                           NORMAL
...........................................................
TEMPERATURE (F)
 TODAY
  MAXIMUM         94    114    1955  89      5       86
  MINIMUM         57     42    1907  52      5       53
  AVERAGE         76                 71      5       70

PRECIPITATION (IN)
  TODAY            0.00   0.32 2000   0.01  -0.01     0.00
  MONTH TO DATE    0.00               0.01  -0.01     0.00
  SINCE JUL 1      0.01               0.15  -0.14     0.03
  SINCE JAN 1     16.64              23.53  -6.89     5.61

SNOWFALL (IN)
  TODAY            0.0   MM          MM     MM        0.0
  MONTH TO DATE    0.0               MM     MM        0.0
  SINCE SEP 1      0.0               MM     MM        0.0
  SINCE JUL 1      0.0               MM     MM        0.0
  SNOW DEPTH       0

...........................................................


WIND (MPH)
  HIGHEST WIND SPEED    17   HIGHEST WIND DIRECTION    SE (140)
  HIGHEST GUST SPEED    24   HIGHEST GUST DIRECTION    SE (150)
  AVERAGE WIND SPEED     4.3


SKY COVER
  AVERAGE SKY COVER 0.0


WEATHER CONDITIONS
 THE FOLLOWING WEATHER WAS RECORDED TODAY.
  HAZE


RELATIVE HUMIDITY (PERCENT)
 HIGHEST    72
 LOWEST     23
 AVERAGE    48

..........................................................


THE UKIAH CA CLIMATE NORMALS FOR TOMORROW
                         NORMAL    RECORD    YEAR
 MAXIMUM TEMPERATURE (F)   89       115      1955
 MINIMUM TEMPERATURE (F)   52        40      1915


SUNRISE AND SUNSET
SEPTEMBER  2 2014.....SUNRISE   642 AM PDT   SUNSET   742 PM PDT
SEPTEMBER  3 2014.....SUNRISE   643 AM PDT   SUNSET   740 PM PDT


-  INDICATES NEGATIVE NUMBERS.
R  INDICATES RECORD WAS SET OR TIED.
MM INDICATES DATA IS MISSING.
T  INDICATES TRACE AMOUNT.




$$
