000
CDUS43 KSGF 180627
CLIUNO


CLIMATE REPORT
NATIONAL WEATHER SERVICE SPRINGFIELD MO
1226 AM CST THU JAN 18 2018


...................................

...THE WEST PLAINS MO CLIMATE SUMMARY FOR JANUARY 17 2018...

CLIMATE NORMAL PERIOD 1981 TO 2010
CLIMATE RECORD PERIOD 1947 TO 2018


WEATHER ITEM   OBSERVED TIME   RECORD YEAR NORMAL DEPARTURE LAST
                VALUE   (LST)  VALUE       VALUE  FROM      YEAR
                                                  NORMAL
..................................................................
TEMPERATURE (F)
 YESTERDAY
  MAXIMUM         25    431 PM  74    1952  44    -19       45
  MINIMUM         -3    729 AM -12    1977  23    -26       38
  AVERAGE         11                        34    -23       42

PRECIPITATION (IN)
  YESTERDAY        0.00          1.26 1988   0.09  -0.09     0.00
  MONTH TO DATE    0.83                      1.11  -0.28     1.46
  SINCE DEC 1      2.86                      4.75  -1.89     2.48
  SINCE JAN 1      0.83                      1.11  -0.28     1.46

DEGREE DAYS
 HEATING
  YESTERDAY       54                        31     23       23
  MONTH TO DATE  703                       527    176      494
  SINCE DEC 1   1561                      1420    141     1364
  SINCE JUL 1   2224                      2272    -48     1884

 COOLING
  YESTERDAY        0                         0      0        0
  MONTH TO DATE    0                         0      0        0
  SINCE DEC 1      0                         0      0        0
  SINCE JAN 1      0                         0      0        0
..................................................................


WIND (MPH)
  HIGHEST WIND SPEED     9   HIGHEST WIND DIRECTION     W (260)
  HIGHEST GUST SPEED    15   HIGHEST GUST DIRECTION     W (260)
  AVERAGE WIND SPEED     4.3


SKY COVER
  AVERAGE SKY COVER 0.0


WEATHER CONDITIONS
 THE FOLLOWING WEATHER WAS RECORDED YESTERDAY.
  NO SIGNIFICANT WEATHER WAS OBSERVED.


RELATIVE HUMIDITY (PERCENT)
 HIGHEST    87          1200 AM
 LOWEST     46           500 PM
 AVERAGE    67

..........................................................


THE WEST PLAINS MO CLIMATE NORMALS FOR TODAY
                         NORMAL    RECORD    YEAR
 MAXIMUM TEMPERATURE (F)   45        70      1951
 MINIMUM TEMPERATURE (F)   23        -1      1977


SUNRISE AND SUNSET
JANUARY 18 2018.......SUNRISE   718 AM CST   SUNSET   518 PM CST
JANUARY 19 2018.......SUNRISE   718 AM CST   SUNSET   519 PM CST


-  INDICATES NEGATIVE NUMBERS.
R  INDICATES RECORD WAS SET OR TIED.
MM INDICATES DATA IS MISSING.
T  INDICATES TRACE AMOUNT.




$$
