000
CDUS43 KUNR 260850
CLIUNR


CLIMATE REPORT
NATIONAL WEATHER SERVICE RAPID CITY SD
247 AM MDT TUE MAY 26 2015


...................................

...THE EAST RAPID CITY SD CLIMATE SUMMARY FOR MAY 25 2015...

CLIMATE NORMAL PERIOD 1981 TO 2010
CLIMATE RECORD PERIOD 1888 TO 2015


WEATHER ITEM   OBSERVED RECORD YEAR NORMAL DEPARTURE LAST
                VALUE   VALUE       VALUE  FROM      YEAR
                                           NORMAL
...........................................................
TEMPERATURE (F)
 YESTERDAY
  MAXIMUM         59     94    1931  69    -10       74
  MINIMUM         50     33    1893  48      2       58
  AVERAGE         55                 58     -3       66

PRECIPITATION (IN)
  YESTERDAY        0.50   2.65 1997   0.14   0.36      T
  MONTH TO DATE    6.99               3.29   3.70     1.12
  SINCE MAR 1      8.04               6.38   1.66     3.93
  SINCE JAN 1      8.59               7.15   1.44     4.44

SNOWFALL (IN)
  YESTERDAY        0.0    0.0  2002   0.0    0.0      0.0
                               2001
                               2000
  MONTH TO DATE   13.6                2.0   11.6      0.6
  SINCE MAR 1     15.0               22.6   -7.6     23.4
  SINCE JUL 1     50.7               49.3    1.4     73.5
  SNOW DEPTH       0

DEGREE DAYS
 HEATING
  YESTERDAY       10                  7      3        0
  MONTH TO DATE  359                268     91      318
  SINCE MAR 1   1498               1780   -282     1943
  SINCE JUL 1   6194               6734   -540     7291

 COOLING
  YESTERDAY        0                  1     -1        1
  MONTH TO DATE    2                  9     -7        3
  SINCE MAR 1      8                 10     -2        3
  SINCE JAN 1      8                 10     -2        3
...........................................................


WIND (MPH)
  HIGHEST GUST SPEED    25   HIGHEST GUST DIRECTION     N (360)



WEATHER CONDITIONS
 THE FOLLOWING WEATHER WAS RECORDED YESTERDAY.
  LIGHT RAIN
  FOG


..........................................................


THE EAST RAPID CITY SD CLIMATE NORMALS FOR TODAY
                         NORMAL    RECORD    YEAR
 MAXIMUM TEMPERATURE (F)   69        96      1969
 MINIMUM TEMPERATURE (F)   48        32      1893


SUNRISE AND SUNSET
MAY 26 2015...........SUNRISE   517 AM MDT   SUNSET   824 PM MDT
MAY 27 2015...........SUNRISE   516 AM MDT   SUNSET   825 PM MDT


-  INDICATES NEGATIVE NUMBERS.
R  INDICATES RECORD WAS SET OR TIED.
MM INDICATES DATA IS MISSING.
T  INDICATES TRACE AMOUNT.




$$
