000
CDUS43 KUNR 070839
CLIUNR


CLIMATE REPORT
NATIONAL WEATHER SERVICE RAPID CITY SD
138 AM MST SUN FEB 7 2016


...................................

...THE EAST RAPID CITY SD CLIMATE SUMMARY FOR FEBRUARY 6 2016...

CLIMATE NORMAL PERIOD 1981 TO 2010
CLIMATE RECORD PERIOD 1888 TO 2016


WEATHER ITEM   OBSERVED RECORD YEAR NORMAL DEPARTURE LAST
                VALUE   VALUE       VALUE  FROM      YEAR
                                           NORMAL
...........................................................
TEMPERATURE (F)
 YESTERDAY
  MAXIMUM         59     73    2015  37     22       73
  MINIMUM         31    -24    1936  17     14       50
  AVERAGE         45                 27     18       62

PRECIPITATION (IN)
  YESTERDAY        0.00   0.23 2001   0.01  -0.01     0.00
  MONTH TO DATE    0.24               0.10   0.14     0.01
  SINCE DEC 1      1.14               0.71   0.43     0.54
  SINCE JAN 1      0.41               0.39   0.02     0.16

SNOWFALL (IN)
  YESTERDAY        0.0    3.0  2001   0.3   -0.3      0.0
  MONTH TO DATE    3.8                1.6    2.2      0.4
  SINCE DEC 1     21.8               12.3    9.5     12.2
  SINCE JUL 1     27.8               20.9    6.9     27.5
  SNOW DEPTH       T

DEGREE DAYS
 HEATING
  YESTERDAY       20                 38    -18        3
  MONTH TO DATE  203                228    -25      225
  SINCE DEC 1   2429               2576   -147     2315
  SINCE JUL 1   3687               4156   -469     3929

 COOLING
  YESTERDAY        0                  0      0        0
  MONTH TO DATE    0                  0      0        0
  SINCE DEC 1      0                  0      0        0
  SINCE JAN 1      0                  0      0        0
...........................................................


WIND (MPH)
  HIGHEST GUST SPEED    52   HIGHEST GUST DIRECTION    NW (330)



WEATHER CONDITIONS
 THE FOLLOWING WEATHER WAS RECORDED YESTERDAY.
  NO SIGNIFICANT WEATHER WAS OBSERVED.


..........................................................


THE EAST RAPID CITY SD CLIMATE NORMALS FOR TODAY
                         NORMAL    RECORD    YEAR
 MAXIMUM TEMPERATURE (F)   37        69      2015
 MINIMUM TEMPERATURE (F)   17       -28      1933


SUNRISE AND SUNSET
FEBRUARY  7 2016......SUNRISE   704 AM MST   SUNSET   511 PM MST
FEBRUARY  8 2016......SUNRISE   702 AM MST   SUNSET   512 PM MST


-  INDICATES NEGATIVE NUMBERS.
R  INDICATES RECORD WAS SET OR TIED.
MM INDICATES DATA IS MISSING.
T  INDICATES TRACE AMOUNT.




$$
