000
CDUS43 KUNR 210838
CLIUNR


CLIMATE REPORT
NATIONAL WEATHER SERVICE RAPID CITY SD
237 AM MDT FRI JUL 21 2017


...................................

...THE EAST RAPID CITY SD CLIMATE SUMMARY FOR JULY 20 2017...

CLIMATE NORMAL PERIOD 1981 TO 2010
CLIMATE RECORD PERIOD 1888 TO 2017


WEATHER ITEM   OBSERVED RECORD YEAR NORMAL DEPARTURE LAST
                VALUE   VALUE       VALUE  FROM      YEAR
                                           NORMAL
...........................................................
TEMPERATURE (F)
 YESTERDAY
  MAXIMUM         97    105    1939  85     12       99
  MINIMUM         64     47    1915  63      1       72
  AVERAGE         81                 74      7       86

PRECIPITATION (IN)
  YESTERDAY        0.14   1.48 2002   0.08   0.06      T
  MONTH TO DATE    1.07               1.49  -0.42     2.28
  SINCE JUN 1      2.60               4.65  -2.05     2.86
  SINCE JAN 1      7.23              12.70  -5.47     7.40

SNOWFALL (IN)
  YESTERDAY        0.0    0.0  2002   0.0    0.0      0.0
                               2001
                               2000
  MONTH TO DATE    0.0                0.0    0.0      0.0
  SINCE JUN 1      0.0                0.0    0.0      0.0
  SINCE JUL 1      0.0                0.0    0.0      0.0
  SNOW DEPTH       0

DEGREE DAYS
 HEATING
  YESTERDAY        0                  0      0        0
  MONTH TO DATE    0                  6     -6        1
  SINCE JUN 1     12                 94    -82        6
  SINCE JUL 1      0                  6     -6        1

 COOLING
  YESTERDAY       16                  9      7       21
  MONTH TO DATE  285                158    127      168
  SINCE JUN 1    427                249    178      413
  SINCE JAN 1    440                267    173      419
...........................................................


WIND (MPH)
  HIGHEST GUST SPEED    49   HIGHEST GUST DIRECTION    NW (330)



WEATHER CONDITIONS
 THE FOLLOWING WEATHER WAS RECORDED YESTERDAY.
  THUNDERSTORM
  RAIN
  LIGHT RAIN


..........................................................


THE EAST RAPID CITY SD CLIMATE NORMALS FOR TODAY
                         NORMAL    RECORD    YEAR
 MAXIMUM TEMPERATURE (F)   85       104      1934
 MINIMUM TEMPERATURE (F)   63        49      1947


SUNRISE AND SUNSET
JULY 21 2017..........SUNRISE   530 AM MDT   SUNSET   828 PM MDT
JULY 22 2017..........SUNRISE   531 AM MDT   SUNSET   827 PM MDT


-  INDICATES NEGATIVE NUMBERS.
R  INDICATES RECORD WAS SET OR TIED.
MM INDICATES DATA IS MISSING.
T  INDICATES TRACE AMOUNT.




$$
