000
CDUS43 KUNR 220835
CLIUNR


CLIMATE REPORT
NATIONAL WEATHER SERVICE RAPID CITY SD
133 AM MST MON JAN 22 2018


...................................

...THE EAST RAPID CITY SD CLIMATE SUMMARY FOR JANUARY 21 2018...

CLIMATE NORMAL PERIOD 1981 TO 2010
CLIMATE RECORD PERIOD 1888 TO 2018


WEATHER ITEM   OBSERVED RECORD YEAR NORMAL DEPARTURE LAST
                VALUE   VALUE       VALUE  FROM      YEAR
                                           NORMAL
...........................................................
TEMPERATURE (F)
 YESTERDAY
  MAXIMUM         34     62    1968  37     -3       42
  MINIMUM         28    -23    1890  16     12       31
  AVERAGE         31                 27      4       37

PRECIPITATION (IN)
  YESTERDAY        0.02   0.17 1915   0.01   0.01     0.00
  MONTH TO DATE    0.25               0.18   0.07     0.13
  SINCE DEC 1      0.55               0.50   0.05     0.95
  SINCE JAN 1      0.25               0.18   0.07     0.13

SNOWFALL (IN)
  YESTERDAY        0.2    2.5  1917   0.1    0.1      0.0
  MONTH TO DATE    3.6                3.3    0.3      3.6
  SINCE DEC 1     10.9                8.5    2.4     15.7
  SINCE JUL 1     12.0               17.1   -5.1     19.4
  SNOW DEPTH       1

DEGREE DAYS
 HEATING
  YESTERDAY       34                 38     -4       28
  MONTH TO DATE  844                798     46      959
  SINCE DEC 1   2035               1965     70     2352
  SINCE JUL 1   3415               3545   -130     3383

 COOLING
  YESTERDAY        0                  0      0        0
  MONTH TO DATE    0                  0      0        0
  SINCE DEC 1      0                  0      0        0
  SINCE JAN 1      0                  0      0        0
...........................................................


WIND (MPH)
  HIGHEST GUST SPEED    26   HIGHEST GUST DIRECTION    NW (330)



WEATHER CONDITIONS
 THE FOLLOWING WEATHER WAS RECORDED YESTERDAY.
  LIGHT SNOW


..........................................................


THE EAST RAPID CITY SD CLIMATE NORMALS FOR TODAY
                         NORMAL    RECORD    YEAR
 MAXIMUM TEMPERATURE (F)   37        68      1942
 MINIMUM TEMPERATURE (F)   16       -22      1917


SUNRISE AND SUNSET
JANUARY 22 2018.......SUNRISE   720 AM MST   SUNSET   450 PM MST
JANUARY 23 2018.......SUNRISE   719 AM MST   SUNSET   451 PM MST


-  INDICATES NEGATIVE NUMBERS.
R  INDICATES RECORD WAS SET OR TIED.
MM INDICATES DATA IS MISSING.
T  INDICATES TRACE AMOUNT.




$$
