000
CDUS44 KCRP 310706
CLIVCT

CLIMATE REPORT
NATIONAL WEATHER SERVICE CORPUS CHRISTI TX
206 AM CDT THU JUL 31 2014


...................................

...THE VICTORIA CLIMATE SUMMARY FOR JULY 30 2014...

CLIMATE NORMAL PERIOD 1981 TO 2010
CLIMATE RECORD PERIOD 1893 TO 2014


WEATHER ITEM   OBSERVED TIME   RECORD YEAR NORMAL DEPARTURE LAST
                VALUE   (LST)  VALUE       VALUE  FROM      YEAR
                                                  NORMAL
..................................................................
TEMPERATURE (F)
 YESTERDAY
  MAXIMUM         99    349 PM 104    1914  95      4       96
  MINIMUM         75    553 AM  69    1994  74      1       76
  AVERAGE         87                        84      3       86

PRECIPITATION (IN)
  YESTERDAY        0.00          0.29 2005   0.11  -0.11     0.00
  MONTH TO DATE    2.37                      4.08  -1.71     3.53
  SINCE JUN 1      6.48                      8.54  -2.06     3.71
  SINCE JAN 1     17.76                     23.92  -6.16    13.09

SNOWFALL (IN)
  YESTERDAY        0.0
  MONTH TO DATE    0.0
  SINCE JUN 1      0.0
  SINCE JUL 1      0.0
  SNOW DEPTH       0

DEGREE DAYS
 HEATING
  YESTERDAY        0                         0      0        0
  MONTH TO DATE    0                         0      0        0
  SINCE JUN 1      0                         0      0        0
  SINCE JUL 1      0                         0      0        0

 COOLING
  YESTERDAY       22                        19      3       21
  MONTH TO DATE  615                       565     50      590
  SINCE JUN 1   1173                      1073    100     1182
  SINCE JAN 1   1823                      1732     91     1816
..................................................................


WIND (MPH)
  HIGHEST WIND SPEED    21   HIGHEST WIND DIRECTION     S (170)
  HIGHEST GUST SPEED    24   HIGHEST GUST DIRECTION     S (180)
  AVERAGE WIND SPEED     9.0


SKY COVER
  POSSIBLE SUNSHINE  MM
  AVERAGE SKY COVER 0.1


WEATHER CONDITIONS
 THE FOLLOWING WEATHER WAS RECORDED YESTERDAY.
  FOG


RELATIVE HUMIDITY (PERCENT)
 HIGHEST    94           600 AM
 LOWEST     26           400 PM
 AVERAGE    60

..........................................................


THE VICTORIA CLIMATE NORMALS FOR TODAY
                         NORMAL    RECORD    YEAR
 MAXIMUM TEMPERATURE (F)   95       103      1913
 MINIMUM TEMPERATURE (F)   74        69      1994
                                             1978


SUNRISE AND SUNSET
JULY 31 2014..........SUNRISE   648 AM CDT   SUNSET   820 PM CDT
AUGUST  1 2014........SUNRISE   649 AM CDT   SUNSET   819 PM CDT


-  INDICATES NEGATIVE NUMBERS.
R  INDICATES RECORD WAS SET OR TIED.
MM INDICATES DATA IS MISSING.
T  INDICATES TRACE AMOUNT.




$$
