000
CDUS44 KCRP 040742
CLIVCT

CLIMATE REPORT
NATIONAL WEATHER SERVICE CORPUS CHRISTI TX
240 AM CDT TUE AUG 4 2015


...................................

...THE VICTORIA CLIMATE SUMMARY FOR AUGUST 3 2015...

CLIMATE NORMAL PERIOD 1981 TO 2010
CLIMATE RECORD PERIOD 1893 TO 2015


WEATHER ITEM   OBSERVED TIME   RECORD YEAR NORMAL DEPARTURE LAST
                VALUE   (LST)  VALUE       VALUE  FROM      YEAR
                                                  NORMAL
..................................................................
TEMPERATURE (F)
 YESTERDAY
  MAXIMUM         95    327 PM 105    1998  95      0       97
  MINIMUM         70    607 AM  67    1949  74     -4       70
  AVERAGE         83                        85     -2       84

PRECIPITATION (IN)
  YESTERDAY        0.00          2.66 1972   0.08  -0.08     0.00
  MONTH TO DATE    0.00                      0.25  -0.25      T
  SINCE JUN 1     10.07                      8.89   1.18     6.48
  SINCE JAN 1     37.80                     24.27  13.53    17.76

SNOWFALL (IN)
  YESTERDAY        0.0
  MONTH TO DATE    0.0
  SINCE JUN 1      0.0
  SINCE JUL 1      0.0
  SNOW DEPTH       0

DEGREE DAYS
 HEATING
  YESTERDAY        0                         0      0        0
  MONTH TO DATE    0                         0      0        0
  SINCE JUN 1      0                         0      0        0
  SINCE JUL 1      0                         0      0        0

 COOLING
  YESTERDAY       18                        20     -2       19
  MONTH TO DATE   59                        60     -1       61
  SINCE JUN 1   1170                      1154     16     1258
  SINCE JAN 1   1870                      1813     57     1908
..................................................................


WIND (MPH)
  HIGHEST WIND SPEED    20   HIGHEST WIND DIRECTION    SE (140)
  HIGHEST GUST SPEED    25   HIGHEST GUST DIRECTION    SE (140)
  AVERAGE WIND SPEED     6.2


SKY COVER
  POSSIBLE SUNSHINE  MM
  AVERAGE SKY COVER 0.2


WEATHER CONDITIONS
 THE FOLLOWING WEATHER WAS RECORDED YESTERDAY.
  FOG


RELATIVE HUMIDITY (PERCENT)
 HIGHEST   100           400 AM
 LOWEST     49           100 PM
 AVERAGE    75

..........................................................


THE VICTORIA CLIMATE NORMALS FOR TODAY
                         NORMAL    RECORD    YEAR
 MAXIMUM TEMPERATURE (F)   95       104      1937
                                             1914
                                             1913
 MINIMUM TEMPERATURE (F)   74        68      1949
                                             1925


SUNRISE AND SUNSET
AUGUST  4 2015........SUNRISE   650 AM CDT   SUNSET   817 PM CDT
AUGUST  5 2015........SUNRISE   651 AM CDT   SUNSET   816 PM CDT


-  INDICATES NEGATIVE NUMBERS.
R  INDICATES RECORD WAS SET OR TIED.
MM INDICATES DATA IS MISSING.
T  INDICATES TRACE AMOUNT.




$$
