000
CDUS44 KCRP 270642
CLIVCT

CLIMATE REPORT
NATIONAL WEATHER SERVICE CORPUS CHRISTI TX
141 AM CDT WED AUG 27 2014


...................................

...THE VICTORIA CLIMATE SUMMARY FOR AUGUST 26 2014...

CLIMATE NORMAL PERIOD 1981 TO 2010
CLIMATE RECORD PERIOD 1893 TO 2014


WEATHER ITEM   OBSERVED TIME   RECORD YEAR NORMAL DEPARTURE LAST
                VALUE   (LST)  VALUE       VALUE  FROM      YEAR
                                                  NORMAL
..................................................................
TEMPERATURE (F)
 YESTERDAY
  MAXIMUM         95   1032 AM 104    1924  95      0       82
  MINIMUM         75    524 AM  65    1926  73      2       75
                                      1906
  AVERAGE         85                        84      1       79

PRECIPITATION (IN)
  YESTERDAY        T             0.77 2013   0.11  -0.11     0.77
  MONTH TO DATE    0.40                      2.22  -1.82     1.82
  SINCE JUN 1      6.88                     10.86  -3.98     5.53
  SINCE JAN 1     18.16                     26.24  -8.08    14.91

SNOWFALL (IN)
  YESTERDAY        0.0
  MONTH TO DATE    0.0
  SINCE JUN 1      0.0
  SINCE JUL 1      0.0
  SNOW DEPTH       0

DEGREE DAYS
 HEATING
  YESTERDAY        0                         0      0        0
  MONTH TO DATE    0                         0      0        0
  SINCE JUN 1      0                         0      0        0
  SINCE JUL 1      0                         0      0        0

 COOLING
  YESTERDAY       20                        19      1       14
  MONTH TO DATE  613                       512    101      554
  SINCE JUN 1   1810                      1606    204     1757
  SINCE JAN 1   2460                      2265    195     2391
..................................................................


WIND (MPH)
  HIGHEST WIND SPEED    22   HIGHEST WIND DIRECTION    SE (140)
  HIGHEST GUST SPEED    26   HIGHEST GUST DIRECTION    SE (130)
  AVERAGE WIND SPEED     5.1


SKY COVER
  POSSIBLE SUNSHINE  MM
  AVERAGE SKY COVER 0.0


WEATHER CONDITIONS
 THE FOLLOWING WEATHER WAS RECORDED YESTERDAY.
  THUNDERSTORM


RELATIVE HUMIDITY (PERCENT)
 HIGHEST    94           500 AM
 LOWEST     56          1000 AM
 AVERAGE    75

..........................................................


THE VICTORIA CLIMATE NORMALS FOR TODAY
                         NORMAL    RECORD    YEAR
 MAXIMUM TEMPERATURE (F)   94       106      2011
 MINIMUM TEMPERATURE (F)   73        64      1906


SUNRISE AND SUNSET
AUGUST 27 2014........SUNRISE   703 AM CDT   SUNSET   755 PM CDT
AUGUST 28 2014........SUNRISE   704 AM CDT   SUNSET   754 PM CDT


-  INDICATES NEGATIVE NUMBERS.
R  INDICATES RECORD WAS SET OR TIED.
MM INDICATES DATA IS MISSING.
T  INDICATES TRACE AMOUNT.

$$

CB
