000
CDUS44 KCRP 190120
CLIVCT

CLIMATE REPORT
NATIONAL WEATHER SERVICE CORPUS CHRISTI TX
816 PM CDT THU SEP 18 2014

...................................

...THE VICTORIA CLIMATE SUMMARY FOR SEPTEMBER 18 2014...
VALID TODAY AS OF 0500 PM LOCAL TIME.

CLIMATE NORMAL PERIOD 1981 TO 2010
CLIMATE RECORD PERIOD 1893 TO 2014


WEATHER ITEM   OBSERVED TIME   RECORD YEAR NORMAL DEPARTURE LAST
                VALUE   (LST)  VALUE       VALUE  FROM      YEAR
                                                  NORMAL
..................................................................
TEMPERATURE (F)
 TODAY
  MAXIMUM         92    112 PM 103    1912  90      2       93
                                      1911
  MINIMUM         77    148 PM  51    1903  69      8       74
  AVERAGE         85                        79      6       84

PRECIPITATION (IN)
  TODAY            0.25          3.01 2010   0.13   0.12      T
  MONTH TO DATE    1.06                      2.65  -1.59     2.65
  SINCE SEP 1      1.06                      2.65  -1.59     2.65
  SINCE JAN 1     19.95                     29.52  -9.57    17.57

SNOWFALL (IN)
  TODAY            0.0
  MONTH TO DATE    0.0
  SINCE SEP 1      0.0
  SINCE JUL 1      0.0
  SNOW DEPTH       0

DEGREE DAYS
 HEATING
  TODAY            0                         0      0        0
  MONTH TO DATE    0                         0      0        0
  SINCE SEP 1      0                         0      0        0
  SINCE JUL 1      0                         0      0        0

 COOLING
  TODAY           20                        14      6       19
  MONTH TO DATE  353                       293     60      351
  SINCE SEP 1    353                       293     60      351
  SINCE JAN 1   2919                      2646    273     2845
..................................................................


WIND (MPH)
  HIGHEST WIND SPEED    30   HIGHEST WIND DIRECTION     S (180)
  HIGHEST GUST SPEED    36   HIGHEST GUST DIRECTION     S (180)


SKY COVER
  POSSIBLE SUNSHINE  MM
  AVERAGE SKY COVER 0.5


WEATHER CONDITIONS
 THE FOLLOWING WEATHER WAS RECORDED TODAY.
  THUNDERSTORM
  HEAVY RAIN
  RAIN
  LIGHT RAIN
  FOG


RELATIVE HUMIDITY (PERCENT)
 HIGHEST    97           100 AM
 LOWEST     64          1200 PM
 AVERAGE    81

..........................................................


THE VICTORIA CLIMATE NORMALS FOR TOMORROW
                         NORMAL    RECORD    YEAR
 MAXIMUM TEMPERATURE (F)   90       103      1912
 MINIMUM TEMPERATURE (F)   68        51      1903


SUNRISE AND SUNSET
SEPTEMBER 18 2014.....SUNRISE   714 AM CDT   SUNSET   729 PM CDT
SEPTEMBER 19 2014.....SUNRISE   715 AM CDT   SUNSET   728 PM CDT


-  INDICATES NEGATIVE NUMBERS.
R  INDICATES RECORD WAS SET OR TIED.
MM INDICATES DATA IS MISSING.
T  INDICATES TRACE AMOUNT.


$$

87
