000
CDUS44 KCRP 290052 RRA
CLIVCT

CLIMATE REPORT
NATIONAL WEATHER SERVICE CORPUS CHRISTI TX
748 PM CDT SAT MAY 28 2016


...................................

...THE VICTORIA CLIMATE SUMMARY FOR MAY 28 2016...
VALID TODAY AS OF 700 PM LOCAL TIME.

CLIMATE NORMAL PERIOD 1981 TO 2010
CLIMATE RECORD PERIOD 1893 TO 2016


WEATHER ITEM   OBSERVED TIME   RECORD YEAR NORMAL DEPARTURE LAST
                VALUE   (LST)  VALUE       VALUE  FROM      YEAR
                                                  NORMAL
..................................................................
TEMPERATURE (F)
 TODAY
  MAXIMUM         89    102 PM  97    1939  89      0       89
                                      1922
  MINIMUM         68   1201 AM  56    1934  70     -2       74
  AVERAGE         79                        79      0       82

PRECIPITATION (IN)
  TODAY            0.00          5.39 2006   0.17  -0.17      T
  MONTH TO DATE    4.61                      4.68  -0.07     7.19
  SINCE MAR 1     13.52                     10.27   3.25    22.37
  SINCE JAN 1     18.46                     14.87   3.59    26.42

SNOWFALL (IN)
  TODAY            0.0
  MONTH TO DATE    0.0
  SINCE MAR 1      0.0
  SINCE JUL 1      0.0
  SNOW DEPTH       0

DEGREE DAYS
 HEATING
  TODAY            0                         0      0        0
  MONTH TO DATE    0                         0      0        0
  SINCE MAR 1     63                       155    -92      140
  SINCE JUL 1    913                      1248   -335     1220

 COOLING
  TODAY           14                        14      0       17
  MONTH TO DATE  318                       325     -7      354
  SINCE MAR 1    634                       576     58      646
  SINCE JAN 1    669                       614     55      661
..................................................................


WIND (MPH)
  HIGHEST WIND SPEED    22   HIGHEST WIND DIRECTION     S (160)
  HIGHEST GUST SPEED    28   HIGHEST GUST DIRECTION     S (170)


SKY COVER
  POSSIBLE SUNSHINE  MM
  AVERAGE SKY COVER 0.4


WEATHER CONDITIONS
 THE FOLLOWING WEATHER WAS RECORDED TODAY.
  FOG


RELATIVE HUMIDITY (PERCENT)
 HIGHEST   100           300 AM
 LOWEST     61           500 PM
 AVERAGE    81

..........................................................


THE VICTORIA CLIMATE NORMALS FOR TOMORROW
                         NORMAL    RECORD    YEAR
 MAXIMUM TEMPERATURE (F)   89        98      1998
                                             1912
 MINIMUM TEMPERATURE (F)   70        60      1961
                                             1917


SUNRISE AND SUNSET
MAY 28 2016...........SUNRISE   630 AM CDT   SUNSET   820 PM CDT
MAY 29 2016...........SUNRISE   630 AM CDT   SUNSET   820 PM CDT


-  INDICATES NEGATIVE NUMBERS.
R  INDICATES RECORD WAS SET OR TIED.
MM INDICATES DATA IS MISSING.
T  INDICATES TRACE AMOUNT.




$$
