000
CDUS44 KCRP 210728
CLIVCT

CLIMATE REPORT
NATIONAL WEATHER SERVICE CORPUS CHRISTI TX
228 AM CDT SAT OCT 21 2017


...THE VICTORIA CLIMATE SUMMARY FOR OCTOBER 20 2017...

CLIMATE NORMAL PERIOD 1981 TO 2010
CLIMATE RECORD PERIOD 1893 TO 2017


WEATHER ITEM   OBSERVED TIME   RECORD YEAR NORMAL DEPARTURE LAST
                VALUE   (LST)  VALUE       VALUE  FROM      YEAR
                                                  NORMAL
..................................................................
TEMPERATURE (F)
 YESTERDAY
  MAXIMUM         88    219 PM  93    1947  83      5       88
                                      1939
  MINIMUM         68    633 AM  38    1976  60      8       66
                                      1964
  AVERAGE         78                        71      7       77

PRECIPITATION (IN)
  YESTERDAY        0.01          2.25 1993   0.17  -0.16     0.04
  MONTH TO DATE    0.08                      3.06  -2.98     0.05
  SINCE SEP 1      3.20                      7.22  -4.02     2.60
  SINCE JAN 1     43.60                     34.09   9.51    32.18

SNOWFALL (IN)
  YESTERDAY        0.0
  MONTH TO DATE    0.0
  SINCE SEP 1      0.0
  SINCE JUL 1      0.0
  SNOW DEPTH       0

DEGREE DAYS
 HEATING
  YESTERDAY        0                         1     -1        0
  MONTH TO DATE    0                         5     -5        0
  SINCE SEP 1      0                         6     -6        0
  SINCE JUL 1      0                         6     -6        0

 COOLING
  YESTERDAY       13                         7      6       12
  MONTH TO DATE  231                       179     52      241
  SINCE SEP 1    683                       624     59      742
  SINCE JAN 1   3516                      2977    539     3229
..................................................................


WIND (MPH)
  HIGHEST WIND SPEED    13   HIGHEST WIND DIRECTION    SE (140)
  HIGHEST GUST SPEED    15   HIGHEST GUST DIRECTION    SE (140)
  AVERAGE WIND SPEED     6.5


SKY COVER
  POSSIBLE SUNSHINE  MM
  AVERAGE SKY COVER 0.4


WEATHER CONDITIONS
 THE FOLLOWING WEATHER WAS RECORDED YESTERDAY.
  THUNDERSTORM
  FOG


RELATIVE HUMIDITY (PERCENT)
 HIGHEST    97           200 AM
 LOWEST     45           100 PM
 AVERAGE    71

..........................................................


THE VICTORIA CLIMATE NORMALS FOR TODAY
                         NORMAL    RECORD    YEAR
 MAXIMUM TEMPERATURE (F)   82        96      1926
 MINIMUM TEMPERATURE (F)   60        41      1976
                                             1916


SUNRISE AND SUNSET
OCTOBER 21 2017.......SUNRISE   733 AM CDT   SUNSET   651 PM CDT
OCTOBER 22 2017.......SUNRISE   733 AM CDT   SUNSET   650 PM CDT


-  INDICATES NEGATIVE NUMBERS.
R  INDICATES RECORD WAS SET OR TIED.
MM INDICATES DATA IS MISSING.
T  INDICATES TRACE AMOUNT.

$$

TMT
