000
CDUS44 KCRP 220713
CLIVCT

CLIMATE REPORT
NATIONAL WEATHER SERVICE CORPUS CHRISTI TX
212 AM CDT WED OCT 22 2014

...................................

...THE VICTORIA CLIMATE SUMMARY FOR OCTOBER 21 2014...

CLIMATE NORMAL PERIOD 1981 TO 2010
CLIMATE RECORD PERIOD 1893 TO 2014


WEATHER ITEM   OBSERVED TIME   RECORD YEAR NORMAL DEPARTURE LAST
                VALUE   (LST)  VALUE       VALUE  FROM      YEAR
                                                  NORMAL
..................................................................
TEMPERATURE (F)
 YESTERDAY
  MAXIMUM         88    255 PM  96    1926  82      6       82
  MINIMUM         59   1115 PM  41    1976  60     -1       62
                                      1916
  AVERAGE         74                        71      3       72

PRECIPITATION (IN)
  YESTERDAY        0.00          1.73 1983   0.17  -0.17     0.05
  MONTH TO DATE    1.84                      3.23  -1.39     3.03
  SINCE SEP 1      4.56                      7.39  -2.83     7.98
  SINCE JAN 1     23.45                     34.26 -10.81    22.90

SNOWFALL (IN)
  YESTERDAY        0.0
  MONTH TO DATE    0.0
  SINCE SEP 1      0.0
  SINCE JUL 1      0.0
  SNOW DEPTH       0

DEGREE DAYS
 HEATING
  YESTERDAY        0                         1     -1        0
  MONTH TO DATE    0                         6     -6        4
  SINCE SEP 1      0                         7     -7        4
  SINCE JUL 1      0                         7     -7        4

 COOLING
  YESTERDAY        9                         7      2        7
  MONTH TO DATE  258                       186     72      209
  SINCE SEP 1    796                       631    165      745
  SINCE JAN 1   3362                      2984    378     3239
..................................................................


WIND (MPH)
  HIGHEST WIND SPEED    14   HIGHEST WIND DIRECTION     E (70)
  HIGHEST GUST SPEED    18   HIGHEST GUST DIRECTION     E (80)
  AVERAGE WIND SPEED     6.8


SKY COVER
  POSSIBLE SUNSHINE  MM
  AVERAGE SKY COVER 0.0


WEATHER CONDITIONS
 THE FOLLOWING WEATHER WAS RECORDED YESTERDAY.
  FOG


RELATIVE HUMIDITY (PERCENT)
 HIGHEST   100           500 AM
 LOWEST     29           300 PM
 AVERAGE    65

..........................................................


THE VICTORIA CLIMATE NORMALS FOR TODAY
                         NORMAL    RECORD    YEAR
 MAXIMUM TEMPERATURE (F)   82       101      1926
 MINIMUM TEMPERATURE (F)   59        40      1910


SUNRISE AND SUNSET
OCTOBER 22 2014.......SUNRISE   733 AM CDT   SUNSET   651 PM CDT
OCTOBER 23 2014.......SUNRISE   734 AM CDT   SUNSET   650 PM CDT


-  INDICATES NEGATIVE NUMBERS.
R  INDICATES RECORD WAS SET OR TIED.
MM INDICATES DATA IS MISSING.
T  INDICATES TRACE AMOUNT.

$$
