000
CDUS43 KSGF 030700
CLIVIH


CLIMATE REPORT
NATIONAL WEATHER SERVICE SPRINGFIELD MO
159 AM CDT THU SEP 3 2015


...................................

...THE VICHY-ROLLA MO CLIMATE SUMMARY FOR SEPTEMBER 2 2015...

CLIMATE NORMAL PERIOD 1981 TO 2010
CLIMATE RECORD PERIOD 1888 TO 2015


WEATHER ITEM   OBSERVED TIME   RECORD YEAR NORMAL DEPARTURE LAST
                VALUE   (LST)  VALUE       VALUE  FROM      YEAR
                                                  NORMAL
..................................................................
TEMPERATURE (F)
 YESTERDAY
  MAXIMUM         91    131 PM  99    1899  84      7       MM
  MINIMUM         69    539 AM  49    1974  62      7       MM
  AVERAGE         80                        73      7       MM

PRECIPITATION (IN)
  YESTERDAY        0.00          1.35 1958   0.14  -0.14     0.71
  MONTH TO DATE    0.00                      0.28  -0.28     1.24
  SINCE SEP 1      0.00                      0.28  -0.28     1.24
  SINCE JAN 1     29.26                     29.83  -0.57    18.54

DEGREE DAYS
 HEATING
  YESTERDAY        0                         0      0       MM
  MONTH TO DATE    0                         0      0        0
  SINCE SEP 1      0                         0      0        0
  SINCE JUL 1      2                         3     -1        3

 COOLING
  YESTERDAY       15                         8      7       MM
  MONTH TO DATE   30                        16     14        9
  SINCE SEP 1     30                        16     14        9
  SINCE JAN 1   1045                      1093    -48     1048
..................................................................


WIND (MPH)
  HIGHEST WIND SPEED    14   HIGHEST WIND DIRECTION     S (190)
  HIGHEST GUST SPEED    18   HIGHEST GUST DIRECTION    SE (150)
  AVERAGE WIND SPEED     7.5


SKY COVER
  AVERAGE SKY COVER 0.0


WEATHER CONDITIONS
 THE FOLLOWING WEATHER WAS RECORDED YESTERDAY.
  HAZE


RELATIVE HUMIDITY (PERCENT)
 HIGHEST    93           100 AM
 LOWEST     44           100 PM
 AVERAGE    69

..........................................................


THE VICHY-ROLLA MO CLIMATE NORMALS FOR TODAY
                         NORMAL    RECORD    YEAR
 MAXIMUM TEMPERATURE (F)   84       100      1897
 MINIMUM TEMPERATURE (F)   62        44      1974


SUNRISE AND SUNSET
SEPTEMBER  3 2015.....SUNRISE   638 AM CDT   SUNSET   734 PM CDT
SEPTEMBER  4 2015.....SUNRISE   639 AM CDT   SUNSET   732 PM CDT


-  INDICATES NEGATIVE NUMBERS.
R  INDICATES RECORD WAS SET OR TIED.
MM INDICATES DATA IS MISSING.
T  INDICATES TRACE AMOUNT.




$$
