000
CDUS42 KTAE 210624
CLIVLD


CLIMATE REPORT
NATIONAL WEATHER SERVICE TALLAHASSEE FL
221 AM EDT MON APR 21 2014

...................................

...THE VALDOSTA CLIMATE SUMMARY FOR APRIL 20 2014...

CLIMATE NORMAL PERIOD 1981 TO 2010
CLIMATE RECORD PERIOD 1948 TO 2014


WEATHER ITEM   OBSERVED TIME   NORMAL DEPARTURE LAST
                VALUE   (LST)  VALUE  FROM      YEAR
                                      NORMAL
......................................................
TEMPERATURE (F)
 YESTERDAY
  MAXIMUM         65    452 PM  80    -15       70
  MINIMUM         55   1159 PM  53      2       51
  AVERAGE         60            67     -7       61

PRECIPITATION (IN)
  YESTERDAY        T             0.09  -0.09     0.23
  MONTH TO DATE    8.20          2.14   6.06     5.02
  SINCE MAR 1     12.36          7.01   5.35     7.31
  SINCE JAN 1     18.50         15.74   2.76    13.46

DEGREE DAYS
 HEATING
  YESTERDAY        5             2      3        4
  MONTH TO DATE   28            57    -29       19
  SINCE MAR 1    187           243    -56      293
  SINCE JUL 1   1238          1623   -385     1162

 COOLING
  YESTERDAY        0             3     -3        0
  MONTH TO DATE   81            49     32      107
  SINCE MAR 1    114            82     32      133
  SINCE JAN 1    146            92     54      210
......................................................


WIND (MPH)
  HIGHEST WIND SPEED    16   HIGHEST WIND DIRECTION     N (20)
  HIGHEST GUST SPEED    20   HIGHEST GUST DIRECTION     N (20)
  AVERAGE WIND SPEED     7.0




RELATIVE HUMIDITY (PERCENT)
 HIGHEST    86
 LOWEST     67
 AVERAGE    77

..........................................................



SUNRISE AND SUNSET
APRIL 21 2014.........SUNRISE   659 AM EDT   SUNSET   805 PM EDT
APRIL 22 2014.........SUNRISE   658 AM EDT   SUNSET   806 PM EDT


-  INDICATES NEGATIVE NUMBERS.
R  INDICATES RECORD WAS SET OR TIED.
MM INDICATES DATA IS MISSING.
T  INDICATES TRACE AMOUNT.

$$
