000
CDUS42 KTAE 040648
CLIVLD


CLIMATE REPORT
NATIONAL WEATHER SERVICE TALLAHASSEE FL
247 AM EDT TUE AUG 4 2015


...................................

...THE VALDOSTA CLIMATE SUMMARY FOR AUGUST 3 2015...

CLIMATE NORMAL PERIOD 1981 TO 2010
CLIMATE RECORD PERIOD 1948 TO 2015


WEATHER ITEM   OBSERVED TIME   NORMAL DEPARTURE LAST
                VALUE   (LST)  VALUE  FROM      YEAR
                                      NORMAL
......................................................
TEMPERATURE (F)
 YESTERDAY
  MAXIMUM         90    353 PM  92     -2       95
  MINIMUM         75    737 AM  72      3       75
  AVERAGE         83            82      1       85

PRECIPITATION (IN)
  YESTERDAY        0.05          0.21  -0.16     0.07
  MONTH TO DATE    0.91          0.64   0.27     1.08
  SINCE JUN 1     14.11         13.33   0.78     7.16
  SINCE JAN 1     32.67         32.33   0.34    30.43

DEGREE DAYS
 COOLING
  YESTERDAY       18            17      1       20
  MONTH TO DATE   52            51      1       61
  SINCE JUN 1   1100           991    109     1225
  SINCE JAN 1   1747          1403    344     1828
......................................................


WIND (MPH)
  HIGHEST WIND SPEED     9   HIGHEST WIND DIRECTION     N (10)
  HIGHEST GUST SPEED    MM   HIGHEST GUST DIRECTION    MM
  AVERAGE WIND SPEED     4.7




RELATIVE HUMIDITY (PERCENT)
 HIGHEST   100
 LOWEST     60
 AVERAGE    80

..........................................................




SUNRISE AND SUNSET
AUGUST  4 2015........SUNRISE   652 AM EDT   SUNSET   826 PM EDT
AUGUST  5 2015........SUNRISE   653 AM EDT   SUNSET   825 PM EDT


-  INDICATES NEGATIVE NUMBERS.
R  INDICATES RECORD WAS SET OR TIED.
MM INDICATES DATA IS MISSING.
T  INDICATES TRACE AMOUNT.




$$
