000
CDUS42 KTAE 180633
CLIVLD


CLIMATE REPORT
NATIONAL WEATHER SERVICE TALLAHASSEE FL
233 AM EDT FRI AUG 18 2017


...................................

...THE VALDOSTA CLIMATE SUMMARY FOR AUGUST 17 2017...

CLIMATE NORMAL PERIOD 1981 TO 2010
CLIMATE RECORD PERIOD 1948 TO 2017


WEATHER ITEM   OBSERVED TIME   NORMAL DEPARTURE LAST
                VALUE   (LST)  VALUE  FROM      YEAR
                                      NORMAL
......................................................
TEMPERATURE (F)
 YESTERDAY
  MAXIMUM         96    332 PM  91      5       94
  MINIMUM         74    626 AM  71      3       74
  AVERAGE         85            81      4       84

PRECIPITATION (IN)
  YESTERDAY        0.00          0.17  -0.17     0.00
  MONTH TO DATE    2.92          3.08  -0.16     1.28
  SINCE JUN 1     15.09         15.77  -0.68    19.39
  SINCE JAN 1     30.88         34.77  -3.89    43.69

DEGREE DAYS
 COOLING
  YESTERDAY       20            16      4       19
  MONTH TO DATE  274           279     -5      287
  SINCE JUN 1   1203          1219    -16     1362
  SINCE JAN 1   1744          1631    113     1872
......................................................


WIND (MPH)
  HIGHEST WIND SPEED    10   HIGHEST WIND DIRECTION     S (170)
  HIGHEST GUST SPEED    14   HIGHEST GUST DIRECTION    NW (330)
  AVERAGE WIND SPEED     2.3




RELATIVE HUMIDITY (PERCENT)
 HIGHEST   100
 LOWEST     52
 AVERAGE    76

..........................................................




SUNRISE AND SUNSET
AUGUST 18 2017........SUNRISE   701 AM EDT   SUNSET   812 PM EDT
AUGUST 19 2017........SUNRISE   702 AM EDT   SUNSET   811 PM EDT


-  INDICATES NEGATIVE NUMBERS.
R  INDICATES RECORD WAS SET OR TIED.
MM INDICATES DATA IS MISSING.
T  INDICATES TRACE AMOUNT.




$$
