000
CDUS42 KTAE 010634
CLIVLD


CLIMATE REPORT
NATIONAL WEATHER SERVICE TALLAHASSEE FL
233 AM EDT WED JUL 1 2015


...................................

...THE VALDOSTA CLIMATE SUMMARY FOR JUNE 30 2015...

CLIMATE NORMAL PERIOD 1981 TO 2010
CLIMATE RECORD PERIOD 1948 TO 2015


WEATHER ITEM   OBSERVED TIME   NORMAL DEPARTURE LAST
                VALUE   (LST)  VALUE  FROM      YEAR
                                      NORMAL
......................................................
TEMPERATURE (F)
 YESTERDAY
  MAXIMUM         90   1146 AM  92     -2      100
  MINIMUM         67   1153 PM  70     -3       76
  AVERAGE         79            81     -2       88

PRECIPITATION (IN)
  YESTERDAY        0.23          0.14   0.09     0.07
  MONTH TO DATE    3.12          6.06  -2.94     2.24
  SINCE JUN 1      3.12          6.06  -2.94     2.24
  SINCE JAN 1     21.68         25.06  -3.38    25.51

DEGREE DAYS
 COOLING
  YESTERDAY       14            16     -2       23
  MONTH TO DATE  479           432     47      562
  SINCE JUN 1    479           432     47      562
  SINCE JAN 1   1126           844    282     1165
......................................................


WIND (MPH)
  HIGHEST WIND SPEED    12   HIGHEST WIND DIRECTION    SW (210)
  HIGHEST GUST SPEED    23   HIGHEST GUST DIRECTION    NW (320)
  AVERAGE WIND SPEED     3.3




RELATIVE HUMIDITY (PERCENT)
 HIGHEST   100
 LOWEST     68
 AVERAGE    84

..........................................................




SUNRISE AND SUNSET
JULY  1 2015..........SUNRISE   634 AM EDT   SUNSET   840 PM EDT
JULY  2 2015..........SUNRISE   634 AM EDT   SUNSET   840 PM EDT


-  INDICATES NEGATIVE NUMBERS.
R  INDICATES RECORD WAS SET OR TIED.
MM INDICATES DATA IS MISSING.
T  INDICATES TRACE AMOUNT.




$$
