000
CDUS42 KTAE 300649
CLIVLD


CLIMATE REPORT
NATIONAL WEATHER SERVICE TALLAHASSEE FL
149 AM EST FRI JAN 30 2015


...................................

...THE VALDOSTA CLIMATE SUMMARY FOR JANUARY 29 2015...

CLIMATE NORMAL PERIOD 1981 TO 2010
CLIMATE RECORD PERIOD 1948 TO 2015


WEATHER ITEM   OBSERVED TIME   NORMAL DEPARTURE LAST
                VALUE   (LST)  VALUE  FROM      YEAR
                                      NORMAL
......................................................
TEMPERATURE (F)
 YESTERDAY
  MAXIMUM         66    406 PM  63      3       41
  MINIMUM         31    747 AM  39     -8       34
  AVERAGE         49            51     -2       38

PRECIPITATION (IN)
  YESTERDAY        0.00          0.13  -0.13     0.52
  MONTH TO DATE    4.56          4.31   0.25     2.62
  SINCE DEC 1      8.66          7.48   1.18     7.16
  SINCE JAN 1      4.56          4.31   0.25     2.62

DEGREE DAYS
 HEATING
  YESTERDAY       16            14      2       27
  MONTH TO DATE  370           431    -61      452
  SINCE DEC 1    642           813   -171      650
  SINCE JUL 1   1009          1044    -35      816
......................................................


WIND (MPH)
  HIGHEST WIND SPEED    14   HIGHEST WIND DIRECTION     S (170)
  HIGHEST GUST SPEED    17   HIGHEST GUST DIRECTION     S (170)
  AVERAGE WIND SPEED     3.4




RELATIVE HUMIDITY (PERCENT)
 HIGHEST    96
 LOWEST     28
 AVERAGE    62

..........................................................




SUNRISE AND SUNSET
JANUARY 30 2015.......SUNRISE   726 AM EST   SUNSET   607 PM EST
JANUARY 31 2015.......SUNRISE   725 AM EST   SUNSET   608 PM EST


-  INDICATES NEGATIVE NUMBERS.
R  INDICATES RECORD WAS SET OR TIED.
MM INDICATES DATA IS MISSING.
T  INDICATES TRACE AMOUNT.




$$
