000
CDUS42 KTAE 250638
CLIVLD


CLIMATE REPORT
NATIONAL WEATHER SERVICE TALLAHASSEE FL
237 AM EDT FRI JUL 25 2014


...................................

...THE VALDOSTA CLIMATE SUMMARY FOR JULY 24 2014...

CLIMATE NORMAL PERIOD 1981 TO 2010
CLIMATE RECORD PERIOD 1948 TO 2014


WEATHER ITEM   OBSERVED TIME   NORMAL DEPARTURE LAST
                VALUE   (LST)  VALUE  FROM      YEAR
                                      NORMAL
......................................................
TEMPERATURE (F)
 YESTERDAY
  MAXIMUM         96    322 PM  92      4       92
  MINIMUM         73    610 AM  71      2       73
  AVERAGE         85            82      3       83

PRECIPITATION (IN)
  YESTERDAY        0.00          0.24  -0.24     0.91
  MONTH TO DATE    3.69          5.12  -1.43     7.66
  SINCE JUN 1      5.93         11.18  -5.25    11.45
  SINCE JAN 1     29.20         30.18  -0.98    25.99

DEGREE DAYS
 COOLING
  YESTERDAY       20            17      3       18
  MONTH TO DATE  461           391     70      429
  SINCE JUN 1   1023           823    200      982
  SINCE JAN 1   1626          1235    391     1544
......................................................


WIND (MPH)
  HIGHEST WIND SPEED    10   HIGHEST WIND DIRECTION    SW (210)
  HIGHEST GUST SPEED    18   HIGHEST GUST DIRECTION     S (190)
  AVERAGE WIND SPEED     2.2




RELATIVE HUMIDITY (PERCENT)
 HIGHEST    87
 LOWEST     42
 AVERAGE    65

..........................................................




SUNRISE AND SUNSET
JULY 25 2014..........SUNRISE   646 AM EDT   SUNSET   833 PM EDT
JULY 26 2014..........SUNRISE   647 AM EDT   SUNSET   832 PM EDT


-  INDICATES NEGATIVE NUMBERS.
R  INDICATES RECORD WAS SET OR TIED.
MM INDICATES DATA IS MISSING.
T  INDICATES TRACE AMOUNT.




$$
