992
CDUS42 KTAE 070638
CLIVLD


CLIMATE REPORT
NATIONAL WEATHER SERVICE TALLAHASSEE FL
138 AM EST SUN FEB 7 2016


...................................

...THE VALDOSTA CLIMATE SUMMARY FOR FEBRUARY 6 2016...

CLIMATE NORMAL PERIOD 1981 TO 2010
CLIMATE RECORD PERIOD 1948 TO 2016


WEATHER ITEM   OBSERVED TIME   NORMAL DEPARTURE LAST
                VALUE   (LST)  VALUE  FROM      YEAR
                                      NORMAL
......................................................
TEMPERATURE (F)
 YESTERDAY
  MAXIMUM         55    146 PM  65    -10       57
  MINIMUM         34    143 AM  40     -6       33
  AVERAGE         45            52     -7       45

PRECIPITATION (IN)
  YESTERDAY        0.03          0.07  -0.04     0.00
  MONTH TO DATE    3.09          0.35   2.74     0.85
  SINCE DEC 1      9.49          8.09   1.40     9.51
  SINCE JAN 1      6.98          4.92   2.06     5.41

DEGREE DAYS
 HEATING
  YESTERDAY       20            13      7       20
  MONTH TO DATE   52            80    -28       94
  SINCE DEC 1    621           918   -297      787
  SINCE JUL 1    697          1149   -452     1154
......................................................


WIND (MPH)
  HIGHEST WIND SPEED    17   HIGHEST WIND DIRECTION     N (20)
  HIGHEST GUST SPEED    23   HIGHEST GUST DIRECTION     N (10)
  AVERAGE WIND SPEED     7.7




RELATIVE HUMIDITY (PERCENT)
 HIGHEST    92
 LOWEST     50
 AVERAGE    71

..........................................................




SUNRISE AND SUNSET
FEBRUARY  7 2016......SUNRISE   721 AM EST   SUNSET   614 PM EST
FEBRUARY  8 2016......SUNRISE   720 AM EST   SUNSET   615 PM EST


-  INDICATES NEGATIVE NUMBERS.
R  INDICATES RECORD WAS SET OR TIED.
MM INDICATES DATA IS MISSING.
T  INDICATES TRACE AMOUNT.




$$
