000
CDUS42 KTAE 242133
CLIVLD


CLIMATE REPORT
NATIONAL WEATHER SERVICE TALLAHASSEE FL
533 PM EDT SAT JUN 24 2017


...................................

...THE VALDOSTA CLIMATE SUMMARY FOR JUNE 24 2017...
VALID TODAY AS OF 0500 PM LOCAL TIME.

CLIMATE NORMAL PERIOD 1981 TO 2010
CLIMATE RECORD PERIOD 1948 TO 2017


WEATHER ITEM   OBSERVED TIME   NORMAL DEPARTURE LAST
                VALUE   (LST)  VALUE  FROM      YEAR
                                      NORMAL
......................................................
TEMPERATURE (F)
 TODAY
  MAXIMUM         93    317 PM  91      2       94
  MINIMUM         70    403 AM  70      0       71
  AVERAGE         82            80      2       83

PRECIPITATION (IN)
  TODAY            0.00          0.20  -0.20     0.00
  MONTH TO DATE    7.49          5.10   2.39     7.77
  SINCE JUN 1      7.49          5.10   2.39     7.77
  SINCE JAN 1     23.28         24.10  -0.82    32.07

......................................................







THE VALDOSTA CLIMATE NORMALS FOR TOMORROW
                         NORMAL
 MAXIMUM TEMPERATURE (F)   91
 MINIMUM TEMPERATURE (F)   70



-  INDICATES NEGATIVE NUMBERS.
R  INDICATES RECORD WAS SET OR TIED.
MM INDICATES DATA IS MISSING.
T  INDICATES TRACE AMOUNT.




$$
