000
CDUS42 KTAE 160654
CLIVLD


CLIMATE REPORT
NATIONAL WEATHER SERVICE TALLAHASSEE FL
249 AM EDT TUE SEP 16 2014


...................................

...THE VALDOSTA CLIMATE SUMMARY FOR SEPTEMBER 15 2014...

CLIMATE NORMAL PERIOD 1981 TO 2010
CLIMATE RECORD PERIOD 1948 TO 2014


WEATHER ITEM   OBSERVED TIME   NORMAL DEPARTURE LAST
                VALUE   (LST)  VALUE  FROM      YEAR
                                      NORMAL
......................................................
TEMPERATURE (F)
 YESTERDAY
  MAXIMUM         91    123 PM  88      3       97
  MINIMUM         72    636 AM  67      5       74
  AVERAGE         82            78      4       86

PRECIPITATION (IN)
  YESTERDAY        0.11          0.18  -0.07      T
  MONTH TO DATE    5.51          2.60   2.91     0.14
  SINCE SEP 1      5.51          2.60   2.91     0.14
  SINCE JAN 1     40.94         39.63   1.31    34.30

DEGREE DAYS
 HEATING
  YESTERDAY        0             0      0        0
  MONTH TO DATE    0             0      0        0
  SINCE SEP 1      0             0      0        0
  SINCE JUL 1      0             0      0        0

 COOLING
  YESTERDAY       17            13      4       21
  MONTH TO DATE  249           211     38      254
  SINCE SEP 1    249           211     38      254
  SINCE JAN 1   2610          2065    545     2528
......................................................


WIND (MPH)
  HIGHEST WIND SPEED    14   HIGHEST WIND DIRECTION     S (200)
  HIGHEST GUST SPEED    22   HIGHEST GUST DIRECTION     S (200)
  AVERAGE WIND SPEED     1.9




RELATIVE HUMIDITY (PERCENT)
 HIGHEST   100
 LOWEST     56
 AVERAGE    78

..........................................................




SUNRISE AND SUNSET
SEPTEMBER 16 2014.....SUNRISE   718 AM EDT   SUNSET   737 PM EDT
SEPTEMBER 17 2014.....SUNRISE   719 AM EDT   SUNSET   736 PM EDT


-  INDICATES NEGATIVE NUMBERS.
R  INDICATES RECORD WAS SET OR TIED.
MM INDICATES DATA IS MISSING.
T  INDICATES TRACE AMOUNT.




$$
