688
CDUS42 KTAE 190634
CLIVLD


CLIMATE REPORT
NATIONAL WEATHER SERVICE TALLAHASSEE FL
233 AM EDT THU OCT 19 2017


...................................

...THE VALDOSTA CLIMATE SUMMARY FOR OCTOBER 18 2017...

CLIMATE NORMAL PERIOD 1981 TO 2010
CLIMATE RECORD PERIOD 1948 TO 2017


WEATHER ITEM   OBSERVED TIME   NORMAL DEPARTURE LAST
                VALUE   (LST)  VALUE  FROM      YEAR
                                      NORMAL
......................................................
TEMPERATURE (F)
 YESTERDAY
  MAXIMUM         79    208 PM  80     -1       88
  MINIMUM         53    615 AM  56     -3       60
  AVERAGE         66            68     -2       74

PRECIPITATION (IN)
  YESTERDAY        0.00          0.10  -0.10     0.00
  MONTH TO DATE    2.84          1.85   0.99     0.46
  SINCE SEP 1      5.18          6.49  -1.31     6.07
  SINCE JAN 1     36.96         43.52  -6.56    50.40

DEGREE DAYS
 HEATING
  YESTERDAY        0             1     -1        0
  MONTH TO DATE    1             8     -7        0
  SINCE SEP 1      1             9     -8        0
  SINCE JUL 1      1             9     -8        0

 COOLING
  YESTERDAY        1             4     -3        9
  MONTH TO DATE  206           111     95      159
  SINCE SEP 1    546           482     64      607
  SINCE JAN 1   2529          2336    193     2737
......................................................


WIND (MPH)
  HIGHEST WIND SPEED    15   HIGHEST WIND DIRECTION    NE (30)
  HIGHEST GUST SPEED    20   HIGHEST GUST DIRECTION    NE (30)
  AVERAGE WIND SPEED     7.0




RELATIVE HUMIDITY (PERCENT)
 HIGHEST    93
 LOWEST     52
 AVERAGE    73

..........................................................




SUNRISE AND SUNSET
OCTOBER 19 2017.......SUNRISE   739 AM EDT   SUNSET   657 PM EDT
OCTOBER 20 2017.......SUNRISE   739 AM EDT   SUNSET   656 PM EDT


-  INDICATES NEGATIVE NUMBERS.
R  INDICATES RECORD WAS SET OR TIED.
MM INDICATES DATA IS MISSING.
T  INDICATES TRACE AMOUNT.




$$
