728
CDUS42 KTAE 300631
CLIVLD


CLIMATE REPORT
NATIONAL WEATHER SERVICE TALLAHASSEE FL
230 AM EDT SAT JUL 30 2016


...................................

...THE VALDOSTA CLIMATE SUMMARY FOR JULY 29 2016...

CLIMATE NORMAL PERIOD 1981 TO 2010
CLIMATE RECORD PERIOD 1948 TO 2016


WEATHER ITEM   OBSERVED TIME   NORMAL DEPARTURE LAST
                VALUE   (LST)  VALUE  FROM      YEAR
                                      NORMAL
......................................................
TEMPERATURE (F)
 YESTERDAY
  MAXIMUM         96    448 PM  92      4       95
  MINIMUM         73    610 AM  71      2       74
  AVERAGE         85            82      3       85

PRECIPITATION (IN)
  YESTERDAY        T             0.23  -0.23     0.50
  MONTH TO DATE    9.71          6.21   3.50     9.57
  SINCE JUN 1     18.11         12.27   5.84    12.70
  SINCE JAN 1     42.41         31.27  11.14    31.26

DEGREE DAYS
 COOLING
  YESTERDAY       20            17      3       20
  MONTH TO DATE  548           476     72      531
  SINCE JUN 1   1033           908    125     1032
  SINCE JAN 1   1543          1320    223     1679
......................................................


WIND (MPH)
  HIGHEST WIND SPEED    12   HIGHEST WIND DIRECTION     W (260)
  HIGHEST GUST SPEED    13   HIGHEST GUST DIRECTION    NW (310)
  AVERAGE WIND SPEED     2.4




RELATIVE HUMIDITY (PERCENT)
 HIGHEST   100
 LOWEST     43
 AVERAGE    72

..........................................................




SUNRISE AND SUNSET
JULY 30 2016..........SUNRISE   650 AM EDT   SUNSET   829 PM EDT
JULY 31 2016..........SUNRISE   650 AM EDT   SUNSET   828 PM EDT


-  INDICATES NEGATIVE NUMBERS.
R  INDICATES RECORD WAS SET OR TIED.
MM INDICATES DATA IS MISSING.
T  INDICATES TRACE AMOUNT.




$$
