000
CDUS42 KFFC 290818
CLIVPC


CLIMATE REPORT
NATIONAL WEATHER SERVICE PEACHTREE CITY GA
417 AM EDT FRI JUL 29 2016


...................................

...THE CARTERSVILLE CLIMATE SUMMARY FOR JULY 28 2016...

CLIMATE NORMAL PERIOD 1981 TO 2010
CLIMATE RECORD PERIOD 9999 TO 9999


WEATHER ITEM   OBSERVED TIME   RECORD YEAR NORMAL DEPARTURE LAST
                VALUE   (LST)  VALUE       VALUE  FROM      YEAR
                                                  NORMAL
..................................................................
TEMPERATURE (F)
 YESTERDAY
  MAXIMUM         90    334 PM  MM      MM  89      1       95
  MINIMUM         73   1040 PM  MM      MM  68      5       70
  AVERAGE         82                        79      3       83

PRECIPITATION (IN)
  YESTERDAY        0.14         MM      MM   0.10   0.04     0.00
  MONTH TO DATE    2.86                      4.35  -1.49     3.57
  SINCE JUN 1      8.30                      8.19   0.11     6.04
  SINCE JAN 1     24.82                     30.35  -5.53    24.14

DEGREE DAYS
 COOLING
  YESTERDAY       17                        14      3       18
  MONTH TO DATE  457                       372     85      397
  SINCE JUN 1    841                       667    174      767
  SINCE JAN 1   1034                       816    218      985
..................................................................


WIND (MPH)
  RESULTANT WIND SPEED   2   RESULTANT WIND DIRECTION  SE (140)
  HIGHEST WIND SPEED    12   HIGHEST WIND DIRECTION     S (190)
  HIGHEST GUST SPEED    18   HIGHEST GUST DIRECTION    SW (220)
  AVERAGE WIND SPEED     2.5


SKY COVER
  AVERAGE SKY COVER 0.5


WEATHER CONDITIONS
 THE FOLLOWING WEATHER WAS RECORDED YESTERDAY.
  THUNDERSTORM
  LIGHT RAIN
  FOG


RELATIVE HUMIDITY (PERCENT)
 HIGHEST   100          1000 PM
 LOWEST     55           300 PM
 AVERAGE    78

..........................................................


THE CARTERSVILLE CLIMATE NORMALS FOR TODAY
                         NORMAL    RECORD    YEAR
 MAXIMUM TEMPERATURE (F)   90        MM        MM
 MINIMUM TEMPERATURE (F)   68        MM        MM


SUNRISE AND SUNSET
JULY 29 2016..........SUNRISE   649 AM EDT   SUNSET   842 PM EDT
JULY 30 2016..........SUNRISE   650 AM EDT   SUNSET   842 PM EDT


-  INDICATES NEGATIVE NUMBERS.
R  INDICATES RECORD WAS SET OR TIED.
MM INDICATES DATA IS MISSING.
T  INDICATES TRACE AMOUNT.




$$
