000
CDUS42 KFFC 290819
CLIVPC


CLIMATE REPORT
NATIONAL WEATHER SERVICE PEACHTREE CITY GA
419 AM EDT MON MAY 29 2017


...................................

...THE CARTERSVILLE CLIMATE SUMMARY FOR MAY 28 2017...

CLIMATE NORMAL PERIOD 1981 TO 2010
CLIMATE RECORD PERIOD 9999 TO 9999


WEATHER ITEM   OBSERVED TIME   RECORD YEAR NORMAL DEPARTURE LAST
                VALUE   (LST)  VALUE       VALUE  FROM      YEAR
                                                  NORMAL
..................................................................
TEMPERATURE (F)
 YESTERDAY
  MAXIMUM         83    517 PM  MM      MM  83      0       87
  MINIMUM         62    234 AM  MM      MM  59      3       62
  AVERAGE         73                        71      2       75

PRECIPITATION (IN)
  YESTERDAY        1.12         MM      MM   0.13   0.99     0.00
  MONTH TO DATE    8.12                      3.64   4.48     2.63
  SINCE MAR 1     16.13                     12.27   3.86     7.95
  SINCE JAN 1     24.67                     21.77   2.90    16.39

DEGREE DAYS
 COOLING
  YESTERDAY        8                         6      2       10
  MONTH TO DATE  125                       105     20      112
  SINCE MAR 1    224                       130     94      161
  SINCE JAN 1    224                       130     94      161
..................................................................


WIND (MPH)
  RESULTANT WIND SPEED   2   RESULTANT WIND DIRECTION   E (100)
  HIGHEST WIND SPEED    18   HIGHEST WIND DIRECTION     N (360)
  HIGHEST GUST SPEED    23   HIGHEST GUST DIRECTION     N (10)
  AVERAGE WIND SPEED     3.1


SKY COVER
  AVERAGE SKY COVER 0.3


WEATHER CONDITIONS
 THE FOLLOWING WEATHER WAS RECORDED YESTERDAY.
  THUNDERSTORM
  HEAVY RAIN
  RAIN
  LIGHT RAIN
  FOG


RELATIVE HUMIDITY (PERCENT)
 HIGHEST   100           100 AM
 LOWEST     55           300 PM
 AVERAGE    78

..........................................................


THE CARTERSVILLE CLIMATE NORMALS FOR TODAY
                         NORMAL    RECORD    YEAR
 MAXIMUM TEMPERATURE (F)   83        MM        MM
 MINIMUM TEMPERATURE (F)   59        MM        MM


SUNRISE AND SUNSET
MAY 29 2017...........SUNRISE   630 AM EDT   SUNSET   844 PM EDT
MAY 30 2017...........SUNRISE   629 AM EDT   SUNSET   845 PM EDT


-  INDICATES NEGATIVE NUMBERS.
R  INDICATES RECORD WAS SET OR TIED.
MM INDICATES DATA IS MISSING.
T  INDICATES TRACE AMOUNT.




$$
