000
CDUS42 KFFC 250819
CLIVPC


CLIMATE REPORT
NATIONAL WEATHER SERVICE PEACHTREE CITY GA
419 AM EDT FRI JUL 25 2014


...................................

...THE CARTERSVILLE CLIMATE SUMMARY FOR JULY 24 2014...

CLIMATE NORMAL PERIOD 1981 TO 2010
CLIMATE RECORD PERIOD 9999 TO 9999


WEATHER ITEM   OBSERVED TIME   RECORD YEAR NORMAL DEPARTURE LAST
                VALUE   (LST)  VALUE       VALUE  FROM      YEAR
                                                  NORMAL
..................................................................
TEMPERATURE (F)
 YESTERDAY
  MAXIMUM         91    131 PM  MM      MM  89      2       84
  MINIMUM         70    620 AM  MM      MM  68      2       70
  AVERAGE         81                        79      2       77

PRECIPITATION (IN)
  YESTERDAY        0.40         MM      MM   0.14   0.26     0.00
  MONTH TO DATE    0.85                      3.90  -3.05     6.29
  SINCE JUN 1      5.09                      7.74  -2.65    12.52
  SINCE JAN 1     25.86                     29.90  -4.04    24.33

DEGREE DAYS
 COOLING
  YESTERDAY       16                        14      2       12
  MONTH TO DATE  290                       316    -26      291
  SINCE JUN 1    632                       611     21      624
  SINCE JAN 1    814                       760     54      749
..................................................................


WIND (MPH)
  RESULTANT WIND SPEED   1   RESULTANT WIND DIRECTION   E (110)
  HIGHEST WIND SPEED     9   HIGHEST WIND DIRECTION     S (200)
  HIGHEST GUST SPEED    17   HIGHEST GUST DIRECTION     N (350)
  AVERAGE WIND SPEED     1.5


SKY COVER
  AVERAGE SKY COVER 0.2


WEATHER CONDITIONS
 THE FOLLOWING WEATHER WAS RECORDED YESTERDAY.
  THUNDERSTORM
  HEAVY RAIN
  LIGHT RAIN
  FOG


RELATIVE HUMIDITY (PERCENT)
 HIGHEST   100           500 AM
 LOWEST     52           100 PM
 AVERAGE    76

..........................................................


THE CARTERSVILLE CLIMATE NORMALS FOR TODAY
                         NORMAL    RECORD    YEAR
 MAXIMUM TEMPERATURE (F)   89        MM        MM
 MINIMUM TEMPERATURE (F)   68        MM        MM


SUNRISE AND SUNSET
JULY 25 2014..........SUNRISE   646 AM EDT   SUNSET   846 PM EDT
JULY 26 2014..........SUNRISE   646 AM EDT   SUNSET   845 PM EDT


-  INDICATES NEGATIVE NUMBERS.
R  INDICATES RECORD WAS SET OR TIED.
MM INDICATES DATA IS MISSING.
T  INDICATES TRACE AMOUNT.




$$
