000
CDUS42 KFFC 260818
CLIVPC


CLIMATE REPORT
NATIONAL WEATHER SERVICE PEACHTREE CITY GA
417 AM EDT WED JUL 26 2017


...................................

...THE CARTERSVILLE CLIMATE SUMMARY FOR JULY 25 2017...

CLIMATE NORMAL PERIOD 1981 TO 2010
CLIMATE RECORD PERIOD 9999 TO 9999


WEATHER ITEM   OBSERVED TIME   RECORD YEAR NORMAL DEPARTURE LAST
                VALUE   (LST)  VALUE       VALUE  FROM      YEAR
                                                  NORMAL
..................................................................
TEMPERATURE (F)
 YESTERDAY
  MAXIMUM         93    505 PM  MM      MM  89      4       97
  MINIMUM         70    251 AM  MM      MM  68      2       70
  AVERAGE         82                        79      3       84

PRECIPITATION (IN)
  YESTERDAY        0.00         MM      MM   0.13  -0.13     0.49
  MONTH TO DATE    5.26                      4.03   1.23     2.68
  SINCE JUN 1     10.85                      7.87   2.98     8.12
  SINCE JAN 1     36.82                     30.03   6.79    24.64

DEGREE DAYS
 COOLING
  YESTERDAY       17                        14      3       19
  MONTH TO DATE  364                       330     34      406
  SINCE JUN 1    669                       625     44      790
  SINCE JAN 1    914                       774    140      983
..................................................................


WIND (MPH)
  RESULTANT WIND SPEED   1   RESULTANT WIND DIRECTION  SE (120)
  HIGHEST WIND SPEED    10   HIGHEST WIND DIRECTION     S (170)
  HIGHEST GUST SPEED    13   HIGHEST GUST DIRECTION     S (160)
  AVERAGE WIND SPEED     1.3


SKY COVER
  AVERAGE SKY COVER 0.4


WEATHER CONDITIONS
 THE FOLLOWING WEATHER WAS RECORDED YESTERDAY.
  FOG
  FOG W/VISIBILITY <= 1/4 MILE


RELATIVE HUMIDITY (PERCENT)
 HIGHEST   100          1200 AM
 LOWEST     52           500 PM
 AVERAGE    76

..........................................................


THE CARTERSVILLE CLIMATE NORMALS FOR TODAY
                         NORMAL    RECORD    YEAR
 MAXIMUM TEMPERATURE (F)   89        MM        MM
 MINIMUM TEMPERATURE (F)   68        MM        MM


SUNRISE AND SUNSET
JULY 26 2017..........SUNRISE   646 AM EDT   SUNSET   845 PM EDT
JULY 27 2017..........SUNRISE   647 AM EDT   SUNSET   844 PM EDT


-  INDICATES NEGATIVE NUMBERS.
R  INDICATES RECORD WAS SET OR TIED.
MM INDICATES DATA IS MISSING.
T  INDICATES TRACE AMOUNT.




$$
