000
CDUS42 KFFC 010819
CLIVPC


CLIMATE REPORT
NATIONAL WEATHER SERVICE PEACHTREE CITY GA
419 AM EDT SAT OCT 1 2016


...................................

...THE CARTERSVILLE CLIMATE SUMMARY FOR SEPTEMBER 30 2016...

CLIMATE NORMAL PERIOD 1981 TO 2010
CLIMATE RECORD PERIOD 9999 TO 9999


WEATHER ITEM   OBSERVED TIME   RECORD YEAR NORMAL DEPARTURE LAST
                VALUE   (LST)  VALUE       VALUE  FROM      YEAR
                                                  NORMAL
..................................................................
TEMPERATURE (F)
 YESTERDAY
  MAXIMUM         75    423 PM  MM      MM  78     -3       82
  MINIMUM         46    639 AM  MM      MM  54     -8       65
  AVERAGE         61                        66     -5       74

PRECIPITATION (IN)
  YESTERDAY        0.00         MM      MM   0.12  -0.12     0.00
  MONTH TO DATE    2.76                      3.62  -0.86     4.47
  SINCE SEP 1      2.76                      3.62  -0.86     4.47
  SINCE JAN 1     30.21                     38.21  -8.00    31.29

DEGREE DAYS
 HEATING
  YESTERDAY        4                         2      2        0
  MONTH TO DATE    4                        16    -12        8
  SINCE SEP 1      4                        18    -14        8
  SINCE JUL 1      4                        18    -14        8

 COOLING
  YESTERDAY        0                         3     -3        9
  MONTH TO DATE  366                       207    159      233
  SINCE SEP 1    366                       207    159      233
  SINCE JAN 1   1964                      1472    492     1681
..................................................................


WIND (MPH)
  RESULTANT WIND SPEED   1   RESULTANT WIND DIRECTION  NE (30)
  HIGHEST WIND SPEED     9   HIGHEST WIND DIRECTION     N (340)
  HIGHEST GUST SPEED    13   HIGHEST GUST DIRECTION     N (350)
  AVERAGE WIND SPEED     0.8


SKY COVER
  AVERAGE SKY COVER 0.1


WEATHER CONDITIONS
 THE FOLLOWING WEATHER WAS RECORDED YESTERDAY.
  NO SIGNIFICANT WEATHER WAS OBSERVED.


RELATIVE HUMIDITY (PERCENT)
 HIGHEST   100           600 AM
 LOWEST     35           200 PM
 AVERAGE    68

..........................................................


THE CARTERSVILLE CLIMATE NORMALS FOR TODAY
                         NORMAL    RECORD    YEAR
 MAXIMUM TEMPERATURE (F)   77        MM        MM
 MINIMUM TEMPERATURE (F)   54        MM        MM


SUNRISE AND SUNSET
OCTOBER  1 2016.......SUNRISE   734 AM EDT   SUNSET   723 PM EDT
OCTOBER  2 2016.......SUNRISE   735 AM EDT   SUNSET   722 PM EDT


-  INDICATES NEGATIVE NUMBERS.
R  INDICATES RECORD WAS SET OR TIED.
MM INDICATES DATA IS MISSING.
T  INDICATES TRACE AMOUNT.




$$
